157.245.63.62 - - [04/Aug/2026:08:29:02 -0700] "POST /wp-login.php HTTP/1.1" 200 6962 "https://www.salt.gov.jo/wp-login.php" "Mozilla/5.0 (Macintosh; Intel Mac OS X 13_6_1) AppleWebKit/605.1.15 (KHTML, like Gecko) Version/17.0 Safari/605.1.15" 3 **0/3040**
85.208.96.197 - - [04/Aug/2026:08:29:04 -0700] "GET /pgcandy/advertising/Announcement/61 HTTP/1.1" 404 6659 "-" "Mozilla/5.0 (compatible; SemrushBot/7~bl; +http://www.semrush.com/bot.html)" 79 **0/79344**
85.208.96.201 - - [04/Aug/2026:08:29:06 -0700] "GET /BOLA855/advertising/Announcement/20 HTTP/1.1" 404 6659 "-" "Mozilla/5.0 (compatible; SemrushBot/7~bl; +http://www.semrush.com/bot.html)" 57 **0/57160**
95.108.213.164 - - [04/Aug/2026:08:29:10 -0700] "GET /ufadna/advertising/Announcement/109 HTTP/2.0" 404 6659 "-" "Mozilla/5.0 (compatible; YandexBot/3.0; +http://yandex.com/bots)" 71 **0/71323**
157.245.63.62 - - [04/Aug/2026:08:29:12 -0700] "GET /wp-admin/index.php HTTP/1.1" 200 7029 "https://www.salt.gov.jo/wp-login.php" "Mozilla/5.0 (Windows NT 10.0; Win64; x64) AppleWebKit/537.36 (KHTML, like Gecko) Chrome/119.0.0.0 Safari/537.36" 3 **0/3409**
85.208.96.206 - - [04/Aug/2026:08:29:14 -0700] "GET /BOJEK567/advertising/Announcement/91 HTTP/1.1" 404 6659 "-" "Mozilla/5.0 (compatible; SemrushBot/7~bl; +http://www.semrush.com/bot.html)" 62 **0/62802**
185.191.171.3 - - [04/Aug/2026:08:29:22 -0700] "GET /putri88/advertising/Announcement/148 HTTP/1.1" 404 6659 "-" "Mozilla/5.0 (compatible; SemrushBot/7~bl; +http://www.semrush.com/bot.html)" 89 **0/89409**
157.245.63.62 - - [04/Aug/2026:08:29:24 -0700] "GET /wp-admin/profile.php HTTP/1.1" 200 7012 "https://www.salt.gov.jo/wp-login.php" "Mozilla/5.0 (Windows NT 10.0; Win64; x64) AppleWebKit/537.36 (KHTML, like Gecko) Chrome/119.0.0.0 Safari/537.36" 2 **0/2552**
185.191.171.16 - - [04/Aug/2026:08:29:29 -0700] "GET /hokipro99/Procedures-Guide HTTP/1.1" 404 6659 "-" "Mozilla/5.0 (compatible; SemrushBot/7~bl; +http://www.semrush.com/bot.html)" 67 **0/67936**
157.245.63.62 - - [04/Aug/2026:08:29:33 -0700] "GET /wp-admin/edit.php HTTP/1.1" 200 7056 "https://www.salt.gov.jo/wp-login.php" "Mozilla/5.0 (Windows NT 10.0; Win64; x64) AppleWebKit/537.36 (KHTML, like Gecko) Chrome/119.0.0.0 Safari/537.36" 3 **0/3092**
85.208.96.198 - - [04/Aug/2026:08:29:37 -0700] "GET /wuling88/advertising/Announcement/183 HTTP/1.1" 404 6659 "-" "Mozilla/5.0 (compatible; SemrushBot/7~bl; +http://www.semrush.com/bot.html)" 78 **0/78013**
185.191.171.3 - - [04/Aug/2026:08:29:38 -0700] "GET /s777/advertising/Announcement/150 HTTP/1.1" 404 6659 "-" "Mozilla/5.0 (compatible; SemrushBot/7~bl; +http://www.semrush.com/bot.html)" 59 **0/59498**
157.245.63.62 - - [04/Aug/2026:08:29:42 -0700] "GET /wp-admin/plugins.php HTTP/1.1" 200 7041 "https://www.salt.gov.jo/wp-login.php" "Mozilla/5.0 (Windows NT 10.0; Win64; x64) AppleWebKit/537.36 (KHTML, like Gecko) Chrome/119.0.0.0 Safari/537.36" 7 **0/7123**
85.208.96.207 - - [04/Aug/2026:08:29:43 -0700] "GET /ufabet361/advertising/Announcement/26 HTTP/1.1" 404 6659 "-" "Mozilla/5.0 (compatible; SemrushBot/7~bl; +http://www.semrush.com/bot.html)" 70 **0/70932**
207.46.13.83 - - [04/Aug/2026:08:29:48 -0700] "GET /pantip/Salt-Area/area/Yarqaa%20Area HTTP/2.0" 404 6659 "-" "Mozilla/5.0 AppleWebKit/537.36 (KHTML, like Gecko; compatible; bingbot/2.0; +http://www.bing.com/bingbot.htm) Chrome/116.0.1938.76 Safari/537.36" 92 **0/92818**
157.245.63.62 - - [04/Aug/2026:08:29:50 -0700] "POST /wp-login.php HTTP/1.1" 200 7066 "https://www.salt.gov.jo/wp-login.php" "Mozilla/5.0 (Macintosh; Intel Mac OS X 13_6_1) AppleWebKit/605.1.15 (KHTML, like Gecko) Version/16.6 Safari/605.1.15" 6 **0/6347**
185.191.171.8 - - [04/Aug/2026:08:29:52 -0700] "GET /ISTANAIMPIAN1/advertising/Announcements-and-Circulars HTTP/1.1" 404 6659 "-" "Mozilla/5.0 (compatible; SemrushBot/7~bl; +http://www.semrush.com/bot.html)" 78 **0/78605**
185.191.171.16 - - [04/Aug/2026:08:29:54 -0700] "GET /respin77/advertising/Announcement/84 HTTP/1.1" 404 6659 "-" "Mozilla/5.0 (compatible; SemrushBot/7~bl; +http://www.semrush.com/bot.html)" 62 **0/62018**
52.167.144.166 - - [04/Aug/2026:08:29:55 -0700] "GET /sakti99/Directorates/Initiatives-And-Events HTTP/2.0" 404 6659 "-" "Mozilla/5.0 AppleWebKit/537.36 (KHTML, like Gecko; compatible; bingbot/2.0; +http://www.bing.com/bingbot.htm) Chrome/116.0.1938.76 Safari/537.36" 67 **0/67115**
157.245.63.62 - - [04/Aug/2026:08:29:59 -0700] "GET /wp-admin/index.php HTTP/1.1" 200 7014 "https://www.salt.gov.jo/wp-login.php" "Mozilla/5.0 (Macintosh; Intel Mac OS X 10_15_7) AppleWebKit/537.36 (KHTML, like Gecko) Chrome/119.0.0.0 Safari/537.36" 3 **0/3145**
185.191.171.14 - - [04/Aug/2026:08:30:07 -0700] "GET /BOLAGG88/advertising/Announcement/82 HTTP/1.1" 404 6659 "-" "Mozilla/5.0 (compatible; SemrushBot/7~bl; +http://www.semrush.com/bot.html)" 103 **0/103005**
185.191.171.16 - - [04/Aug/2026:08:30:09 -0700] "GET /rumah88/advertising/Announcement/169 HTTP/1.1" 404 6659 "-" "Mozilla/5.0 (compatible; SemrushBot/7~bl; +http://www.semrush.com/bot.html)" 72 **0/72272**
185.191.171.18 - - [04/Aug/2026:08:30:10 -0700] "GET /robots.txt HTTP/1.1" 200 24 "-" "Mozilla/5.0 (compatible; SemrushBot/7~bl; +http://www.semrush.com/bot.html)" 9 **0/9680**
157.245.63.62 - - [04/Aug/2026:08:30:11 -0700] "GET /wp-admin/profile.php HTTP/1.1" 200 7018 "https://www.salt.gov.jo/wp-login.php" "Mozilla/5.0 (Macintosh; Intel Mac OS X 10_15_7) AppleWebKit/537.36 (KHTML, like Gecko) Chrome/119.0.0.0 Safari/537.36" 2 **0/2960**
185.191.171.8 - - [04/Aug/2026:08:30:12 -0700] "GET /BOLAWIN88/advertising/Announcement/118 HTTP/1.1" 404 6659 "-" "Mozilla/5.0 (compatible; SemrushBot/7~bl; +http://www.semrush.com/bot.html)" 67 **0/67403**
52.167.144.145 - - [04/Aug/2026:08:30:16 -0700] "GET /sana89/advertising/Announcement/191 HTTP/2.0" 404 6659 "-" "Mozilla/5.0 AppleWebKit/537.36 (KHTML, like Gecko; compatible; bingbot/2.0; +http://www.bing.com/bingbot.htm) Chrome/116.0.1938.76 Safari/537.36" 69 **0/69198**
52.167.144.145 - - [04/Aug/2026:08:30:16 -0700] "GET /LOKASI4D/advertising/Announcement/130 HTTP/2.0" 404 6659 "-" "Mozilla/5.0 AppleWebKit/537.36 (KHTML, like Gecko; compatible; bingbot/2.0; +http://www.bing.com/bingbot.htm) Chrome/116.0.1938.76 Safari/537.36" 57 **0/57061**
185.191.171.8 - - [04/Aug/2026:08:30:16 -0700] "GET /BOLA808/advertising/Announcement/127 HTTP/1.1" 404 6659 "-" "Mozilla/5.0 (compatible; SemrushBot/7~bl; +http://www.semrush.com/bot.html)" 61 **0/61109**
52.167.144.145 - - [04/Aug/2026:08:30:17 -0700] "GET /HOLY777/advertising/Announcement/123 HTTP/2.0" 404 6659 "-" "Mozilla/5.0 AppleWebKit/537.36 (KHTML, like Gecko; compatible; bingbot/2.0; +http://www.bing.com/bingbot.htm) Chrome/116.0.1938.76 Safari/537.36" 64 **0/64851**
185.191.171.16 - - [04/Aug/2026:08:30:17 -0700] "GET /rabbit77/advertising/Announcement/152 HTTP/1.1" 404 6659 "-" "Mozilla/5.0 (compatible; SemrushBot/7~bl; +http://www.semrush.com/bot.html)" 63 **0/63956**
157.55.39.61 - - [04/Aug/2026:08:30:21 -0700] "GET /KAYA303/advertising/Announcement/121 HTTP/2.0" 404 6659 "-" "Mozilla/5.0 AppleWebKit/537.36 (KHTML, like Gecko; compatible; bingbot/2.0; +http://www.bing.com/bingbot.htm) Chrome/116.0.1938.76 Safari/537.36" 70 **0/70504**
157.55.39.61 - - [04/Aug/2026:08:30:22 -0700] "GET /HOLY777/advertising/Announcement/9 HTTP/2.0" 404 6659 "-" "Mozilla/5.0 AppleWebKit/537.36 (KHTML, like Gecko; compatible; bingbot/2.0; +http://www.bing.com/bingbot.htm) Chrome/116.0.1938.76 Safari/537.36" 53 **0/53359**
185.191.171.6 - - [04/Aug/2026:08:30:23 -0700] "GET /BEJO88/advertising/Announcement/159 HTTP/1.1" 404 6659 "-" "Mozilla/5.0 (compatible; SemrushBot/7~bl; +http://www.semrush.com/bot.html)" 62 **0/62537**
157.245.63.62 - - [04/Aug/2026:08:30:23 -0700] "GET /wp-admin/edit.php HTTP/1.1" 200 7109 "https://www.salt.gov.jo/wp-login.php" "Mozilla/5.0 (Macintosh; Intel Mac OS X 10_15_7) AppleWebKit/537.36 (KHTML, like Gecko) Chrome/119.0.0.0 Safari/537.36" 2 **0/2952**
85.208.96.211 - - [04/Aug/2026:08:30:24 -0700] "GET /mulia99/advertising/Announcement/22 HTTP/1.1" 404 6659 "-" "Mozilla/5.0 (compatible; SemrushBot/7~bl; +http://www.semrush.com/bot.html)" 73 **0/73179**
52.167.144.145 - - [04/Aug/2026:08:30:26 -0700] "GET /rumah888/advertising/ HTTP/2.0" 301 288 "-" "Mozilla/5.0 AppleWebKit/537.36 (KHTML, like Gecko; compatible; bingbot/2.0; +http://www.bing.com/bingbot.htm) Chrome/116.0.1938.76 Safari/537.36" 10 **0/10313**
52.167.144.145 - - [04/Aug/2026:08:30:26 -0700] "GET /UWAK99/advertising/Announcement/48 HTTP/2.0" 404 6659 "-" "Mozilla/5.0 AppleWebKit/537.36 (KHTML, like Gecko; compatible; bingbot/2.0; +http://www.bing.com/bingbot.htm) Chrome/116.0.1938.76 Safari/537.36" 59 **0/59093**
207.46.13.124 - - [04/Aug/2026:08:30:29 -0700] "GET /UBOSPORT/Directorates/Municipal-Directorates-page/Legal%20Department HTTP/2.0" 404 6659 "-" "Mozilla/5.0 AppleWebKit/537.36 (KHTML, like Gecko; compatible; bingbot/2.0; +http://www.bing.com/bingbot.htm) Chrome/116.0.1938.76 Safari/537.36" 66 **0/66654**
207.46.13.124 - - [04/Aug/2026:08:30:30 -0700] "GET /candy888/News/view/87 HTTP/2.0" 404 6659 "-" "Mozilla/5.0 AppleWebKit/537.36 (KHTML, like Gecko; compatible; bingbot/2.0; +http://www.bing.com/bingbot.htm) Chrome/116.0.1938.76 Safari/537.36" 85 **0/85836**
207.46.13.124 - - [04/Aug/2026:08:30:30 -0700] "GET /voxy99/advertising/Announcement/113 HTTP/2.0" 404 6659 "-" "Mozilla/5.0 AppleWebKit/537.36 (KHTML, like Gecko; compatible; bingbot/2.0; +http://www.bing.com/bingbot.htm) Chrome/116.0.1938.76 Safari/537.36" 60 **0/60405**
207.46.13.124 - - [04/Aug/2026:08:30:31 -0700] "GET /erek89/advertising/Announcement/36 HTTP/2.0" 404 6659 "-" "Mozilla/5.0 AppleWebKit/537.36 (KHTML, like Gecko; compatible; bingbot/2.0; +http://www.bing.com/bingbot.htm) Chrome/116.0.1938.76 Safari/537.36" 61 **0/61333**
207.46.13.124 - - [04/Aug/2026:08:30:31 -0700] "GET /PANUTANTOTO/advertising/Announcement/153 HTTP/2.0" 404 6659 "-" "Mozilla/5.0 AppleWebKit/537.36 (KHTML, like Gecko; compatible; bingbot/2.0; +http://www.bing.com/bingbot.htm) Chrome/116.0.1938.76 Safari/537.36" 55 **0/55794**
157.245.63.62 - - [04/Aug/2026:08:30:35 -0700] "GET /wp-admin/plugins.php HTTP/1.1" 200 7030 "https://www.salt.gov.jo/wp-login.php" "Mozilla/5.0 (Macintosh; Intel Mac OS X 10_15_7) AppleWebKit/537.36 (KHTML, like Gecko) Chrome/119.0.0.0 Safari/537.36" 3 **0/3169**
185.191.171.16 - - [04/Aug/2026:08:30:40 -0700] "GET /RTP-GACOR-2023/About-Us/Organizational-Chart HTTP/1.1" 404 6659 "-" "Mozilla/5.0 (compatible; SemrushBot/7~bl; +http://www.semrush.com/bot.html)" 68 **0/68395**
85.208.96.199 - - [04/Aug/2026:08:30:42 -0700] "GET /ASLI188/advertising/Announcement/54 HTTP/1.1" 404 6659 "-" "Mozilla/5.0 (compatible; SemrushBot/7~bl; +http://www.semrush.com/bot.html)" 65 **0/65893**
185.191.171.10 - - [04/Aug/2026:08:30:44 -0700] "GET /BONUSTOTO/advertising/Announcement/68 HTTP/1.1" 404 6659 "-" "Mozilla/5.0 (compatible; SemrushBot/7~bl; +http://www.semrush.com/bot.html)" 74 **0/74995**
185.191.171.3 - - [04/Aug/2026:08:30:46 -0700] "GET /KLIK313/Directorates/Municipal-Directorates HTTP/1.1" 404 6659 "-" "Mozilla/5.0 (compatible; SemrushBot/7~bl; +http://www.semrush.com/bot.html)" 61 **0/61981**
157.245.63.62 - - [04/Aug/2026:08:30:47 -0700] "POST /wp-login.php HTTP/1.1" 200 7011 "https://www.salt.gov.jo/wp-login.php" "Mozilla/5.0 (Windows NT 11.0; Win64; x64) AppleWebKit/537.36 (KHTML, like Gecko) Chrome/121.0.0.0 Safari/537.36" 3 **0/3283**
185.191.171.3 - - [04/Aug/2026:08:30:48 -0700] "GET /BEBEK188/advertising/Announcement/153 HTTP/1.1" 404 6659 "-" "Mozilla/5.0 (compatible; SemrushBot/7~bl; +http://www.semrush.com/bot.html)" 74 **0/74906**
157.245.63.62 - - [04/Aug/2026:08:30:57 -0700] "GET /wp-admin/index.php HTTP/1.1" 200 6969 "https://www.salt.gov.jo/wp-login.php" "Mozilla/5.0 (Macintosh; Intel Mac OS X 10_15_7) AppleWebKit/605.1.15 (KHTML, like Gecko) Version/16.6 Safari/605.1.15" 2 **0/2906**
157.245.63.62 - - [04/Aug/2026:08:31:08 -0700] "GET /wp-admin/profile.php HTTP/1.1" 200 6984 "https://www.salt.gov.jo/wp-login.php" "Mozilla/5.0 (Macintosh; Intel Mac OS X 10_15_7) AppleWebKit/605.1.15 (KHTML, like Gecko) Version/16.6 Safari/605.1.15" 3 **0/3324**
85.208.96.198 - - [04/Aug/2026:08:31:09 -0700] "GET /lk777/advertising/Announcement/43 HTTP/1.1" 404 6659 "-" "Mozilla/5.0 (compatible; SemrushBot/7~bl; +http://www.semrush.com/bot.html)" 73 **0/73224**
185.191.171.3 - - [04/Aug/2026:08:31:12 -0700] "GET /TO4D/advertising/Announcement/15 HTTP/1.1" 404 6659 "-" "Mozilla/5.0 (compatible; SemrushBot/7~bl; +http://www.semrush.com/bot.html)" 68 **0/68455**
52.167.144.145 - - [04/Aug/2026:08:31:14 -0700] "GET /BASKARA89/Directorates/Initiatives-And-Events/15 HTTP/2.0" 404 6659 "-" "Mozilla/5.0 AppleWebKit/537.36 (KHTML, like Gecko; compatible; bingbot/2.0; +http://www.bing.com/bingbot.htm) Chrome/116.0.1938.76 Safari/537.36" 59 **0/59522**
85.208.96.200 - - [04/Aug/2026:08:31:15 -0700] "GET /hokispins/News/view/89 HTTP/1.1" 404 6659 "-" "Mozilla/5.0 (compatible; SemrushBot/7~bl; +http://www.semrush.com/bot.html)" 72 **0/72210**
57.141.18.1 - - [04/Aug/2026:08:31:16 -0700] "GET /sitemap_index.xml/News/view/87 HTTP/2.0" 404 6659 "-" "Mozilla/5.0 (Windows NT 10.0; Win64; x64) AppleWebKit/537.36 (KHTML, like Gecko) Chrome/145.0.0.0 Safari/537.36 (compatible; meta-externalagent/1.1 (+https://developers.facebook.com/docs/sharing/webmasters/crawler))" 62 **0/62570**
157.245.63.62 - - [04/Aug/2026:08:31:19 -0700] "GET /wp-admin/edit.php HTTP/1.1" 200 7069 "https://www.salt.gov.jo/wp-login.php" "Mozilla/5.0 (Macintosh; Intel Mac OS X 10_15_7) AppleWebKit/605.1.15 (KHTML, like Gecko) Version/16.6 Safari/605.1.15" 3 **0/3678**
85.208.96.210 - - [04/Aug/2026:08:31:20 -0700] "GET /BIG777/advertising/Announcement/23 HTTP/1.1" 404 6659 "-" "Mozilla/5.0 (compatible; SemrushBot/7~bl; +http://www.semrush.com/bot.html)" 66 **0/66957**
185.191.171.3 - - [04/Aug/2026:08:31:22 -0700] "GET /77DARUMA/advertising/Announcement/48 HTTP/1.1" 404 6659 "-" "Mozilla/5.0 (compatible; SemrushBot/7~bl; +http://www.semrush.com/bot.html)" 62 **0/62468**
157.245.63.62 - - [04/Aug/2026:08:31:29 -0700] "GET /wp-admin/plugins.php HTTP/1.1" 200 7036 "https://www.salt.gov.jo/wp-login.php" "Mozilla/5.0 (Macintosh; Intel Mac OS X 10_15_7) AppleWebKit/605.1.15 (KHTML, like Gecko) Version/16.6 Safari/605.1.15" 3 **0/3813**
185.191.171.18 - - [04/Aug/2026:08:31:31 -0700] "GET /tato77/advertising/Announcement/93 HTTP/1.1" 404 6659 "-" "Mozilla/5.0 (compatible; SemrushBot/7~bl; +http://www.semrush.com/bot.html)" 80 **0/80912**
157.245.63.62 - - [04/Aug/2026:08:31:40 -0700] "POST /wp-login.php HTTP/1.1" 200 6969 "https://www.salt.gov.jo/wp-login.php" "Mozilla/5.0 (Macintosh; Intel Mac OS X 13_6_1; rv:120.0) Gecko/20100101 Firefox/120.0" 4 **0/4034**
157.245.63.62 - - [04/Aug/2026:08:31:48 -0700] "GET /wp-admin/index.php HTTP/1.1" 200 7165 "https://www.salt.gov.jo/wp-login.php" "Mozilla/5.0 (Macintosh; Intel Mac OS X 13_6_1; rv:119.0) Gecko/20100101 Firefox/119.0" 2 **0/2952**
43.173.178.148 - - [04/Aug/2026:08:31:53 -0700] "GET /show_news.php?id=851 HTTP/1.1" 200 7052 "-" "Mozilla/5.0 (Windows NT 10.0; Win64; x64) AppleWebKit/537.36 (KHTML, like Gecko) Chrome/103.0.0.0 Safari/537.36" 3 **0/3965**
43.173.180.18 - - [04/Aug/2026:08:31:53 -0700] "GET /show_news.php?id=1060 HTTP/1.1" 200 7115 "-" "Mozilla/5.0 (Windows NT 10.0; Win64; x64) AppleWebKit/537.36 (KHTML, like Gecko) Chrome/103.0.0.0 Safari/537.36" 2 **0/2795**
157.245.63.62 - - [04/Aug/2026:08:31:56 -0700] "GET /wp-admin/profile.php HTTP/1.1" 200 7117 "https://www.salt.gov.jo/wp-login.php" "Mozilla/5.0 (Macintosh; Intel Mac OS X 13_6_1; rv:119.0) Gecko/20100101 Firefox/119.0" 3 **0/3639**
185.191.171.5 - - [04/Aug/2026:08:32:02 -0700] "GET /641th/advertising/Announcement/181 HTTP/1.1" 404 6659 "-" "Mozilla/5.0 (compatible; SemrushBot/7~bl; +http://www.semrush.com/bot.html)" 92 **0/92080**
157.245.63.62 - - [04/Aug/2026:08:32:06 -0700] "GET /wp-admin/edit.php HTTP/1.1" 200 7042 "https://www.salt.gov.jo/wp-login.php" "Mozilla/5.0 (Macintosh; Intel Mac OS X 13_6_1; rv:119.0) Gecko/20100101 Firefox/119.0" 3 **0/3197**
185.191.171.10 - - [04/Aug/2026:08:32:06 -0700] "GET /BEJO88/advertising/Announcement/175 HTTP/1.1" 404 6659 "-" "Mozilla/5.0 (compatible; SemrushBot/7~bl; +http://www.semrush.com/bot.html)" 75 **0/75413**
185.191.171.9 - - [04/Aug/2026:08:32:08 -0700] "GET /BEJO898/advertising/Announcement/131 HTTP/1.1" 404 6659 "-" "Mozilla/5.0 (compatible; SemrushBot/7~bl; +http://www.semrush.com/bot.html)" 59 **0/59043**
185.191.171.18 - - [04/Aug/2026:08:32:10 -0700] "GET /xo666/Services/8 HTTP/1.1" 404 6659 "-" "Mozilla/5.0 (compatible; SemrushBot/7~bl; +http://www.semrush.com/bot.html)" 67 **0/67224**
185.191.171.16 - - [04/Aug/2026:08:32:14 -0700] "GET /BASKARA89/advertising/Announcement/16 HTTP/1.1" 404 6659 "-" "Mozilla/5.0 (compatible; SemrushBot/7~bl; +http://www.semrush.com/bot.html)" 68 **0/68027**
157.245.63.62 - - [04/Aug/2026:08:32:17 -0700] "GET /wp-admin/plugins.php HTTP/1.1" 200 7030 "https://www.salt.gov.jo/wp-login.php" "Mozilla/5.0 (Macintosh; Intel Mac OS X 13_6_1; rv:119.0) Gecko/20100101 Firefox/119.0" 3 **0/3623**
95.108.213.175 - - [04/Aug/2026:08:32:20 -0700] "GET /spinix888r HTTP/2.0" 404 6659 "-" "Mozilla/5.0 (compatible; YandexBot/3.0; +http://yandex.com/bots)" 68 **0/68263**
157.245.63.62 - - [04/Aug/2026:08:32:25 -0700] "POST /wp-login.php HTTP/1.1" 200 7057 "https://www.salt.gov.jo/wp-login.php" "Mozilla/5.0 (Windows NT 11.0; Win64; x64; rv:121.0) Gecko/20100101 Firefox/121.0" 3 **0/3552**
157.245.63.62 - - [04/Aug/2026:08:32:33 -0700] "GET /wp-admin/index.php HTTP/1.1" 200 7070 "https://www.salt.gov.jo/wp-login.php" "Mozilla/5.0 (X11; Ubuntu; Linux x86_64) AppleWebKit/537.36 (KHTML, like Gecko) Chrome/121.0.0.0 Safari/537.36" 3 **0/3096**
185.191.171.12 - - [04/Aug/2026:08:32:41 -0700] "GET /BONG4D/advertising/Announcement/149 HTTP/1.1" 404 6659 "-" "Mozilla/5.0 (compatible; SemrushBot/7~bl; +http://www.semrush.com/bot.html)" 96 **0/96745**
85.208.96.198 - - [04/Aug/2026:08:32:42 -0700] "GET /pam88/advertising/Announcement/104 HTTP/1.1" 404 6659 "-" "Mozilla/5.0 (compatible; SemrushBot/7~bl; +http://www.semrush.com/bot.html)" 59 **0/59118**
85.208.96.199 - - [04/Aug/2026:08:32:43 -0700] "GET /BOMTOTO/advertising/Announcement/28 HTTP/1.1" 404 6659 "-" "Mozilla/5.0 (compatible; SemrushBot/7~bl; +http://www.semrush.com/bot.html)" 60 **0/60266**
157.245.63.62 - - [04/Aug/2026:08:32:43 -0700] "GET /wp-admin/profile.php HTTP/1.1" 200 7065 "https://www.salt.gov.jo/wp-login.php" "Mozilla/5.0 (X11; Ubuntu; Linux x86_64) AppleWebKit/537.36 (KHTML, like Gecko) Chrome/121.0.0.0 Safari/537.36" 3 **0/3789**
85.208.96.210 - - [04/Aug/2026:08:32:45 -0700] "GET /rumah4d/About-Us/Municipal-Council-Members HTTP/1.1" 404 6659 "-" "Mozilla/5.0 (compatible; SemrushBot/7~bl; +http://www.semrush.com/bot.html)" 83 **0/83584**
43.173.181.56 - - [04/Aug/2026:08:32:51 -0700] "GET /show_news.php?id=1050 HTTP/1.1" 404 6659 "-" "Mozilla/5.0 (Windows NT 10.0; Win64; x64) AppleWebKit/537.36 (KHTML, like Gecko) Chrome/109.0.0.0 Safari/537.36" 84 **0/84312**
157.245.63.62 - - [04/Aug/2026:08:32:52 -0700] "GET /wp-admin/edit.php HTTP/1.1" 200 7068 "https://www.salt.gov.jo/wp-login.php" "Mozilla/5.0 (X11; Ubuntu; Linux x86_64) AppleWebKit/537.36 (KHTML, like Gecko) Chrome/121.0.0.0 Safari/537.36" 3 **0/3581**
157.245.63.62 - - [04/Aug/2026:08:32:58 -0700] "GET /wp-admin/plugins.php HTTP/1.1" 200 6986 "https://www.salt.gov.jo/wp-login.php" "Mozilla/5.0 (X11; Ubuntu; Linux x86_64) AppleWebKit/537.36 (KHTML, like Gecko) Chrome/121.0.0.0 Safari/537.36" 3 **0/3804**
185.191.171.12 - - [04/Aug/2026:08:32:59 -0700] "GET /BOLAZONA/advertising/Announcement/194 HTTP/1.1" 404 6659 "-" "Mozilla/5.0 (compatible; SemrushBot/7~bl; +http://www.semrush.com/bot.html)" 78 **0/78569**
85.208.96.207 - - [04/Aug/2026:08:33:02 -0700] "GET /BONANZA188/advertising/Announcement/83 HTTP/1.1" 404 6659 "-" "Mozilla/5.0 (compatible; SemrushBot/7~bl; +http://www.semrush.com/bot.html)" 87 **0/87549**
157.245.63.62 - - [04/Aug/2026:08:33:03 -0700] "POST /wp-login.php HTTP/1.1" 200 7100 "https://www.salt.gov.jo/wp-login.php" "Mozilla/5.0 (Windows NT 11.0; Win64; x64; rv:121.0) Gecko/20100101 Firefox/121.0" 9 **0/9659**
85.208.96.207 - - [04/Aug/2026:08:33:06 -0700] "GET /BATUBARA188/Procedures-Guide HTTP/1.1" 404 6659 "-" "Mozilla/5.0 (compatible; SemrushBot/7~bl; +http://www.semrush.com/bot.html)" 73 **0/73768**
185.191.171.14 - - [04/Aug/2026:08:33:08 -0700] "GET /sisil77/Directorates/Initiatives-And-Events-Regstration HTTP/1.1" 404 6659 "-" "Mozilla/5.0 (compatible; SemrushBot/7~bl; +http://www.semrush.com/bot.html)" 63 **0/63610**
157.245.63.62 - - [04/Aug/2026:08:33:08 -0700] "GET /wp-admin/index.php HTTP/1.1" 200 6985 "https://www.salt.gov.jo/wp-login.php" "Mozilla/5.0 (Windows NT 11.0; Win64; x64) AppleWebKit/537.36 (KHTML, like Gecko) Chrome/118.0.0.0 Safari/537.36" 3 **0/3245**
185.191.171.4 - - [04/Aug/2026:08:33:13 -0700] "GET /wanto99/advertising/Announcement/52 HTTP/1.1" 404 6659 "-" "Mozilla/5.0 (compatible; SemrushBot/7~bl; +http://www.semrush.com/bot.html)" 64 **0/64251**
185.191.171.15 - - [04/Aug/2026:08:33:18 -0700] "GET /teenoi168/advertising/Announcement/150 HTTP/1.1" 404 6659 "-" "Mozilla/5.0 (compatible; SemrushBot/7~bl; +http://www.semrush.com/bot.html)" 62 **0/62035**
157.245.63.62 - - [04/Aug/2026:08:33:21 -0700] "GET /wp-admin/profile.php HTTP/1.1" 200 7022 "https://www.salt.gov.jo/wp-login.php" "Mozilla/5.0 (Windows NT 11.0; Win64; x64) AppleWebKit/537.36 (KHTML, like Gecko) Chrome/118.0.0.0 Safari/537.36" 7 **0/7548**
85.208.96.199 - - [04/Aug/2026:08:33:29 -0700] "GET /tank138/Directorates/Initiatives-And-Events HTTP/1.1" 404 6659 "-" "Mozilla/5.0 (compatible; SemrushBot/7~bl; +http://www.semrush.com/bot.html)" 64 **0/64230**
157.245.63.62 - - [04/Aug/2026:08:33:31 -0700] "GET /wp-admin/edit.php HTTP/1.1" 200 6982 "https://www.salt.gov.jo/wp-login.php" "Mozilla/5.0 (Windows NT 11.0; Win64; x64) AppleWebKit/537.36 (KHTML, like Gecko) Chrome/118.0.0.0 Safari/537.36" 2 **0/2879**
157.245.63.62 - - [04/Aug/2026:08:33:37 -0700] "GET /wp-admin/plugins.php HTTP/1.1" 200 7030 "https://www.salt.gov.jo/wp-login.php" "Mozilla/5.0 (Windows NT 11.0; Win64; x64) AppleWebKit/537.36 (KHTML, like Gecko) Chrome/118.0.0.0 Safari/537.36" 2 **0/2864**
185.191.171.14 - - [04/Aug/2026:08:33:38 -0700] "GET /ARYAGAMES/advertising/Announcement/164 HTTP/1.1" 404 6659 "-" "Mozilla/5.0 (compatible; SemrushBot/7~bl; +http://www.semrush.com/bot.html)" 72 **0/72446**
157.245.63.62 - - [04/Aug/2026:08:33:42 -0700] "POST /wp-login.php HTTP/1.1" 200 7077 "https://www.salt.gov.jo/wp-login.php" "Mozilla/5.0 (Macintosh; Intel Mac OS X 10_15_7) AppleWebKit/605.1.15 (KHTML, like Gecko) Version/16.6 Safari/605.1.15" 3 **0/3359**
185.191.171.13 - - [04/Aug/2026:08:33:42 -0700] "GET /temanbet/advertising/Announcement/131 HTTP/1.1" 404 6659 "-" "Mozilla/5.0 (compatible; SemrushBot/7~bl; +http://www.semrush.com/bot.html)" 60 **0/60665**
157.245.63.62 - - [04/Aug/2026:08:33:48 -0700] "GET /wp-admin/index.php HTTP/1.1" 200 7044 "https://www.salt.gov.jo/wp-login.php" "Mozilla/5.0 (Macintosh; Intel Mac OS X 10_15_7; rv:120.0) Gecko/20100101 Firefox/120.0" 2 **0/2754**
43.172.197.118 - - [04/Aug/2026:08:33:50 -0700] "GET /show_news.php?id=827 HTTP/1.1" 200 7054 "-" "Mozilla/5.0 (Windows NT 10.0; Win64; x64) AppleWebKit/537.36 (KHTML, like Gecko) Chrome/116.0.0.0 Safari/537.36" 2 **0/2832**
157.245.63.62 - - [04/Aug/2026:08:33:52 -0700] "GET /wp-admin/profile.php HTTP/1.1" 200 7067 "https://www.salt.gov.jo/wp-login.php" "Mozilla/5.0 (Macintosh; Intel Mac OS X 10_15_7; rv:120.0) Gecko/20100101 Firefox/120.0" 3 **0/3099**
85.208.96.194 - - [04/Aug/2026:08:33:55 -0700] "GET /daun128/Knowledge HTTP/1.1" 404 6659 "-" "Mozilla/5.0 (compatible; SemrushBot/7~bl; +http://www.semrush.com/bot.html)" 65 **0/65077**
157.245.63.62 - - [04/Aug/2026:08:33:58 -0700] "GET /wp-admin/edit.php HTTP/1.1" 200 7014 "https://www.salt.gov.jo/wp-login.php" "Mozilla/5.0 (Macintosh; Intel Mac OS X 10_15_7; rv:120.0) Gecko/20100101 Firefox/120.0" 3 **0/3175**
85.208.96.194 - - [04/Aug/2026:08:33:59 -0700] "GET /rp777/advertising/Announcement/164 HTTP/1.1" 404 6659 "-" "Mozilla/5.0 (compatible; SemrushBot/7~bl; +http://www.semrush.com/bot.html)" 65 **0/65782**
85.208.96.195 - - [04/Aug/2026:08:34:00 -0700] "GET /BOCA777/advertising/Announcement/189 HTTP/1.1" 404 6659 "-" "Mozilla/5.0 (compatible; SemrushBot/7~bl; +http://www.semrush.com/bot.html)" 55 **0/55434**
157.245.63.62 - - [04/Aug/2026:08:34:06 -0700] "GET /wp-admin/plugins.php HTTP/1.1" 200 7006 "https://www.salt.gov.jo/wp-login.php" "Mozilla/5.0 (Macintosh; Intel Mac OS X 10_15_7; rv:120.0) Gecko/20100101 Firefox/120.0" 3 **0/3574**
157.245.63.62 - - [04/Aug/2026:08:34:12 -0700] "POST /wp-login.php HTTP/1.1" 200 6960 "https://www.salt.gov.jo/wp-login.php" "Mozilla/5.0 (Macintosh; Intel Mac OS X 10_15_7; rv:119.0) Gecko/20100101 Firefox/119.0" 7 **0/7940**
85.208.96.199 - - [04/Aug/2026:08:34:17 -0700] "GET /BOTUNA55/advertising/Announcement/51 HTTP/1.1" 404 6659 "-" "Mozilla/5.0 (compatible; SemrushBot/7~bl; +http://www.semrush.com/bot.html)" 87 **0/87256**
185.191.171.16 - - [04/Aug/2026:08:34:17 -0700] "GET /probet138/advertising/Announcement/143 HTTP/1.1" 404 6659 "-" "Mozilla/5.0 (compatible; SemrushBot/7~bl; +http://www.semrush.com/bot.html)" 55 **0/55825**
157.245.63.62 - - [04/Aug/2026:08:34:18 -0700] "GET /wp-admin/index.php HTTP/1.1" 200 7042 "https://www.salt.gov.jo/wp-login.php" "Mozilla/5.0 (Windows NT 11.0; Win64; x64) AppleWebKit/537.36 (KHTML, like Gecko) Chrome/121.0.0.0 Safari/537.36" 2 **0/2895**
185.191.171.15 - - [04/Aug/2026:08:34:23 -0700] "GET /pergi88/advertising/Announcement/71 HTTP/1.1" 404 6659 "-" "Mozilla/5.0 (compatible; SemrushBot/7~bl; +http://www.semrush.com/bot.html)" 70 **0/70684**
157.245.63.62 - - [04/Aug/2026:08:34:23 -0700] "GET /wp-admin/profile.php HTTP/1.1" 200 6954 "https://www.salt.gov.jo/wp-login.php" "Mozilla/5.0 (Windows NT 11.0; Win64; x64) AppleWebKit/537.36 (KHTML, like Gecko) Chrome/121.0.0.0 Safari/537.36" 3 **0/3104**
85.208.96.207 - - [04/Aug/2026:08:34:24 -0700] "GET /BOLA81/advertising/Announcement/154 HTTP/1.1" 404 6659 "-" "Mozilla/5.0 (compatible; SemrushBot/7~bl; +http://www.semrush.com/bot.html)" 52 **0/52553**
157.245.63.62 - - [04/Aug/2026:08:34:30 -0700] "GET /wp-admin/edit.php HTTP/1.1" 200 7018 "https://www.salt.gov.jo/wp-login.php" "Mozilla/5.0 (Windows NT 11.0; Win64; x64) AppleWebKit/537.36 (KHTML, like Gecko) Chrome/121.0.0.0 Safari/537.36" 3 **0/3768**
185.191.171.2 - - [04/Aug/2026:08:34:30 -0700] "GET /jaojeng777/Contact-Us/Your-Opinion HTTP/1.1" 404 6659 "-" "Mozilla/5.0 (compatible; SemrushBot/7~bl; +http://www.semrush.com/bot.html)" 71 **0/71187**
85.208.96.208 - - [04/Aug/2026:08:34:35 -0700] "GET /BOLAHIU/advertising/Announcement/36 HTTP/1.1" 404 6659 "-" "Mozilla/5.0 (compatible; SemrushBot/7~bl; +http://www.semrush.com/bot.html)" 65 **0/65255**
157.245.63.62 - - [04/Aug/2026:08:34:36 -0700] "GET /wp-admin/plugins.php HTTP/1.1" 200 7067 "https://www.salt.gov.jo/wp-login.php" "Mozilla/5.0 (Windows NT 11.0; Win64; x64) AppleWebKit/537.36 (KHTML, like Gecko) Chrome/121.0.0.0 Safari/537.36" 3 **0/3519**
85.208.96.194 - - [04/Aug/2026:08:34:39 -0700] "GET /paiza888/advertising/Announcement/61 HTTP/1.1" 404 6659 "-" "Mozilla/5.0 (compatible; SemrushBot/7~bl; +http://www.semrush.com/bot.html)" 73 **0/73814**
157.245.63.62 - - [04/Aug/2026:08:34:43 -0700] "POST /wp-login.php HTTP/1.1" 200 7111 "https://www.salt.gov.jo/wp-login.php" "Mozilla/5.0 (Windows NT 11.0; Win64; x64; rv:121.0) Gecko/20100101 Firefox/121.0" 2 **0/2734**
185.191.171.15 - - [04/Aug/2026:08:34:49 -0700] "GET /r2r777/advertising/Announcement/73 HTTP/1.1" 404 6659 "-" "Mozilla/5.0 (compatible; SemrushBot/7~bl; +http://www.semrush.com/bot.html)" 76 **0/76342**
157.245.63.62 - - [04/Aug/2026:08:34:50 -0700] "GET /wp-admin/index.php HTTP/1.1" 200 7064 "https://www.salt.gov.jo/wp-login.php" "Mozilla/5.0 (Macintosh; Intel Mac OS X 13_6_1) AppleWebKit/537.36 (KHTML, like Gecko) Chrome/119.0.0.0 Safari/537.36" 3 **0/3060**
185.191.171.12 - - [04/Aug/2026:08:34:54 -0700] "GET /pandu555/advertising/Announcement/128 HTTP/1.1" 404 6659 "-" "Mozilla/5.0 (compatible; SemrushBot/7~bl; +http://www.semrush.com/bot.html)" 70 **0/70603**
52.167.144.145 - - [04/Aug/2026:08:34:54 -0700] "GET /senitogel HTTP/2.0" 404 6659 "-" "Mozilla/5.0 AppleWebKit/537.36 (KHTML, like Gecko; compatible; bingbot/2.0; +http://www.bing.com/bingbot.htm) Chrome/116.0.1938.76 Safari/537.36" 62 **0/62289**
185.191.171.8 - - [04/Aug/2026:08:34:55 -0700] "GET /royal777/advertising/Announcement/63 HTTP/1.1" 404 6659 "-" "Mozilla/5.0 (compatible; SemrushBot/7~bl; +http://www.semrush.com/bot.html)" 61 **0/61369**
157.245.63.62 - - [04/Aug/2026:08:34:57 -0700] "GET /wp-admin/profile.php HTTP/1.1" 200 7092 "https://www.salt.gov.jo/wp-login.php" "Mozilla/5.0 (Macintosh; Intel Mac OS X 13_6_1) AppleWebKit/537.36 (KHTML, like Gecko) Chrome/119.0.0.0 Safari/537.36" 3 **0/3801**
85.208.96.200 - - [04/Aug/2026:08:34:57 -0700] "GET /77DARUMA/Salt-Area/area/Earaa%20Area HTTP/1.1" 404 6659 "-" "Mozilla/5.0 (compatible; SemrushBot/7~bl; +http://www.semrush.com/bot.html)" 63 **0/63975**
157.245.63.62 - - [04/Aug/2026:08:35:05 -0700] "GET /wp-admin/edit.php HTTP/1.1" 200 7063 "https://www.salt.gov.jo/wp-login.php" "Mozilla/5.0 (Macintosh; Intel Mac OS X 13_6_1) AppleWebKit/537.36 (KHTML, like Gecko) Chrome/119.0.0.0 Safari/537.36" 3 **0/3595**
185.191.171.9 - - [04/Aug/2026:08:35:09 -0700] "GET /ufa7bet/advertising/Announcement/33 HTTP/1.1" 404 6659 "-" "Mozilla/5.0 (compatible; SemrushBot/7~bl; +http://www.semrush.com/bot.html)" 72 **0/72771**
185.191.171.8 - - [04/Aug/2026:08:35:11 -0700] "GET /pusat303/advertising/Announcement/186 HTTP/1.1" 404 6659 "-" "Mozilla/5.0 (compatible; SemrushBot/7~bl; +http://www.semrush.com/bot.html)" 59 **0/59038**
157.245.63.62 - - [04/Aug/2026:08:35:14 -0700] "GET /wp-admin/plugins.php HTTP/1.1" 200 7101 "https://www.salt.gov.jo/wp-login.php" "Mozilla/5.0 (Macintosh; Intel Mac OS X 13_6_1) AppleWebKit/537.36 (KHTML, like Gecko) Chrome/119.0.0.0 Safari/537.36" 3 **0/3124**
185.191.171.15 - - [04/Aug/2026:08:35:19 -0700] "GET /9NAGA/advertising/Announcement/67 HTTP/1.1" 404 6659 "-" "Mozilla/5.0 (compatible; SemrushBot/7~bl; +http://www.semrush.com/bot.html)" 75 **0/75844**
157.245.63.62 - - [04/Aug/2026:08:35:22 -0700] "POST /wp-login.php HTTP/1.1" 200 7052 "https://www.salt.gov.jo/wp-login.php" "Mozilla/5.0 (Windows NT 10.0; Win64; x64; rv:119.0) Gecko/20100101 Firefox/119.0" 3 **0/3175**
157.245.63.62 - - [04/Aug/2026:08:35:29 -0700] "GET /wp-admin/index.php HTTP/1.1" 200 7044 "https://www.salt.gov.jo/wp-login.php" "Mozilla/5.0 (Macintosh; Intel Mac OS X 10_15_7) AppleWebKit/605.1.15 (KHTML, like Gecko) Version/17.1 Safari/605.1.15" 3 **0/3437**
85.208.96.209 - - [04/Aug/2026:08:35:34 -0700] "GET /zet777/advertising/Announcement/101 HTTP/1.1" 404 6659 "-" "Mozilla/5.0 (compatible; SemrushBot/7~bl; +http://www.semrush.com/bot.html)" 63 **0/63631**
185.191.171.19 - - [04/Aug/2026:08:35:35 -0700] "GET /4dresults/advertising/Announcement/100 HTTP/1.1" 404 6659 "-" "Mozilla/5.0 (compatible; SemrushBot/7~bl; +http://www.semrush.com/bot.html)" 56 **0/56529**
157.245.63.62 - - [04/Aug/2026:08:35:37 -0700] "GET /wp-admin/profile.php HTTP/1.1" 200 7116 "https://www.salt.gov.jo/wp-login.php" "Mozilla/5.0 (Macintosh; Intel Mac OS X 10_15_7) AppleWebKit/605.1.15 (KHTML, like Gecko) Version/17.1 Safari/605.1.15" 3 **0/3043**
185.191.171.9 - - [04/Aug/2026:08:35:37 -0700] "GET /pg569asia/advertising/Announcement/21 HTTP/1.1" 404 6659 "-" "Mozilla/5.0 (compatible; SemrushBot/7~bl; +http://www.semrush.com/bot.html)" 67 **0/67631**
85.208.96.203 - - [04/Aug/2026:08:35:41 -0700] "GET /men77/Services/9 HTTP/1.1" 404 6659 "-" "Mozilla/5.0 (compatible; SemrushBot/7~bl; +http://www.semrush.com/bot.html)" 66 **0/66503**
157.245.63.62 - - [04/Aug/2026:08:35:43 -0700] "GET /wp-admin/edit.php HTTP/1.1" 200 6968 "https://www.salt.gov.jo/wp-login.php" "Mozilla/5.0 (Macintosh; Intel Mac OS X 10_15_7) AppleWebKit/605.1.15 (KHTML, like Gecko) Version/17.1 Safari/605.1.15" 2 **0/2979**
157.245.63.62 - - [04/Aug/2026:08:35:50 -0700] "GET /wp-admin/plugins.php HTTP/1.1" 200 6996 "https://www.salt.gov.jo/wp-login.php" "Mozilla/5.0 (Macintosh; Intel Mac OS X 10_15_7) AppleWebKit/605.1.15 (KHTML, like Gecko) Version/17.1 Safari/605.1.15" 2 **0/2760**
68.67.112.82 - - [04/Aug/2026:08:35:56 -0700] "GET /robots.txt HTTP/1.1" 200 24 "-" "Mozilla/5.0 AppleWebKit/537.36 (KHTML, like Gecko; compatible; YouBot/1.0; +https://docs.you.com/youbot; env:prod) Chrome/142.0.0.0 Safari/537.36" 8 **0/8019**
157.245.63.62 - - [04/Aug/2026:08:35:56 -0700] "POST /wp-login.php HTTP/1.1" 200 7027 "https://www.salt.gov.jo/wp-login.php" "Mozilla/5.0 (Macintosh; Intel Mac OS X 13_6_1) AppleWebKit/605.1.15 (KHTML, like Gecko) Version/17.1 Safari/605.1.15" 3 **0/3065**
68.67.112.82 - - [04/Aug/2026:08:35:56 -0700] "GET /IDCJOKER/News/view/88 HTTP/1.1" 404 6659 "-" "Mozilla/5.0 AppleWebKit/537.36 (KHTML, like Gecko; compatible; YouBot/1.0; +https://docs.you.com/youbot; env:prod) Chrome/142.0.0.0 Safari/537.36" 68 **0/68921**
185.191.171.8 - - [04/Aug/2026:08:35:59 -0700] "GET /BEBEK388/advertising/Announcement/9 HTTP/1.1" 404 6659 "-" "Mozilla/5.0 (compatible; SemrushBot/7~bl; +http://www.semrush.com/bot.html)" 63 **0/63840**
85.208.96.197 - - [04/Aug/2026:08:36:04 -0700] "GET /BOLAGG88/advertising/Announcement/44 HTTP/1.1" 404 6659 "-" "Mozilla/5.0 (compatible; SemrushBot/7~bl; +http://www.semrush.com/bot.html)" 66 **0/66869**
157.245.63.62 - - [04/Aug/2026:08:36:04 -0700] "GET /wp-admin/index.php HTTP/1.1" 200 6974 "https://www.salt.gov.jo/wp-login.php" "Mozilla/5.0 (Windows NT 10.0; Win64; x64) AppleWebKit/537.36 (KHTML, like Gecko) Chrome/119.0.0.0 Safari/537.36" 2 **0/2964**
157.245.63.62 - - [04/Aug/2026:08:36:11 -0700] "GET /wp-admin/profile.php HTTP/1.1" 200 7117 "https://www.salt.gov.jo/wp-login.php" "Mozilla/5.0 (Windows NT 10.0; Win64; x64) AppleWebKit/537.36 (KHTML, like Gecko) Chrome/119.0.0.0 Safari/537.36" 3 **0/3543**
185.191.171.4 - - [04/Aug/2026:08:36:16 -0700] "GET /ex4d/Directorates/Initiatives-And-Events-Regstration HTTP/1.1" 404 6659 "-" "Mozilla/5.0 (compatible; SemrushBot/7~bl; +http://www.semrush.com/bot.html)" 73 **0/73140**
157.245.63.62 - - [04/Aug/2026:08:36:19 -0700] "GET /wp-admin/edit.php HTTP/1.1" 200 7003 "https://www.salt.gov.jo/wp-login.php" "Mozilla/5.0 (Windows NT 10.0; Win64; x64) AppleWebKit/537.36 (KHTML, like Gecko) Chrome/119.0.0.0 Safari/537.36" 3 **0/3263**
185.191.171.5 - - [04/Aug/2026:08:36:20 -0700] "GET /pussy888/advertising/Announcement/166 HTTP/1.1" 404 6659 "-" "Mozilla/5.0 (compatible; SemrushBot/7~bl; +http://www.semrush.com/bot.html)" 69 **0/69300**
157.245.63.62 - - [04/Aug/2026:08:36:26 -0700] "GET /wp-admin/plugins.php HTTP/1.1" 200 7092 "https://www.salt.gov.jo/wp-login.php" "Mozilla/5.0 (Windows NT 10.0; Win64; x64) AppleWebKit/537.36 (KHTML, like Gecko) Chrome/119.0.0.0 Safari/537.36" 3 **0/3032**
85.208.96.200 - - [04/Aug/2026:08:36:27 -0700] "GET /ratuasia88/advertising/Announcement/33 HTTP/1.1" 404 6659 "-" "Mozilla/5.0 (compatible; SemrushBot/7~bl; +http://www.semrush.com/bot.html)" 73 **0/73046**
157.245.63.62 - - [04/Aug/2026:08:36:33 -0700] "POST /wp-login.php HTTP/1.1" 200 6986 "https://www.salt.gov.jo/wp-login.php" "Mozilla/5.0 (Windows NT 10.0; Win64; x64) AppleWebKit/537.36 (KHTML, like Gecko) Chrome/120.0.0.0 Safari/537.36" 3 **0/3423**
157.245.63.62 - - [04/Aug/2026:08:36:39 -0700] "GET /wp-admin/index.php HTTP/1.1" 200 6998 "https://www.salt.gov.jo/wp-login.php" "Mozilla/5.0 (Macintosh; Intel Mac OS X 13_6_1; rv:119.0) Gecko/20100101 Firefox/119.0" 2 **0/2618**
85.208.96.207 - - [04/Aug/2026:08:36:45 -0700] "GET /AREAWIN38/advertising/Announcement/142 HTTP/1.1" 404 6659 "-" "Mozilla/5.0 (compatible; SemrushBot/7~bl; +http://www.semrush.com/bot.html)" 67 **0/67592**
157.245.63.62 - - [04/Aug/2026:08:36:46 -0700] "GET /wp-admin/profile.php HTTP/1.1" 200 7075 "https://www.salt.gov.jo/wp-login.php" "Mozilla/5.0 (Macintosh; Intel Mac OS X 13_6_1; rv:119.0) Gecko/20100101 Firefox/119.0" 3 **0/3333**
85.208.96.204 - - [04/Aug/2026:08:36:47 -0700] "GET /BOLA99/advertising/Announcement/43 HTTP/1.1" 404 6659 "-" "Mozilla/5.0 (compatible; SemrushBot/7~bl; +http://www.semrush.com/bot.html)" 61 **0/61066**
157.245.63.62 - - [04/Aug/2026:08:36:54 -0700] "GET /wp-admin/edit.php HTTP/1.1" 200 7132 "https://www.salt.gov.jo/wp-login.php" "Mozilla/5.0 (Macintosh; Intel Mac OS X 13_6_1; rv:119.0) Gecko/20100101 Firefox/119.0" 3 **0/3433**
85.208.96.194 - - [04/Aug/2026:08:36:59 -0700] "GET /ular123/advertising/Announcement/56 HTTP/1.1" 404 6659 "-" "Mozilla/5.0 (compatible; SemrushBot/7~bl; +http://www.semrush.com/bot.html)" 70 **0/70885**
85.208.96.198 - - [04/Aug/2026:08:37:00 -0700] "GET /xgo888/Salt-Area/area/Um-Jozah%20Area HTTP/1.1" 404 6659 "-" "Mozilla/5.0 (compatible; SemrushBot/7~bl; +http://www.semrush.com/bot.html)" 65 **0/65030**
85.208.96.211 - - [04/Aug/2026:08:37:01 -0700] "GET /rajabo138/advertising/Announcement/12 HTTP/1.1" 404 6659 "-" "Mozilla/5.0 (compatible; SemrushBot/7~bl; +http://www.semrush.com/bot.html)" 68 **0/68777**
157.245.63.62 - - [04/Aug/2026:08:37:02 -0700] "GET /wp-admin/plugins.php HTTP/1.1" 200 7060 "https://www.salt.gov.jo/wp-login.php" "Mozilla/5.0 (Macintosh; Intel Mac OS X 13_6_1; rv:119.0) Gecko/20100101 Firefox/119.0" 3 **0/3602**
185.191.171.4 - - [04/Aug/2026:08:37:02 -0700] "GET /ABO777/advertising/Announcement/141 HTTP/1.1" 404 6659 "-" "Mozilla/5.0 (compatible; SemrushBot/7~bl; +http://www.semrush.com/bot.html)" 73 **0/73467**
157.245.63.62 - - [04/Aug/2026:08:37:11 -0700] "POST /wp-login.php HTTP/1.1" 200 6992 "https://www.salt.gov.jo/wp-login.php" "Mozilla/5.0 (Macintosh; Intel Mac OS X 10_15_7) AppleWebKit/605.1.15 (KHTML, like Gecko) Version/16.6 Safari/605.1.15" 3 **0/3534**
57.141.18.9 - - [04/Aug/2026:08:37:12 -0700] "GET /sitemap-index.xml/advertising/Announcement/145 HTTP/2.0" 404 6659 "-" "Mozilla/5.0 (Macintosh; Intel Mac OS X 10_15_7) AppleWebKit/537.36 (KHTML, like Gecko) Chrome/145.0.0.0 Safari/537.36 (compatible; meta-externalagent/1.1 (+https://developers.facebook.com/docs/sharing/webmasters/crawler))" 67 **0/67118**
85.208.96.209 - - [04/Aug/2026:08:37:16 -0700] "GET /BORJU89/advertising/Announcement/60 HTTP/1.1" 404 6659 "-" "Mozilla/5.0 (compatible; SemrushBot/7~bl; +http://www.semrush.com/bot.html)" 64 **0/64390**
207.46.13.31 - - [04/Aug/2026:08:37:18 -0700] "GET /assets/media/images/news/og/1781558056_og.jpg?V=2 HTTP/2.0" 200 58981 "-" "Mozilla/5.0 AppleWebKit/537.36 (KHTML, like Gecko; compatible; bingbot/2.0; +http://www.bing.com/bingbot.htm) Chrome/116.0.1938.76 Safari/537.36" 9 **0/9543**
157.245.63.62 - - [04/Aug/2026:08:37:19 -0700] "GET /wp-admin/index.php HTTP/1.1" 200 6978 "https://www.salt.gov.jo/wp-login.php" "Mozilla/5.0 (Windows NT 10.0; Win64; x64; rv:120.0) Gecko/20100101 Firefox/120.0" 3 **0/3033**
185.191.171.15 - - [04/Aug/2026:08:37:22 -0700] "GET /respin88/advertising/Announcement/35 HTTP/1.1" 404 6659 "-" "Mozilla/5.0 (compatible; SemrushBot/7~bl; +http://www.semrush.com/bot.html)" 67 **0/67564**
85.208.96.194 - - [04/Aug/2026:08:37:24 -0700] "GET /remaja99/advertising/Announcement/192 HTTP/1.1" 404 6659 "-" "Mozilla/5.0 (compatible; SemrushBot/7~bl; +http://www.semrush.com/bot.html)" 56 **0/56797**
157.245.63.62 - - [04/Aug/2026:08:37:27 -0700] "GET /wp-admin/profile.php HTTP/1.1" 200 7042 "https://www.salt.gov.jo/wp-login.php" "Mozilla/5.0 (Windows NT 10.0; Win64; x64; rv:120.0) Gecko/20100101 Firefox/120.0" 3 **0/3475**
185.191.171.6 - - [04/Aug/2026:08:37:33 -0700] "GET /total88/advertising/Announcement/100 HTTP/1.1" 404 6659 "-" "Mozilla/5.0 (compatible; SemrushBot/7~bl; +http://www.semrush.com/bot.html)" 87 **0/87639**
157.245.63.62 - - [04/Aug/2026:08:37:35 -0700] "GET /wp-admin/edit.php HTTP/1.1" 200 7068 "https://www.salt.gov.jo/wp-login.php" "Mozilla/5.0 (Windows NT 10.0; Win64; x64; rv:120.0) Gecko/20100101 Firefox/120.0" 3 **0/3024**
185.191.171.7 - - [04/Aug/2026:08:37:36 -0700] "GET /supert88/advertising/Announcement/122 HTTP/1.1" 404 6659 "-" "Mozilla/5.0 (compatible; SemrushBot/7~bl; +http://www.semrush.com/bot.html)" 80 **0/80880**
157.245.63.62 - - [04/Aug/2026:08:37:42 -0700] "GET /wp-admin/plugins.php HTTP/1.1" 200 7080 "https://www.salt.gov.jo/wp-login.php" "Mozilla/5.0 (Windows NT 10.0; Win64; x64; rv:120.0) Gecko/20100101 Firefox/120.0" 3 **0/3014**
68.67.112.109 - - [04/Aug/2026:08:37:43 -0700] "GET /pisau888/advertising/Bids HTTP/1.1" 200 7145 "-" "Mozilla/5.0 AppleWebKit/537.36 (KHTML, like Gecko; compatible; YouBot/1.0; +https://docs.you.com/youbot; env:prod) Chrome/142.0.0.0 Safari/537.36" 5 **0/5627**
85.208.96.207 - - [04/Aug/2026:08:37:45 -0700] "GET /nerakatoto/News/view/89 HTTP/1.1" 404 6659 "-" "Mozilla/5.0 (compatible; SemrushBot/7~bl; +http://www.semrush.com/bot.html)" 79 **0/79938**
157.245.63.62 - - [04/Aug/2026:08:37:51 -0700] "POST /wp-login.php HTTP/1.1" 200 7020 "https://www.salt.gov.jo/wp-login.php" "Mozilla/5.0 (Macintosh; Intel Mac OS X 10_15_7) AppleWebKit/537.36 (KHTML, like Gecko) Chrome/121.0.0.0 Safari/537.36" 3 **0/3046**
85.208.96.202 - - [04/Aug/2026:08:37:53 -0700] "GET /wegaming/advertising/Announcement/146 HTTP/1.1" 404 6659 "-" "Mozilla/5.0 (compatible; SemrushBot/7~bl; +http://www.semrush.com/bot.html)" 76 **0/76036**
185.191.171.1 - - [04/Aug/2026:08:37:56 -0700] "GET /racebet/advertising/Announcement/40 HTTP/1.1" 404 6659 "-" "Mozilla/5.0 (compatible; SemrushBot/7~bl; +http://www.semrush.com/bot.html)" 65 **0/65736**
157.245.63.62 - - [04/Aug/2026:08:37:59 -0700] "GET /wp-admin/index.php HTTP/1.1" 200 7029 "https://www.salt.gov.jo/wp-login.php" "Mozilla/5.0 (Windows NT 11.0; Win64; x64) AppleWebKit/537.36 (KHTML, like Gecko) Chrome/121.0.0.0 Safari/537.36" 3 **0/3113**
85.208.96.202 - - [04/Aug/2026:08:38:08 -0700] "GET /tga899/advertising/Bids HTTP/1.1" 404 6659 "-" "Mozilla/5.0 (compatible; SemrushBot/7~bl; +http://www.semrush.com/bot.html)" 74 **0/74962**
157.245.63.62 - - [04/Aug/2026:08:38:09 -0700] "GET /wp-admin/profile.php HTTP/1.1" 200 7032 "https://www.salt.gov.jo/wp-login.php" "Mozilla/5.0 (Windows NT 11.0; Win64; x64) AppleWebKit/537.36 (KHTML, like Gecko) Chrome/121.0.0.0 Safari/537.36" 4 **0/4003**
85.208.96.195 - - [04/Aug/2026:08:38:10 -0700] "GET /ATM138/Services HTTP/1.1" 404 6659 "-" "Mozilla/5.0 (compatible; SemrushBot/7~bl; +http://www.semrush.com/bot.html)" 60 **0/60191**
85.208.96.196 - - [04/Aug/2026:08:38:19 -0700] "GET /star911/Contact-Us/Complaints-Or-Suggestion HTTP/1.1" 404 6659 "-" "Mozilla/5.0 (compatible; SemrushBot/7~bl; +http://www.semrush.com/bot.html)" 79 **0/79222**
157.245.63.62 - - [04/Aug/2026:08:38:19 -0700] "GET /wp-admin/edit.php HTTP/1.1" 200 6996 "https://www.salt.gov.jo/wp-login.php" "Mozilla/5.0 (Windows NT 11.0; Win64; x64) AppleWebKit/537.36 (KHTML, like Gecko) Chrome/121.0.0.0 Safari/537.36" 3 **0/3491**
85.208.96.197 - - [04/Aug/2026:08:38:22 -0700] "GET /BEBTOTO/advertising/Announcement/200 HTTP/1.1" 404 6659 "-" "Mozilla/5.0 (compatible; SemrushBot/7~bl; +http://www.semrush.com/bot.html)" 77 **0/77296**
157.245.63.62 - - [04/Aug/2026:08:38:28 -0700] "GET /wp-admin/plugins.php HTTP/1.1" 200 7070 "https://www.salt.gov.jo/wp-login.php" "Mozilla/5.0 (Windows NT 11.0; Win64; x64) AppleWebKit/537.36 (KHTML, like Gecko) Chrome/121.0.0.0 Safari/537.36" 3 **0/3331**
185.191.171.18 - - [04/Aug/2026:08:38:30 -0700] "GET /?history=tikus365 HTTP/1.1" 302 418 "-" "Mozilla/5.0 (compatible; SemrushBot/7~bl; +http://www.semrush.com/bot.html)" 113 **0/113707**
85.208.96.195 - - [04/Aug/2026:08:38:31 -0700] "GET /ar?history=tikus365 HTTP/1.1" 200 13641 "-" "Mozilla/5.0 (compatible; SemrushBot/7~bl; +http://www.semrush.com/bot.html)" 88 **0/88699**
157.245.63.62 - - [04/Aug/2026:08:38:33 -0700] "POST /wp-login.php HTTP/1.1" 200 7085 "https://www.salt.gov.jo/wp-login.php" "Mozilla/5.0 (Macintosh; Intel Mac OS X 10_15_7) AppleWebKit/537.36 (KHTML, like Gecko) Chrome/119.0.0.0 Safari/537.36" 4 **0/4279**
85.208.96.193 - - [04/Aug/2026:08:38:35 -0700] "GET /percy888/advertising/Announcement/116 HTTP/1.1" 404 6659 "-" "Mozilla/5.0 (compatible; SemrushBot/7~bl; +http://www.semrush.com/bot.html)" 66 **0/66859**
185.191.171.13 - - [04/Aug/2026:08:38:37 -0700] "GET /ARWANA168/advertising/Announcement/71 HTTP/1.1" 404 6659 "-" "Mozilla/5.0 (compatible; SemrushBot/7~bl; +http://www.semrush.com/bot.html)" 55 **0/55089**
157.245.63.62 - - [04/Aug/2026:08:38:43 -0700] "GET /wp-admin/index.php HTTP/1.1" 200 6987 "https://www.salt.gov.jo/wp-login.php" "Mozilla/5.0 (Macintosh; Intel Mac OS X 10_15_7; rv:120.0) Gecko/20100101 Firefox/120.0" 3 **0/3351**
185.191.171.4 - - [04/Aug/2026:08:38:49 -0700] "GET /bangkok789/advertising/Bid/2 HTTP/1.1" 404 6659 "-" "Mozilla/5.0 (compatible; SemrushBot/7~bl; +http://www.semrush.com/bot.html)" 61 **0/61734**
43.172.198.191 - - [04/Aug/2026:08:38:54 -0700] "GET /show_news.php?id=1086 HTTP/1.1" 200 7075 "-" "Mozilla/5.0 (Windows NT 10.0; Win64; x64) AppleWebKit/537.36 (KHTML, like Gecko) Chrome/110.0.0.0 Safari/537.36" 2 **0/2833**
85.208.96.209 - - [04/Aug/2026:08:38:55 -0700] "GET /BONANZA138/advertising/Announcement/36 HTTP/1.1" 404 6659 "-" "Mozilla/5.0 (compatible; SemrushBot/7~bl; +http://www.semrush.com/bot.html)" 68 **0/68097**
85.208.96.202 - - [04/Aug/2026:08:38:57 -0700] "GET /wowslot66/advertising/Announcement/112 HTTP/1.1" 404 6659 "-" "Mozilla/5.0 (compatible; SemrushBot/7~bl; +http://www.semrush.com/bot.html)" 53 **0/53578**
185.191.171.18 - - [04/Aug/2026:08:38:58 -0700] "GET /pergi999/advertising/Announcement/61 HTTP/1.1" 404 6659 "-" "Mozilla/5.0 (compatible; SemrushBot/7~bl; +http://www.semrush.com/bot.html)" 66 **0/66571**
85.208.96.193 - - [04/Aug/2026:08:39:03 -0700] "GET /DEWA96/advertising/Bids HTTP/1.1" 404 6659 "-" "Mozilla/5.0 (compatible; SemrushBot/7~bl; +http://www.semrush.com/bot.html)" 80 **0/80176**
157.245.63.62 - - [04/Aug/2026:08:39:04 -0700] "GET /wp-admin/profile.php HTTP/1.1" 200 7026 "https://www.salt.gov.jo/wp-login.php" "Mozilla/5.0 (Macintosh; Intel Mac OS X 10_15_7; rv:120.0) Gecko/20100101 Firefox/120.0" 3 **0/3553**
85.208.96.201 - - [04/Aug/2026:08:39:09 -0700] "GET /jupiter4d/News/view/89 HTTP/1.1" 404 6659 "-" "Mozilla/5.0 (compatible; SemrushBot/7~bl; +http://www.semrush.com/bot.html)" 66 **0/66066**
185.191.171.14 - - [04/Aug/2026:08:39:12 -0700] "GET /psbet99/advertising/Announcement/159 HTTP/1.1" 404 6659 "-" "Mozilla/5.0 (compatible; SemrushBot/7~bl; +http://www.semrush.com/bot.html)" 55 **0/55230**
157.245.63.62 - - [04/Aug/2026:08:39:15 -0700] "GET /wp-admin/edit.php HTTP/1.1" 200 7079 "https://www.salt.gov.jo/wp-login.php" "Mozilla/5.0 (Macintosh; Intel Mac OS X 10_15_7; rv:120.0) Gecko/20100101 Firefox/120.0" 3 **0/3687**
85.208.96.206 - - [04/Aug/2026:08:39:18 -0700] "GET /nix777/advertising/Announcement/178 HTTP/1.1" 404 6659 "-" "Mozilla/5.0 (compatible; SemrushBot/7~bl; +http://www.semrush.com/bot.html)" 70 **0/70049**
85.208.96.200 - - [04/Aug/2026:08:39:25 -0700] "GET /pug999/advertising/Announcement/127 HTTP/1.1" 404 6659 "-" "Mozilla/5.0 (compatible; SemrushBot/7~bl; +http://www.semrush.com/bot.html)" 66 **0/66531**
157.245.63.62 - - [04/Aug/2026:08:39:30 -0700] "GET /wp-admin/plugins.php HTTP/1.1" 200 7037 "https://www.salt.gov.jo/wp-login.php" "Mozilla/5.0 (Macintosh; Intel Mac OS X 10_15_7; rv:120.0) Gecko/20100101 Firefox/120.0" 2 **0/2752**
85.208.96.197 - - [04/Aug/2026:08:39:30 -0700] "GET /BECAK4D/advertising/Announcement/141 HTTP/1.1" 404 6659 "-" "Mozilla/5.0 (compatible; SemrushBot/7~bl; +http://www.semrush.com/bot.html)" 75 **0/75555**
85.208.96.195 - - [04/Aug/2026:08:39:36 -0700] "GET /bengkeltogel/one-stop HTTP/1.1" 404 6659 "-" "Mozilla/5.0 (compatible; SemrushBot/7~bl; +http://www.semrush.com/bot.html)" 64 **0/64523**
185.191.171.5 - - [04/Aug/2026:08:39:42 -0700] "GET /?history=ASIKWIN HTTP/1.1" 302 398 "-" "Mozilla/5.0 (compatible; SemrushBot/7~bl; +http://www.semrush.com/bot.html)" 87 **0/87603**
185.191.171.11 - - [04/Aug/2026:08:39:43 -0700] "GET /drh88/advertising/Announcement/62 HTTP/1.1" 404 6659 "-" "Mozilla/5.0 (compatible; SemrushBot/7~bl; +http://www.semrush.com/bot.html)" 54 **0/54609**
85.208.96.201 - - [04/Aug/2026:08:39:43 -0700] "GET /volvo99/advertising/Announcement/160 HTTP/1.1" 404 6659 "-" "Mozilla/5.0 (compatible; SemrushBot/7~bl; +http://www.semrush.com/bot.html)" 55 **0/55768**
85.208.96.193 - - [04/Aug/2026:08:39:45 -0700] "GET /ar?history=ASIKWIN HTTP/1.1" 200 13620 "-" "Mozilla/5.0 (compatible; SemrushBot/7~bl; +http://www.semrush.com/bot.html)" 84 **0/84557**
157.245.63.62 - - [04/Aug/2026:08:39:45 -0700] "POST /wp-login.php HTTP/1.1" 200 7042 "https://www.salt.gov.jo/wp-login.php" "Mozilla/5.0 (Macintosh; Intel Mac OS X 13_6_1) AppleWebKit/605.1.15 (KHTML, like Gecko) Version/17.1 Safari/605.1.15" 3 **0/3408**
68.67.112.235 - - [04/Aug/2026:08:39:49 -0700] "GET /nobar99/News/view/88 HTTP/1.1" 200 7051 "-" "Mozilla/5.0 AppleWebKit/537.36 (KHTML, like Gecko; compatible; YouBot/1.0; +https://docs.you.com/youbot; env:prod) Chrome/142.0.0.0 Safari/537.36" 5 **0/5442**
85.208.96.197 - - [04/Aug/2026:08:39:59 -0700] "GET /BCL138/advertising/Announcement/135 HTTP/1.1" 404 6659 "-" "Mozilla/5.0 (compatible; SemrushBot/7~bl; +http://www.semrush.com/bot.html)" 75 **0/75497**
157.245.63.62 - - [04/Aug/2026:08:40:01 -0700] "GET /wp-admin/index.php HTTP/1.1" 200 7105 "https://www.salt.gov.jo/wp-login.php" "Mozilla/5.0 (Windows NT 10.0; Win64; x64; rv:118.0) Gecko/20100101 Firefox/118.0" 3 **0/3170**
185.191.171.17 - - [04/Aug/2026:08:40:07 -0700] "GET /4dmacau/advertising/Announcement/115 HTTP/1.1" 404 6659 "-" "Mozilla/5.0 (compatible; SemrushBot/7~bl; +http://www.semrush.com/bot.html)" 79 **0/79478**
