85.208.96.210 - - [04/Aug/2026:08:48:04 -0700] "GET /gorila99/advertising/Announcement/115 HTTP/1.1" 404 6659 "-" "Mozilla/5.0 (compatible; SemrushBot/7~bl; +http://www.semrush.com/bot.html)" 62 **0/62857**
85.208.96.197 - - [04/Aug/2026:08:48:07 -0700] "GET /MWIN328/About-Us/Manager-Of-Salt HTTP/1.1" 404 6659 "-" "Mozilla/5.0 (compatible; SemrushBot/7~bl; +http://www.semrush.com/bot.html)" 72 **0/72642**
157.245.63.62 - - [04/Aug/2026:08:48:08 -0700] "GET /wp-admin/edit.php HTTP/1.1" 200 7043 "https://www.salt.gov.jo/wp-login.php" "Mozilla/5.0 (X11; Linux x86_64) AppleWebKit/537.36 (KHTML, like Gecko) Chrome/118.0.0.0 Safari/537.36" 2 **0/2747**
157.245.63.62 - - [04/Aug/2026:08:48:17 -0700] "GET /wp-admin/plugins.php HTTP/1.1" 200 7041 "https://www.salt.gov.jo/wp-login.php" "Mozilla/5.0 (X11; Linux x86_64) AppleWebKit/537.36 (KHTML, like Gecko) Chrome/118.0.0.0 Safari/537.36" 3 **0/3377**
85.208.96.210 - - [04/Aug/2026:08:48:21 -0700] "GET /BOBA99/advertising/Announcement/122 HTTP/1.1" 404 6659 "-" "Mozilla/5.0 (compatible; SemrushBot/7~bl; +http://www.semrush.com/bot.html)" 73 **0/73403**
85.208.96.205 - - [04/Aug/2026:08:48:22 -0700] "GET /vioza77/advertising/Announcement/28 HTTP/1.1" 404 6659 "-" "Mozilla/5.0 (compatible; SemrushBot/7~bl; +http://www.semrush.com/bot.html)" 56 **0/56869**
157.245.63.62 - - [04/Aug/2026:08:48:23 -0700] "POST /wp-login.php HTTP/1.1" 200 7106 "https://www.salt.gov.jo/wp-login.php" "Mozilla/5.0 (Windows NT 10.0; Win64; x64) AppleWebKit/537.36 (KHTML, like Gecko) Chrome/118.0.0.0 Safari/537.36" 3 **0/3136**
85.208.96.196 - - [04/Aug/2026:08:48:25 -0700] "GET /ASG88/Knowledge HTTP/1.1" 404 6659 "-" "Mozilla/5.0 (compatible; SemrushBot/7~bl; +http://www.semrush.com/bot.html)" 64 **0/64759**
157.245.63.62 - - [04/Aug/2026:08:48:29 -0700] "GET /wp-admin/index.php HTTP/1.1" 200 7043 "https://www.salt.gov.jo/wp-login.php" "Mozilla/5.0 (Macintosh; Intel Mac OS X 13_6_1) AppleWebKit/605.1.15 (KHTML, like Gecko) Version/17.1 Safari/605.1.15" 2 **0/2900**
85.208.96.209 - - [04/Aug/2026:08:48:31 -0700] "GET /rao789/advertising/Announcement/85 HTTP/1.1" 404 6659 "-" "Mozilla/5.0 (compatible; SemrushBot/7~bl; +http://www.semrush.com/bot.html)" 70 **0/70691**
157.245.63.62 - - [04/Aug/2026:08:48:33 -0700] "GET /wp-admin/profile.php HTTP/1.1" 200 7066 "https://www.salt.gov.jo/wp-login.php" "Mozilla/5.0 (Macintosh; Intel Mac OS X 13_6_1) AppleWebKit/605.1.15 (KHTML, like Gecko) Version/17.1 Safari/605.1.15" 3 **0/3644**
157.245.63.62 - - [04/Aug/2026:08:48:37 -0700] "GET /wp-admin/edit.php HTTP/1.1" 200 7018 "https://www.salt.gov.jo/wp-login.php" "Mozilla/5.0 (Macintosh; Intel Mac OS X 13_6_1) AppleWebKit/605.1.15 (KHTML, like Gecko) Version/17.1 Safari/605.1.15" 3 **0/3608**
157.245.63.62 - - [04/Aug/2026:08:48:41 -0700] "GET /wp-admin/plugins.php HTTP/1.1" 200 7051 "https://www.salt.gov.jo/wp-login.php" "Mozilla/5.0 (Macintosh; Intel Mac OS X 13_6_1) AppleWebKit/605.1.15 (KHTML, like Gecko) Version/17.1 Safari/605.1.15" 3 **0/3502**
157.245.63.62 - - [04/Aug/2026:08:48:45 -0700] "POST /wp-login.php HTTP/1.1" 200 7026 "https://www.salt.gov.jo/wp-login.php" "Mozilla/5.0 (X11; Linux x86_64) AppleWebKit/537.36 (KHTML, like Gecko) Chrome/119.0.0.0 Safari/537.36" 4 **0/4131**
157.245.63.62 - - [04/Aug/2026:08:48:49 -0700] "GET /wp-admin/index.php HTTP/1.1" 200 7190 "https://www.salt.gov.jo/wp-login.php" "Mozilla/5.0 (Windows NT 11.0; Win64; x64; rv:120.0) Gecko/20100101 Firefox/120.0" 3 **0/3431**
157.245.63.62 - - [04/Aug/2026:08:48:54 -0700] "GET /wp-admin/profile.php HTTP/1.1" 200 7026 "https://www.salt.gov.jo/wp-login.php" "Mozilla/5.0 (Windows NT 11.0; Win64; x64; rv:120.0) Gecko/20100101 Firefox/120.0" 2 **0/2914**
157.245.63.62 - - [04/Aug/2026:08:48:59 -0700] "GET /wp-admin/edit.php HTTP/1.1" 200 6941 "https://www.salt.gov.jo/wp-login.php" "Mozilla/5.0 (Windows NT 11.0; Win64; x64; rv:120.0) Gecko/20100101 Firefox/120.0" 5 **0/5045**
185.191.171.7 - - [04/Aug/2026:08:49:02 -0700] "GET /son777/Salt-Area/area/Zay%20Area HTTP/1.1" 404 6659 "-" "Mozilla/5.0 (compatible; SemrushBot/7~bl; +http://www.semrush.com/bot.html)" 71 **0/71548**
47.128.24.242 - - [04/Aug/2026:08:49:02 -0700] "GET /robots.txt HTTP/1.1" 200 7009 "-" "Mozilla/5.0 (Linux; Android 5.0) AppleWebKit/537.36 (KHTML, like Gecko) Mobile Safari/537.36 (compatible; Bytespider; https://bytedance.sg.larkoffice.com/docx/K5bxdypulop3IIxrJb0lOjLVgFe)" 3 **0/3098**
185.191.171.1 - - [04/Aug/2026:08:49:04 -0700] "GET /ufa108/advertising/Announcement/181 HTTP/1.1" 404 6659 "-" "Mozilla/5.0 (compatible; SemrushBot/7~bl; +http://www.semrush.com/bot.html)" 60 **0/60521**
157.245.63.62 - - [04/Aug/2026:08:49:08 -0700] "GET /wp-admin/plugins.php HTTP/1.1" 200 7031 "https://www.salt.gov.jo/wp-login.php" "Mozilla/5.0 (Windows NT 11.0; Win64; x64; rv:120.0) Gecko/20100101 Firefox/120.0" 3 **0/3200**
157.245.63.62 - - [04/Aug/2026:08:49:15 -0700] "POST /wp-login.php HTTP/1.1" 200 7060 "https://www.salt.gov.jo/wp-login.php" "Mozilla/5.0 (Windows NT 10.0; Win64; x64) AppleWebKit/537.36 (KHTML, like Gecko) Chrome/118.0.0.0 Safari/537.36" 3 **0/3104**
85.208.96.194 - - [04/Aug/2026:08:49:19 -0700] "GET /ufar888/advertising/Announcement/161 HTTP/1.1" 404 6659 "-" "Mozilla/5.0 (compatible; SemrushBot/7~bl; +http://www.semrush.com/bot.html)" 66 **0/66487**
157.245.63.62 - - [04/Aug/2026:08:49:21 -0700] "GET /wp-admin/index.php HTTP/1.1" 200 6994 "https://www.salt.gov.jo/wp-login.php" "Mozilla/5.0 (Macintosh; Intel Mac OS X 13_6_1) AppleWebKit/605.1.15 (KHTML, like Gecko) Version/17.0 Safari/605.1.15" 2 **0/2690**
85.208.96.207 - - [04/Aug/2026:08:49:22 -0700] "GET /BOSSWIN168/advertising/Announcement/64 HTTP/1.1" 404 6659 "-" "Mozilla/5.0 (compatible; SemrushBot/7~bl; +http://www.semrush.com/bot.html)" 64 **0/64408**
185.191.171.9 - - [04/Aug/2026:08:49:22 -0700] "GET /EPG88/advertising/Announcement/85 HTTP/1.1" 404 6659 "-" "Mozilla/5.0 (compatible; SemrushBot/7~bl; +http://www.semrush.com/bot.html)" 56 **0/56861**
85.208.96.194 - - [04/Aug/2026:08:49:24 -0700] "GET /queen128/advertising/Announcement/24 HTTP/1.1" 404 6659 "-" "Mozilla/5.0 (compatible; SemrushBot/7~bl; +http://www.semrush.com/bot.html)" 57 **0/57785**
157.245.63.62 - - [04/Aug/2026:08:49:27 -0700] "GET /wp-admin/profile.php HTTP/1.1" 200 7090 "https://www.salt.gov.jo/wp-login.php" "Mozilla/5.0 (Macintosh; Intel Mac OS X 13_6_1) AppleWebKit/605.1.15 (KHTML, like Gecko) Version/17.0 Safari/605.1.15" 2 **0/2983**
157.245.63.62 - - [04/Aug/2026:08:49:33 -0700] "GET /wp-admin/edit.php HTTP/1.1" 200 7063 "https://www.salt.gov.jo/wp-login.php" "Mozilla/5.0 (Macintosh; Intel Mac OS X 13_6_1) AppleWebKit/605.1.15 (KHTML, like Gecko) Version/17.0 Safari/605.1.15" 3 **0/3214**
185.191.171.11 - - [04/Aug/2026:08:49:38 -0700] "GET /HOKIARENA/advertising/Bid/3 HTTP/1.1" 404 6659 "-" "Mozilla/5.0 (compatible; SemrushBot/7~bl; +http://www.semrush.com/bot.html)" 68 **0/68335**
157.245.63.62 - - [04/Aug/2026:08:49:39 -0700] "GET /wp-admin/plugins.php HTTP/1.1" 200 7052 "https://www.salt.gov.jo/wp-login.php" "Mozilla/5.0 (Macintosh; Intel Mac OS X 13_6_1) AppleWebKit/605.1.15 (KHTML, like Gecko) Version/17.0 Safari/605.1.15" 3 **0/3480**
85.208.96.206 - - [04/Aug/2026:08:49:46 -0700] "GET /unik138/Procedures-Guide HTTP/1.1" 404 6659 "-" "Mozilla/5.0 (compatible; SemrushBot/7~bl; +http://www.semrush.com/bot.html)" 62 **0/62946**
157.245.63.62 - - [04/Aug/2026:08:49:47 -0700] "POST /wp-login.php HTTP/1.1" 200 7027 "https://www.salt.gov.jo/wp-login.php" "Mozilla/5.0 (Windows NT 10.0; Win64; x64; rv:118.0) Gecko/20100101 Firefox/118.0" 2 **0/2351**
157.245.63.62 - - [04/Aug/2026:08:49:54 -0700] "GET /wp-admin/index.php HTTP/1.1" 200 7032 "https://www.salt.gov.jo/wp-login.php" "Mozilla/5.0 (Windows NT 10.0; Win64; x64; rv:120.0) Gecko/20100101 Firefox/120.0" 2 **0/2760**
185.191.171.8 - - [04/Aug/2026:08:49:57 -0700] "GET /BENTO123/advertising/Announcement/172 HTTP/1.1" 404 6659 "-" "Mozilla/5.0 (compatible; SemrushBot/7~bl; +http://www.semrush.com/bot.html)" 63 **0/63464**
185.191.171.18 - - [04/Aug/2026:08:49:58 -0700] "GET /pg4y/advertising/Announcement/135 HTTP/1.1" 404 6659 "-" "Mozilla/5.0 (compatible; SemrushBot/7~bl; +http://www.semrush.com/bot.html)" 52 **0/52734**
185.191.171.6 - - [04/Aug/2026:08:50:00 -0700] "GET /BOLA81/advertising/Announcement/143 HTTP/1.1" 404 6659 "-" "Mozilla/5.0 (compatible; SemrushBot/7~bl; +http://www.semrush.com/bot.html)" 72 **0/72329**
85.208.96.198 - - [04/Aug/2026:08:50:03 -0700] "GET /BONUSTOTO/advertising/Announcement/200 HTTP/1.1" 404 6659 "-" "Mozilla/5.0 (compatible; SemrushBot/7~bl; +http://www.semrush.com/bot.html)" 75 **0/75747**
157.245.63.62 - - [04/Aug/2026:08:50:04 -0700] "GET /wp-admin/profile.php HTTP/1.1" 200 7075 "https://www.salt.gov.jo/wp-login.php" "Mozilla/5.0 (Windows NT 10.0; Win64; x64; rv:120.0) Gecko/20100101 Firefox/120.0" 13 **0/13620**
85.208.96.207 - - [04/Aug/2026:08:50:10 -0700] "GET /twintogel/About-Us/Relation-Ship HTTP/1.1" 404 6659 "-" "Mozilla/5.0 (compatible; SemrushBot/7~bl; +http://www.semrush.com/bot.html)" 71 **0/71756**
157.245.63.62 - - [04/Aug/2026:08:50:13 -0700] "GET /wp-admin/edit.php HTTP/1.1" 200 6958 "https://www.salt.gov.jo/wp-login.php" "Mozilla/5.0 (Windows NT 10.0; Win64; x64; rv:120.0) Gecko/20100101 Firefox/120.0" 3 **0/3302**
185.191.171.12 - - [04/Aug/2026:08:50:19 -0700] "GET /pgslotceo/advertising/Announcement/104 HTTP/1.1" 404 6659 "-" "Mozilla/5.0 (compatible; SemrushBot/7~bl; +http://www.semrush.com/bot.html)" 75 **0/75015**
157.245.63.62 - - [04/Aug/2026:08:50:20 -0700] "GET /wp-admin/plugins.php HTTP/1.1" 200 7077 "https://www.salt.gov.jo/wp-login.php" "Mozilla/5.0 (Windows NT 10.0; Win64; x64; rv:120.0) Gecko/20100101 Firefox/120.0" 3 **0/3120**
157.245.63.62 - - [04/Aug/2026:08:50:28 -0700] "POST /wp-login.php HTTP/1.1" 200 7137 "https://www.salt.gov.jo/wp-login.php" "Mozilla/5.0 (Windows NT 10.0; Win64; x64; rv:118.0) Gecko/20100101 Firefox/118.0" 4 **0/4152**
85.208.96.193 - - [04/Aug/2026:08:50:28 -0700] "GET /miko999/advertising/All-Announcements HTTP/1.1" 404 6659 "-" "Mozilla/5.0 (compatible; SemrushBot/7~bl; +http://www.semrush.com/bot.html)" 71 **0/71403**
185.191.171.4 - - [04/Aug/2026:08:50:31 -0700] "GET /BEJO88/advertising/Announcement/39 HTTP/1.1" 404 6659 "-" "Mozilla/5.0 (compatible; SemrushBot/7~bl; +http://www.semrush.com/bot.html)" 81 **0/81837**
157.245.63.62 - - [04/Aug/2026:08:50:36 -0700] "GET /wp-admin/index.php HTTP/1.1" 200 7043 "https://www.salt.gov.jo/wp-login.php" "Mozilla/5.0 (Windows NT 11.0; Win64; x64; rv:120.0) Gecko/20100101 Firefox/120.0" 4 **0/4706**
85.208.96.202 - - [04/Aug/2026:08:50:44 -0700] "GET /777akun/advertising/Announcement/46 HTTP/1.1" 404 6659 "-" "Mozilla/5.0 (compatible; SemrushBot/7~bl; +http://www.semrush.com/bot.html)" 72 **0/72444**
85.208.96.206 - - [04/Aug/2026:08:50:50 -0700] "GET /wuling138/advertising/Announcement/170 HTTP/1.1" 404 6659 "-" "Mozilla/5.0 (compatible; SemrushBot/7~bl; +http://www.semrush.com/bot.html)" 69 **0/69651**
157.245.63.62 - - [04/Aug/2026:08:50:53 -0700] "GET /wp-admin/profile.php HTTP/1.1" 200 7055 "https://www.salt.gov.jo/wp-login.php" "Mozilla/5.0 (Windows NT 11.0; Win64; x64; rv:120.0) Gecko/20100101 Firefox/120.0" 3 **0/3341**
185.191.171.2 - - [04/Aug/2026:08:50:56 -0700] "GET /hk138/advertising/Announcement/20 HTTP/1.1" 404 6659 "-" "Mozilla/5.0 (compatible; SemrushBot/7~bl; +http://www.semrush.com/bot.html)" 68 **0/68488**
157.245.63.62 - - [04/Aug/2026:08:50:59 -0700] "GET /wp-admin/edit.php HTTP/1.1" 200 7049 "https://www.salt.gov.jo/wp-login.php" "Mozilla/5.0 (Windows NT 11.0; Win64; x64; rv:120.0) Gecko/20100101 Firefox/120.0" 3 **0/3626**
185.191.171.10 - - [04/Aug/2026:08:50:59 -0700] "GET /?history=hoki808 HTTP/1.1" 302 398 "-" "Mozilla/5.0 (compatible; SemrushBot/7~bl; +http://www.semrush.com/bot.html)" 85 **0/85968**
85.208.96.197 - - [04/Aug/2026:08:51:00 -0700] "GET /ar?history=hoki808 HTTP/1.1" 200 13614 "-" "Mozilla/5.0 (compatible; SemrushBot/7~bl; +http://www.semrush.com/bot.html)" 82 **0/82891**
185.191.171.1 - - [04/Aug/2026:08:51:02 -0700] "GET /robots.txt HTTP/1.1" 200 24 "-" "Mozilla/5.0 (compatible; SemrushBot/7~bl; +http://www.semrush.com/bot.html)" 9 **0/9126**
85.208.96.197 - - [04/Aug/2026:08:51:03 -0700] "GET /BOLA855/advertising/Announcement/179 HTTP/1.1" 404 6659 "-" "Mozilla/5.0 (compatible; SemrushBot/7~bl; +http://www.semrush.com/bot.html)" 71 **0/71822**
157.245.63.62 - - [04/Aug/2026:08:51:06 -0700] "GET /wp-admin/plugins.php HTTP/1.1" 200 7147 "https://www.salt.gov.jo/wp-login.php" "Mozilla/5.0 (Windows NT 11.0; Win64; x64; rv:120.0) Gecko/20100101 Firefox/120.0" 2 **0/2880**
85.208.96.193 - - [04/Aug/2026:08:51:09 -0700] "GET /BONANZA388/advertising/Announcement/71 HTTP/1.1" 404 6659 "-" "Mozilla/5.0 (compatible; SemrushBot/7~bl; +http://www.semrush.com/bot.html)" 89 **0/89157**
157.245.63.62 - - [04/Aug/2026:08:51:12 -0700] "POST /wp-login.php HTTP/1.1" 200 6975 "https://www.salt.gov.jo/wp-login.php" "Mozilla/5.0 (Windows NT 10.0; Win64; x64; rv:120.0) Gecko/20100101 Firefox/120.0" 3 **0/3435**
57.141.18.91 - - [04/Aug/2026:08:51:18 -0700] "GET /sitemap-index.xml/Directorates/Municipal-Directorates HTTP/2.0" 404 6659 "-" "Mozilla/5.0 (Windows NT 10.0; Win64; x64) AppleWebKit/537.36 (KHTML, like Gecko) Chrome/145.0.0.0 Safari/537.36 (compatible; meta-externalagent/1.1 (+https://developers.facebook.com/docs/sharing/webmasters/crawler))" 77 **0/77846**
185.191.171.13 - - [04/Aug/2026:08:51:19 -0700] "GET /prima888/advertising/Announcement/12 HTTP/1.1" 404 6659 "-" "Mozilla/5.0 (compatible; SemrushBot/7~bl; +http://www.semrush.com/bot.html)" 71 **0/71155**
157.245.63.62 - - [04/Aug/2026:08:51:19 -0700] "GET /wp-admin/index.php HTTP/1.1" 200 7069 "https://www.salt.gov.jo/wp-login.php" "Mozilla/5.0 (X11; Ubuntu; Linux x86_64) AppleWebKit/537.36 (KHTML, like Gecko) Chrome/121.0.0.0 Safari/537.36" 3 **0/3536**
185.191.171.18 - - [04/Aug/2026:08:51:20 -0700] "GET /rwcone/Services HTTP/1.1" 404 6659 "-" "Mozilla/5.0 (compatible; SemrushBot/7~bl; +http://www.semrush.com/bot.html)" 55 **0/55424**
85.208.96.199 - - [04/Aug/2026:08:51:21 -0700] "GET /parlay188/advertising/Announcement/15 HTTP/1.1" 404 6659 "-" "Mozilla/5.0 (compatible; SemrushBot/7~bl; +http://www.semrush.com/bot.html)" 73 **0/73747**
157.245.63.62 - - [04/Aug/2026:08:51:27 -0700] "GET /wp-admin/profile.php HTTP/1.1" 200 7019 "https://www.salt.gov.jo/wp-login.php" "Mozilla/5.0 (X11; Ubuntu; Linux x86_64) AppleWebKit/537.36 (KHTML, like Gecko) Chrome/121.0.0.0 Safari/537.36" 2 **0/2566**
185.191.171.12 - - [04/Aug/2026:08:51:27 -0700] "GET /BOLAZONA/advertising/Announcement/24 HTTP/1.1" 404 6659 "-" "Mozilla/5.0 (compatible; SemrushBot/7~bl; +http://www.semrush.com/bot.html)" 81 **0/81764**
185.191.171.11 - - [04/Aug/2026:08:51:27 -0700] "GET /pandutoto/advertising/Announcement/100 HTTP/1.1" 404 6659 "-" "Mozilla/5.0 (compatible; SemrushBot/7~bl; +http://www.semrush.com/bot.html)" 65 **0/65237**
157.245.63.62 - - [04/Aug/2026:08:51:34 -0700] "GET /wp-admin/edit.php HTTP/1.1" 200 6964 "https://www.salt.gov.jo/wp-login.php" "Mozilla/5.0 (X11; Ubuntu; Linux x86_64) AppleWebKit/537.36 (KHTML, like Gecko) Chrome/121.0.0.0 Safari/537.36" 3 **0/3752**
157.245.63.62 - - [04/Aug/2026:08:51:42 -0700] "GET /wp-admin/plugins.php HTTP/1.1" 200 7072 "https://www.salt.gov.jo/wp-login.php" "Mozilla/5.0 (X11; Ubuntu; Linux x86_64) AppleWebKit/537.36 (KHTML, like Gecko) Chrome/121.0.0.0 Safari/537.36" 2 **0/2992**
185.191.171.2 - - [04/Aug/2026:08:51:47 -0700] "GET /jw8/advertising/Announcement/173 HTTP/1.1" 404 6659 "-" "Mozilla/5.0 (compatible; SemrushBot/7~bl; +http://www.semrush.com/bot.html)" 78 **0/78531**
185.191.171.7 - - [04/Aug/2026:08:51:48 -0700] "GET /joko88/advertising/Announcements-and-Circulars HTTP/1.1" 404 6659 "-" "Mozilla/5.0 (compatible; SemrushBot/7~bl; +http://www.semrush.com/bot.html)" 59 **0/59320**
157.245.63.62 - - [04/Aug/2026:08:51:48 -0700] "POST /wp-login.php HTTP/1.1" 200 7061 "https://www.salt.gov.jo/wp-login.php" "Mozilla/5.0 (Macintosh; Intel Mac OS X 10_15_7) AppleWebKit/537.36 (KHTML, like Gecko) Chrome/118.0.0.0 Safari/537.36" 7 **0/7108**
85.208.96.203 - - [04/Aug/2026:08:51:52 -0700] "GET /BOBA55/advertising/Announcement/189 HTTP/1.1" 404 6659 "-" "Mozilla/5.0 (compatible; SemrushBot/7~bl; +http://www.semrush.com/bot.html)" 67 **0/67760**
85.208.96.209 - - [04/Aug/2026:08:51:54 -0700] "GET /pejabat88/advertising/Announcement/77 HTTP/1.1" 404 6659 "-" "Mozilla/5.0 (compatible; SemrushBot/7~bl; +http://www.semrush.com/bot.html)" 58 **0/58187**
157.245.63.62 - - [04/Aug/2026:08:51:55 -0700] "GET /wp-admin/index.php HTTP/1.1" 200 6994 "https://www.salt.gov.jo/wp-login.php" "Mozilla/5.0 (X11; Ubuntu; Linux x86_64) AppleWebKit/537.36 (KHTML, like Gecko) Chrome/118.0.0.0 Safari/537.36" 3 **0/3509**
157.245.63.62 - - [04/Aug/2026:08:52:02 -0700] "GET /wp-admin/profile.php HTTP/1.1" 200 7036 "https://www.salt.gov.jo/wp-login.php" "Mozilla/5.0 (X11; Ubuntu; Linux x86_64) AppleWebKit/537.36 (KHTML, like Gecko) Chrome/118.0.0.0 Safari/537.36" 3 **0/3289**
185.191.171.2 - - [04/Aug/2026:08:52:02 -0700] "GET /radar89/advertising/Announcement/44 HTTP/1.1" 404 6659 "-" "Mozilla/5.0 (compatible; SemrushBot/7~bl; +http://www.semrush.com/bot.html)" 72 **0/72450**
185.191.171.19 - - [04/Aug/2026:08:52:04 -0700] "GET /HBC138/advertising/Bid/2 HTTP/1.1" 404 6659 "-" "Mozilla/5.0 (compatible; SemrushBot/7~bl; +http://www.semrush.com/bot.html)" 65 **0/65131**
85.208.96.201 - - [04/Aug/2026:08:52:07 -0700] "GET /voxx168/Salt-Area/area/Earaa%20Area HTTP/1.1" 404 6659 "-" "Mozilla/5.0 (compatible; SemrushBot/7~bl; +http://www.semrush.com/bot.html)" 86 **0/86435**
157.245.63.62 - - [04/Aug/2026:08:52:10 -0700] "GET /wp-admin/edit.php HTTP/1.1" 200 7139 "https://www.salt.gov.jo/wp-login.php" "Mozilla/5.0 (X11; Ubuntu; Linux x86_64) AppleWebKit/537.36 (KHTML, like Gecko) Chrome/118.0.0.0 Safari/537.36" 3 **0/3772**
157.245.63.62 - - [04/Aug/2026:08:52:19 -0700] "GET /wp-admin/plugins.php HTTP/1.1" 200 7070 "https://www.salt.gov.jo/wp-login.php" "Mozilla/5.0 (X11; Ubuntu; Linux x86_64) AppleWebKit/537.36 (KHTML, like Gecko) Chrome/118.0.0.0 Safari/537.36" 3 **0/3299**
57.141.18.56 - - [04/Aug/2026:08:52:21 -0700] "GET /news-sitemap.xml/advertising/Announcement/98 HTTP/2.0" 404 6659 "-" "Mozilla/5.0 (Macintosh; Intel Mac OS X 10_15_7) AppleWebKit/537.36 (KHTML, like Gecko) Chrome/145.0.0.0 Safari/537.36 (compatible; meta-externalagent/1.1 (+https://developers.facebook.com/docs/sharing/webmasters/crawler))" 72 **0/72784**
185.191.171.15 - - [04/Aug/2026:08:52:21 -0700] "GET /puasawin/advertising/Announcement/178 HTTP/1.1" 404 6659 "-" "Mozilla/5.0 (compatible; SemrushBot/7~bl; +http://www.semrush.com/bot.html)" 55 **0/55586**
185.191.171.12 - - [04/Aug/2026:08:52:24 -0700] "GET /6dtogel/advertising/Announcement/189 HTTP/1.1" 404 6659 "-" "Mozilla/5.0 (compatible; SemrushBot/7~bl; +http://www.semrush.com/bot.html)" 80 **0/80331**
157.245.63.62 - - [04/Aug/2026:08:52:27 -0700] "POST /wp-login.php HTTP/1.1" 200 7006 "https://www.salt.gov.jo/wp-login.php" "Mozilla/5.0 (Macintosh; Intel Mac OS X 13_6_1) AppleWebKit/605.1.15 (KHTML, like Gecko) Version/17.2 Safari/605.1.15" 3 **0/3901**
185.191.171.6 - - [04/Aug/2026:08:52:32 -0700] "GET /KAYABOLA/advertising/Announcement/12 HTTP/1.1" 404 6659 "-" "Mozilla/5.0 (compatible; SemrushBot/7~bl; +http://www.semrush.com/bot.html)" 83 **0/83672**
185.191.171.15 - - [04/Aug/2026:08:52:33 -0700] "GET /selamat77/advertising/Announcement/44 HTTP/1.1" 404 6659 "-" "Mozilla/5.0 (compatible; SemrushBot/7~bl; +http://www.semrush.com/bot.html)" 66 **0/66496**
157.245.63.62 - - [04/Aug/2026:08:52:35 -0700] "GET /wp-admin/index.php HTTP/1.1" 200 6999 "https://www.salt.gov.jo/wp-login.php" "Mozilla/5.0 (X11; Ubuntu; Linux x86_64) AppleWebKit/537.36 (KHTML, like Gecko) Chrome/121.0.0.0 Safari/537.36" 10 **0/10232**
185.191.171.9 - - [04/Aug/2026:08:52:35 -0700] "GET /rtptogel/advertising/Announcement/109 HTTP/1.1" 404 6659 "-" "Mozilla/5.0 (compatible; SemrushBot/7~bl; +http://www.semrush.com/bot.html)" 73 **0/73302**
185.191.171.12 - - [04/Aug/2026:08:52:40 -0700] "GET /rico24h/About-Us/Manager-Of-Salt HTTP/1.1" 404 6659 "-" "Mozilla/5.0 (compatible; SemrushBot/7~bl; +http://www.semrush.com/bot.html)" 87 **0/87360**
157.245.63.62 - - [04/Aug/2026:08:52:42 -0700] "GET /wp-admin/profile.php HTTP/1.1" 200 6999 "https://www.salt.gov.jo/wp-login.php" "Mozilla/5.0 (X11; Ubuntu; Linux x86_64) AppleWebKit/537.36 (KHTML, like Gecko) Chrome/121.0.0.0 Safari/537.36" 3 **0/3585**
157.245.63.62 - - [04/Aug/2026:08:52:50 -0700] "GET /wp-admin/edit.php HTTP/1.1" 200 7026 "https://www.salt.gov.jo/wp-login.php" "Mozilla/5.0 (X11; Ubuntu; Linux x86_64) AppleWebKit/537.36 (KHTML, like Gecko) Chrome/121.0.0.0 Safari/537.36" 3 **0/3495**
157.245.63.62 - - [04/Aug/2026:08:52:56 -0700] "GET /wp-admin/plugins.php HTTP/1.1" 200 6991 "https://www.salt.gov.jo/wp-login.php" "Mozilla/5.0 (X11; Ubuntu; Linux x86_64) AppleWebKit/537.36 (KHTML, like Gecko) Chrome/121.0.0.0 Safari/537.36" 3 **0/3730**
85.208.96.211 - - [04/Aug/2026:08:53:04 -0700] "GET /BOLAWIN88/advertising/Announcement/98 HTTP/1.1" 404 6659 "-" "Mozilla/5.0 (compatible; SemrushBot/7~bl; +http://www.semrush.com/bot.html)" 72 **0/72371**
157.245.63.62 - - [04/Aug/2026:08:53:04 -0700] "POST /wp-login.php HTTP/1.1" 200 7102 "https://www.salt.gov.jo/wp-login.php" "Mozilla/5.0 (Macintosh; Intel Mac OS X 13_6_1) AppleWebKit/605.1.15 (KHTML, like Gecko) Version/17.2 Safari/605.1.15" 3 **0/3239**
185.191.171.9 - - [04/Aug/2026:08:53:06 -0700] "GET /sensa77/Salt-Area/area/Zay%20Area HTTP/1.1" 404 6659 "-" "Mozilla/5.0 (compatible; SemrushBot/7~bl; +http://www.semrush.com/bot.html)" 65 **0/65931**
157.245.63.62 - - [04/Aug/2026:08:53:13 -0700] "GET /wp-admin/index.php HTTP/1.1" 200 7004 "https://www.salt.gov.jo/wp-login.php" "Mozilla/5.0 (Windows NT 10.0; Win64; x64; rv:121.0) Gecko/20100101 Firefox/121.0" 3 **0/3677**
185.191.171.18 - - [04/Aug/2026:08:53:20 -0700] "GET /usa2468/advertising/Announcement/28 HTTP/1.1" 404 6659 "-" "Mozilla/5.0 (compatible; SemrushBot/7~bl; +http://www.semrush.com/bot.html)" 77 **0/77971**
157.245.63.62 - - [04/Aug/2026:08:53:21 -0700] "GET /wp-admin/profile.php HTTP/1.1" 200 7041 "https://www.salt.gov.jo/wp-login.php" "Mozilla/5.0 (Windows NT 10.0; Win64; x64; rv:121.0) Gecko/20100101 Firefox/121.0" 3 **0/3734**
85.208.96.193 - - [04/Aug/2026:08:53:22 -0700] "GET /666play/advertising/Announcement/66 HTTP/1.1" 404 6659 "-" "Mozilla/5.0 (compatible; SemrushBot/7~bl; +http://www.semrush.com/bot.html)" 53 **0/53992**
185.191.171.16 - - [04/Aug/2026:08:53:23 -0700] "GET /rajacuan77/advertising/Announcement/29 HTTP/1.1" 404 6659 "-" "Mozilla/5.0 (compatible; SemrushBot/7~bl; +http://www.semrush.com/bot.html)" 74 **0/74212**
157.245.63.62 - - [04/Aug/2026:08:53:29 -0700] "GET /wp-admin/edit.php HTTP/1.1" 200 6974 "https://www.salt.gov.jo/wp-login.php" "Mozilla/5.0 (Windows NT 10.0; Win64; x64; rv:121.0) Gecko/20100101 Firefox/121.0" 3 **0/3321**
157.245.63.62 - - [04/Aug/2026:08:53:36 -0700] "GET /wp-admin/plugins.php HTTP/1.1" 200 7182 "https://www.salt.gov.jo/wp-login.php" "Mozilla/5.0 (Windows NT 10.0; Win64; x64; rv:121.0) Gecko/20100101 Firefox/121.0" 2 **0/2993**
85.208.96.200 - - [04/Aug/2026:08:53:36 -0700] "GET /ria123/advertising/Announcement/103 HTTP/1.1" 404 6659 "-" "Mozilla/5.0 (compatible; SemrushBot/7~bl; +http://www.semrush.com/bot.html)" 64 **0/64497**
157.245.63.62 - - [04/Aug/2026:08:53:43 -0700] "POST /wp-login.php HTTP/1.1" 200 7046 "https://www.salt.gov.jo/wp-login.php" "Mozilla/5.0 (Windows NT 10.0; Win64; x64) AppleWebKit/537.36 (KHTML, like Gecko) Chrome/120.0.0.0 Safari/537.36" 4 **0/4806**
185.191.171.5 - - [04/Aug/2026:08:53:49 -0700] "GET /BARENG88/employee/employee-services HTTP/1.1" 404 6659 "-" "Mozilla/5.0 (compatible; SemrushBot/7~bl; +http://www.semrush.com/bot.html)" 80 **0/80903**
157.245.63.62 - - [04/Aug/2026:08:53:50 -0700] "GET /wp-admin/index.php HTTP/1.1" 200 7044 "https://www.salt.gov.jo/wp-login.php" "Mozilla/5.0 (Macintosh; Intel Mac OS X 10_15_7; rv:120.0) Gecko/20100101 Firefox/120.0" 3 **0/3401**
85.208.96.209 - - [04/Aug/2026:08:53:51 -0700] "GET /BOLA855/advertising/Announcement/88 HTTP/1.1" 404 6659 "-" "Mozilla/5.0 (compatible; SemrushBot/7~bl; +http://www.semrush.com/bot.html)" 62 **0/62057**
157.245.63.62 - - [04/Aug/2026:08:53:55 -0700] "GET /wp-admin/profile.php HTTP/1.1" 200 7010 "https://www.salt.gov.jo/wp-login.php" "Mozilla/5.0 (Macintosh; Intel Mac OS X 10_15_7; rv:120.0) Gecko/20100101 Firefox/120.0" 3 **0/3137**
43.173.180.42 - - [04/Aug/2026:08:53:59 -0700] "GET /show_news.php?id=1024 HTTP/1.1" 200 7070 "-" "Mozilla/5.0 (Windows NT 10.0; Win64; x64) AppleWebKit/537.36 (KHTML, like Gecko) Chrome/109.0.0.0 Safari/537.36" 3 **0/3171**
43.173.180.23 - - [04/Aug/2026:08:53:59 -0700] "GET /show_news.php?id=777 HTTP/1.1" 200 6998 "-" "Mozilla/5.0 (Windows NT 10.0; Win64; x64) AppleWebKit/537.36 (KHTML, like Gecko) Chrome/109.0.0.0 Safari/537.36" 2 **0/2910**
185.191.171.5 - - [04/Aug/2026:08:54:00 -0700] "GET /69liveth/advertising/Announcement/75 HTTP/1.1" 404 6659 "-" "Mozilla/5.0 (compatible; SemrushBot/7~bl; +http://www.semrush.com/bot.html)" 69 **0/69902**
157.245.63.62 - - [04/Aug/2026:08:54:00 -0700] "GET /wp-admin/edit.php HTTP/1.1" 200 6993 "https://www.salt.gov.jo/wp-login.php" "Mozilla/5.0 (Macintosh; Intel Mac OS X 10_15_7; rv:120.0) Gecko/20100101 Firefox/120.0" 6 **0/6192**
185.191.171.13 - - [04/Aug/2026:08:54:04 -0700] "GET /ROYALE168 HTTP/1.1" 404 6659 "-" "Mozilla/5.0 (compatible; SemrushBot/7~bl; +http://www.semrush.com/bot.html)" 84 **0/84066**
157.245.63.62 - - [04/Aug/2026:08:54:06 -0700] "GET /wp-admin/plugins.php HTTP/1.1" 200 6996 "https://www.salt.gov.jo/wp-login.php" "Mozilla/5.0 (Macintosh; Intel Mac OS X 10_15_7; rv:120.0) Gecko/20100101 Firefox/120.0" 2 **0/2953**
85.208.96.198 - - [04/Aug/2026:08:54:12 -0700] "GET /payung4d/advertising/Announcement/44 HTTP/1.1" 404 6659 "-" "Mozilla/5.0 (compatible; SemrushBot/7~bl; +http://www.semrush.com/bot.html)" 94 **0/94694**
157.245.63.62 - - [04/Aug/2026:08:54:13 -0700] "POST /wp-login.php HTTP/1.1" 200 7142 "https://www.salt.gov.jo/wp-login.php" "Mozilla/5.0 (Macintosh; Intel Mac OS X 10_15_7) AppleWebKit/537.36 (KHTML, like Gecko) Chrome/120.0.0.0 Safari/537.36" 3 **0/3334**
85.208.96.199 - - [04/Aug/2026:08:54:18 -0700] "GET /jackpot888/advertising/Announcement/96 HTTP/1.1" 404 6659 "-" "Mozilla/5.0 (compatible; SemrushBot/7~bl; +http://www.semrush.com/bot.html)" 77 **0/77605**
85.208.96.195 - - [04/Aug/2026:08:54:19 -0700] "GET /BEINCASH/advertising/Announcement/138 HTTP/1.1" 404 6659 "-" "Mozilla/5.0 (compatible; SemrushBot/7~bl; +http://www.semrush.com/bot.html)" 68 **0/68984**
157.245.63.62 - - [04/Aug/2026:08:54:20 -0700] "GET /wp-admin/index.php HTTP/1.1" 200 7063 "https://www.salt.gov.jo/wp-login.php" "Mozilla/5.0 (Windows NT 11.0; Win64; x64; rv:121.0) Gecko/20100101 Firefox/121.0" 2 **0/2962**
85.208.96.198 - - [04/Aug/2026:08:54:20 -0700] "GET /123INDO/Procedures-Guide HTTP/1.1" 404 6659 "-" "Mozilla/5.0 (compatible; SemrushBot/7~bl; +http://www.semrush.com/bot.html)" 78 **0/78781**
85.208.96.194 - - [04/Aug/2026:08:54:22 -0700] "GET /BONAFIT88/advertising/Announcement/126 HTTP/1.1" 404 6659 "-" "Mozilla/5.0 (compatible; SemrushBot/7~bl; +http://www.semrush.com/bot.html)" 60 **0/60990**
40.77.167.43 - - [04/Aug/2026:08:54:26 -0700] "GET /batik4d HTTP/2.0" 404 6659 "-" "Mozilla/5.0 AppleWebKit/537.36 (KHTML, like Gecko; compatible; bingbot/2.0; +http://www.bing.com/bingbot.htm) Chrome/116.0.1938.76 Safari/537.36" 77 **0/77399**
157.245.63.62 - - [04/Aug/2026:08:54:27 -0700] "GET /wp-admin/profile.php HTTP/1.1" 200 7107 "https://www.salt.gov.jo/wp-login.php" "Mozilla/5.0 (Windows NT 11.0; Win64; x64; rv:121.0) Gecko/20100101 Firefox/121.0" 3 **0/3903**
185.191.171.6 - - [04/Aug/2026:08:54:31 -0700] "GET /ROMA777/About-Us/About-Of-Salt HTTP/1.1" 404 6659 "-" "Mozilla/5.0 (compatible; SemrushBot/7~bl; +http://www.semrush.com/bot.html)" 85 **0/85379**
157.245.63.62 - - [04/Aug/2026:08:54:35 -0700] "GET /wp-admin/edit.php HTTP/1.1" 200 7059 "https://www.salt.gov.jo/wp-login.php" "Mozilla/5.0 (Windows NT 11.0; Win64; x64; rv:121.0) Gecko/20100101 Firefox/121.0" 3 **0/3513**
157.245.63.62 - - [04/Aug/2026:08:54:41 -0700] "GET /wp-admin/plugins.php HTTP/1.1" 200 7071 "https://www.salt.gov.jo/wp-login.php" "Mozilla/5.0 (Windows NT 11.0; Win64; x64; rv:121.0) Gecko/20100101 Firefox/121.0" 3 **0/3142**
85.208.96.195 - - [04/Aug/2026:08:54:41 -0700] "GET /papua777/advertising/Announcement/173 HTTP/1.1" 404 6659 "-" "Mozilla/5.0 (compatible; SemrushBot/7~bl; +http://www.semrush.com/bot.html)" 81 **0/81063**
85.208.96.199 - - [04/Aug/2026:08:54:47 -0700] "GET /pusat303/advertising/Announcement/158 HTTP/1.1" 404 6659 "-" "Mozilla/5.0 (compatible; SemrushBot/7~bl; +http://www.semrush.com/bot.html)" 72 **0/72247**
157.245.63.62 - - [04/Aug/2026:08:54:49 -0700] "POST /wp-login.php HTTP/1.1" 200 7046 "https://www.salt.gov.jo/wp-login.php" "Mozilla/5.0 (Macintosh; Intel Mac OS X 13_6_1; rv:120.0) Gecko/20100101 Firefox/120.0" 11 **0/11066**
85.208.96.199 - - [04/Aug/2026:08:54:52 -0700] "GET /mulia888/advertising/Announcement/97 HTTP/1.1" 404 6659 "-" "Mozilla/5.0 (compatible; SemrushBot/7~bl; +http://www.semrush.com/bot.html)" 67 **0/67204**
157.245.63.62 - - [04/Aug/2026:08:54:55 -0700] "GET /wp-admin/index.php HTTP/1.1" 200 7070 "https://www.salt.gov.jo/wp-login.php" "Mozilla/5.0 (Macintosh; Intel Mac OS X 13_6_1) AppleWebKit/605.1.15 (KHTML, like Gecko) Version/17.2 Safari/605.1.15" 2 **0/2992**
157.245.63.62 - - [04/Aug/2026:08:55:01 -0700] "GET /wp-admin/profile.php HTTP/1.1" 200 7060 "https://www.salt.gov.jo/wp-login.php" "Mozilla/5.0 (Macintosh; Intel Mac OS X 13_6_1) AppleWebKit/605.1.15 (KHTML, like Gecko) Version/17.2 Safari/605.1.15" 4 **0/4340**
43.173.182.35 - - [04/Aug/2026:08:55:02 -0700] "GET /show_news.php?id=1113 HTTP/1.1" 200 7069 "-" "Mozilla/5.0 (Windows NT 10.0; Win64; x64) AppleWebKit/537.36 (KHTML, like Gecko) Chrome/106.0.5249.119 Safari/537.36" 5 **0/5352**
43.172.198.24 - - [04/Aug/2026:08:55:02 -0700] "GET /show_news.php?id=913 HTTP/1.1" 200 7019 "-" "Mozilla/5.0 (Windows NT 10.0; Win64; x64) AppleWebKit/537.36 (KHTML, like Gecko) Chrome/105.0.0.0 Safari/537.3" 5 **0/5185**
157.245.63.62 - - [04/Aug/2026:08:55:10 -0700] "GET /wp-admin/edit.php HTTP/1.1" 200 7022 "https://www.salt.gov.jo/wp-login.php" "Mozilla/5.0 (Macintosh; Intel Mac OS X 13_6_1) AppleWebKit/605.1.15 (KHTML, like Gecko) Version/17.2 Safari/605.1.15" 2 **0/2973**
207.46.13.107 - - [04/Aug/2026:08:55:12 -0700] "GET /KOPI77/advertising/Announcement/175 HTTP/2.0" 404 6659 "-" "Mozilla/5.0 AppleWebKit/537.36 (KHTML, like Gecko; compatible; bingbot/2.0; +http://www.bing.com/bingbot.htm) Chrome/116.0.1938.76 Safari/537.36" 76 **0/76282**
185.191.171.19 - - [04/Aug/2026:08:55:14 -0700] "GET /BOLA7/advertising/Announcement/123 HTTP/1.1" 404 6659 "-" "Mozilla/5.0 (compatible; SemrushBot/7~bl; +http://www.semrush.com/bot.html)" 74 **0/74816**
85.208.96.211 - - [04/Aug/2026:08:55:18 -0700] "GET /rabona869/advertising/Announcement/103 HTTP/1.1" 404 6659 "-" "Mozilla/5.0 (compatible; SemrushBot/7~bl; +http://www.semrush.com/bot.html)" 88 **0/88566**
157.245.63.62 - - [04/Aug/2026:08:55:18 -0700] "GET /wp-admin/plugins.php HTTP/1.1" 200 7137 "https://www.salt.gov.jo/wp-login.php" "Mozilla/5.0 (Macintosh; Intel Mac OS X 13_6_1) AppleWebKit/605.1.15 (KHTML, like Gecko) Version/17.2 Safari/605.1.15" 3 **0/3103**
40.77.167.77 - - [04/Aug/2026:08:55:18 -0700] "GET /BOSSGACOR88/importent-Link HTTP/2.0" 404 6659 "-" "Mozilla/5.0 AppleWebKit/537.36 (KHTML, like Gecko; compatible; bingbot/2.0; +http://www.bing.com/bingbot.htm) Chrome/116.0.1938.76 Safari/537.36" 64 **0/64355**
85.208.96.197 - - [04/Aug/2026:08:55:21 -0700] "GET /juad888/one-stop HTTP/1.1" 404 6659 "-" "Mozilla/5.0 (compatible; SemrushBot/7~bl; +http://www.semrush.com/bot.html)" 76 **0/76300**
85.208.96.208 - - [04/Aug/2026:08:55:22 -0700] "GET /aset?fit=max&format=webp%3Fauto%3Dformat&img=aHR0cHM6Ly9pay5pbWFnZWtpdC5pby9nYW1iYXJiYXJ1L3Nsb3RnYWNvciUyMCgxMDQ3KS5wbmc%3D&w=2000 HTTP/1.1" 404 6659 "-" "Mozilla/5.0 (compatible; SemrushBot/7~bl; +http://www.semrush.com/bot.html)" 65 **0/65255**
157.245.63.62 - - [04/Aug/2026:08:55:26 -0700] "POST /wp-login.php HTTP/1.1" 200 7031 "https://www.salt.gov.jo/wp-login.php" "Mozilla/5.0 (X11; Ubuntu; Linux x86_64) AppleWebKit/537.36 (KHTML, like Gecko) Chrome/118.0.0.0 Safari/537.36" 4 **0/4266**
185.191.171.14 - - [04/Aug/2026:08:55:31 -0700] "GET /musik999/Directorates/Municipal-Directorates HTTP/1.1" 404 6659 "-" "Mozilla/5.0 (compatible; SemrushBot/7~bl; +http://www.semrush.com/bot.html)" 84 **0/84130**
85.208.96.201 - - [04/Aug/2026:08:55:31 -0700] "GET /ufa989/advertising/Announcement/107 HTTP/1.1" 404 6659 "-" "Mozilla/5.0 (compatible; SemrushBot/7~bl; +http://www.semrush.com/bot.html)" 61 **0/61407**
185.191.171.2 - - [04/Aug/2026:08:55:33 -0700] "GET /yakin188/advertising/Announcement/157 HTTP/1.1" 404 6659 "-" "Mozilla/5.0 (compatible; SemrushBot/7~bl; +http://www.semrush.com/bot.html)" 58 **0/58761**
157.245.63.62 - - [04/Aug/2026:08:55:33 -0700] "GET /wp-admin/index.php HTTP/1.1" 200 7155 "https://www.salt.gov.jo/wp-login.php" "Mozilla/5.0 (Windows NT 10.0; Win64; x64) AppleWebKit/537.36 (KHTML, like Gecko) Chrome/121.0.0.0 Safari/537.36" 8 **0/8195**
182.11.154.75 - - [04/Aug/2026:08:55:38 -0700] "GET / HTTP/1.1" 200 7052 "-" "Mozilla/5.0 (Windows NT 10.0; Win64; x64) AppleWebKit/537.36 (KHTML, like Gecko) Chrome/137.0.0.0 Safari/537.36" 3 **0/3182**
40.77.167.77 - - [04/Aug/2026:08:55:39 -0700] "GET /bio138/Tourism/Tourism-Of-Jordan HTTP/2.0" 404 6659 "-" "Mozilla/5.0 AppleWebKit/537.36 (KHTML, like Gecko; compatible; bingbot/2.0; +http://www.bing.com/bingbot.htm) Chrome/116.0.1938.76 Safari/537.36" 67 **0/67318**
157.245.63.62 - - [04/Aug/2026:08:55:41 -0700] "GET /wp-admin/profile.php HTTP/1.1" 200 7062 "https://www.salt.gov.jo/wp-login.php" "Mozilla/5.0 (Windows NT 10.0; Win64; x64) AppleWebKit/537.36 (KHTML, like Gecko) Chrome/121.0.0.0 Safari/537.36" 2 **0/2874**
57.141.18.80 - - [04/Aug/2026:08:55:46 -0700] "GET /news_sitemap.xml/advertising/Announcement/109 HTTP/2.0" 404 6659 "-" "Mozilla/5.0 (Windows NT 10.0; Win64; x64) AppleWebKit/537.36 (KHTML, like Gecko) Chrome/145.0.0.0 Safari/537.36 (compatible; meta-externalagent/1.1 (+https://developers.facebook.com/docs/sharing/webmasters/crawler))" 72 **0/72031**
85.208.96.193 - - [04/Aug/2026:08:55:49 -0700] "GET /?history=babang88 HTTP/1.1" 302 418 "-" "Mozilla/5.0 (compatible; SemrushBot/7~bl; +http://www.semrush.com/bot.html)" 95 **0/95306**
157.245.63.62 - - [04/Aug/2026:08:55:49 -0700] "GET /wp-admin/edit.php HTTP/1.1" 200 7069 "https://www.salt.gov.jo/wp-login.php" "Mozilla/5.0 (Windows NT 10.0; Win64; x64) AppleWebKit/537.36 (KHTML, like Gecko) Chrome/121.0.0.0 Safari/537.36" 3 **0/3495**
85.208.96.197 - - [04/Aug/2026:08:55:50 -0700] "GET /ar?history=babang88 HTTP/1.1" 200 13641 "-" "Mozilla/5.0 (compatible; SemrushBot/7~bl; +http://www.semrush.com/bot.html)" 79 **0/79531**
207.46.13.107 - - [04/Aug/2026:08:55:52 -0700] "GET /taiwan3d/advertising/Announcement/181 HTTP/2.0" 404 6659 "-" "Mozilla/5.0 AppleWebKit/537.36 (KHTML, like Gecko; compatible; bingbot/2.0; +http://www.bing.com/bingbot.htm) Chrome/116.0.1938.76 Safari/537.36" 66 **0/66783**
207.46.13.107 - - [04/Aug/2026:08:55:52 -0700] "GET /last_issue.php/advertising/Announcements-and-Circulars HTTP/2.0" 404 6659 "-" "Mozilla/5.0 AppleWebKit/537.36 (KHTML, like Gecko; compatible; bingbot/2.0; +http://www.bing.com/bingbot.htm) Chrome/116.0.1938.76 Safari/537.36" 57 **0/57939**
207.46.13.107 - - [04/Aug/2026:08:55:53 -0700] "GET /alam138/advertising/Announcement/153 HTTP/2.0" 404 6659 "-" "Mozilla/5.0 AppleWebKit/537.36 (KHTML, like Gecko; compatible; bingbot/2.0; +http://www.bing.com/bingbot.htm) Chrome/116.0.1938.76 Safari/537.36" 60 **0/60047**
157.245.63.62 - - [04/Aug/2026:08:55:56 -0700] "GET /wp-admin/plugins.php HTTP/1.1" 200 7102 "https://www.salt.gov.jo/wp-login.php" "Mozilla/5.0 (Windows NT 10.0; Win64; x64) AppleWebKit/537.36 (KHTML, like Gecko) Chrome/121.0.0.0 Safari/537.36" 3 **0/3079**
185.191.171.14 - - [04/Aug/2026:08:55:56 -0700] "GET /rawa66/advertising/Announcement/109 HTTP/1.1" 404 6659 "-" "Mozilla/5.0 (compatible; SemrushBot/7~bl; +http://www.semrush.com/bot.html)" 72 **0/72426**
40.77.167.43 - - [04/Aug/2026:08:56:01 -0700] "GET /gelap99/Directorates/Municipal-Directorates HTTP/2.0" 404 6659 "-" "Mozilla/5.0 AppleWebKit/537.36 (KHTML, like Gecko; compatible; bingbot/2.0; +http://www.bing.com/bingbot.htm) Chrome/116.0.1938.76 Safari/537.36" 80 **0/80161**
157.55.39.59 - - [04/Aug/2026:08:56:01 -0700] "GET /tokyo777/Directorates/Municipal-Directorates-page/Directorate%20of%20Parks%20and%20Parks HTTP/2.0" 404 6659 "-" "Mozilla/5.0 AppleWebKit/537.36 (KHTML, like Gecko; compatible; bingbot/2.0; +http://www.bing.com/bingbot.htm) Chrome/116.0.1938.76 Safari/537.36" 65 **0/65372**
40.77.167.43 - - [04/Aug/2026:08:56:01 -0700] "GET /GRANGER88/advertising/Announcement/139 HTTP/2.0" 404 6659 "-" "Mozilla/5.0 AppleWebKit/537.36 (KHTML, like Gecko; compatible; bingbot/2.0; +http://www.bing.com/bingbot.htm) Chrome/116.0.1938.76 Safari/537.36" 66 **0/66625**
40.77.167.43 - - [04/Aug/2026:08:56:01 -0700] "GET /789casino/advertising/Announcement/148 HTTP/2.0" 404 6659 "-" "Mozilla/5.0 AppleWebKit/537.36 (KHTML, like Gecko; compatible; bingbot/2.0; +http://www.bing.com/bingbot.htm) Chrome/116.0.1938.76 Safari/537.36" 71 **0/71955**
40.77.167.43 - - [04/Aug/2026:08:56:01 -0700] "GET /TVTOTO/advertising/Announcement/170 HTTP/2.0" 404 6659 "-" "Mozilla/5.0 AppleWebKit/537.36 (KHTML, like Gecko; compatible; bingbot/2.0; +http://www.bing.com/bingbot.htm) Chrome/116.0.1938.76 Safari/537.36" 66 **0/66690**
40.77.167.43 - - [04/Aug/2026:08:56:01 -0700] "GET /MESIN88/advertising/Announcement/195 HTTP/2.0" 404 6659 "-" "Mozilla/5.0 AppleWebKit/537.36 (KHTML, like Gecko; compatible; bingbot/2.0; +http://www.bing.com/bingbot.htm) Chrome/116.0.1938.76 Safari/537.36" 78 **0/78969**
85.208.96.193 - - [04/Aug/2026:08:56:01 -0700] "GET /rama588/Salt-Area/area/Zay%20Area HTTP/1.1" 404 6659 "-" "Mozilla/5.0 (compatible; SemrushBot/7~bl; +http://www.semrush.com/bot.html)" 82 **0/82187**
157.245.63.62 - - [04/Aug/2026:08:56:03 -0700] "POST /wp-login.php HTTP/1.1" 200 7036 "https://www.salt.gov.jo/wp-login.php" "Mozilla/5.0 (Macintosh; Intel Mac OS X 10_15_7; rv:120.0) Gecko/20100101 Firefox/120.0" 3 **0/3379**
185.191.171.11 - - [04/Aug/2026:08:56:05 -0700] "GET /ufa7bet/advertising/Announcement/149 HTTP/1.1" 404 6659 "-" "Mozilla/5.0 (compatible; SemrushBot/7~bl; +http://www.semrush.com/bot.html)" 69 **0/69736**
207.46.13.107 - - [04/Aug/2026:08:56:06 -0700] "GET /join66/advertising/Announcement/194 HTTP/2.0" 404 6659 "-" "Mozilla/5.0 AppleWebKit/537.36 (KHTML, like Gecko; compatible; bingbot/2.0; +http://www.bing.com/bingbot.htm) Chrome/116.0.1938.76 Safari/537.36" 55 **0/55775**
185.191.171.12 - - [04/Aug/2026:08:56:06 -0700] "GET /JIN69/advertising/Bid/3 HTTP/1.1" 404 6659 "-" "Mozilla/5.0 (compatible; SemrushBot/7~bl; +http://www.semrush.com/bot.html)" 199 **0/199620**
207.46.13.107 - - [04/Aug/2026:08:56:07 -0700] "GET /orion888/advertising/Announcement/167 HTTP/2.0" 404 6659 "-" "Mozilla/5.0 AppleWebKit/537.36 (KHTML, like Gecko; compatible; bingbot/2.0; +http://www.bing.com/bingbot.htm) Chrome/116.0.1938.76 Safari/537.36" 85 **0/85831**
207.46.13.107 - - [04/Aug/2026:08:56:07 -0700] "GET /HITOGEL/advertising/Announcement/17 HTTP/2.0" 404 6659 "-" "Mozilla/5.0 AppleWebKit/537.36 (KHTML, like Gecko; compatible; bingbot/2.0; +http://www.bing.com/bingbot.htm) Chrome/116.0.1938.76 Safari/537.36" 161 **0/161445**
40.77.167.43 - - [04/Aug/2026:08:56:11 -0700] "GET /TVTOTO/advertising/Announcement/39 HTTP/2.0" 404 6659 "-" "Mozilla/5.0 AppleWebKit/537.36 (KHTML, like Gecko; compatible; bingbot/2.0; +http://www.bing.com/bingbot.htm) Chrome/116.0.1938.76 Safari/537.36" 79 **0/79540**
157.245.63.62 - - [04/Aug/2026:08:56:11 -0700] "GET /wp-admin/index.php HTTP/1.1" 200 6987 "https://www.salt.gov.jo/wp-login.php" "Mozilla/5.0 (Macintosh; Intel Mac OS X 13_6_1; rv:118.0) Gecko/20100101 Firefox/118.0" 3 **0/3881**
85.208.96.210 - - [04/Aug/2026:08:56:12 -0700] "GET /BONANZA138/advertising/Announcement/86 HTTP/1.1" 404 6659 "-" "Mozilla/5.0 (compatible; SemrushBot/7~bl; +http://www.semrush.com/bot.html)" 55 **0/55044**
185.191.171.4 - - [04/Aug/2026:08:56:13 -0700] "GET /BEJO88/advertising/Announcement/181 HTTP/1.1" 404 6659 "-" "Mozilla/5.0 (compatible; SemrushBot/7~bl; +http://www.semrush.com/bot.html)" 59 **0/59720**
85.208.96.209 - - [04/Aug/2026:08:56:14 -0700] "GET /?history=cuaca88 HTTP/1.1" 302 398 "-" "Mozilla/5.0 (compatible; SemrushBot/7~bl; +http://www.semrush.com/bot.html)" 92 **0/92624**
85.208.96.196 - - [04/Aug/2026:08:56:15 -0700] "GET /ar?history=cuaca88 HTTP/1.1" 200 13617 "-" "Mozilla/5.0 (compatible; SemrushBot/7~bl; +http://www.semrush.com/bot.html)" 79 **0/79441**
157.55.39.59 - - [04/Aug/2026:08:56:16 -0700] "GET /SEMUA888/advertising/Announcement/110 HTTP/2.0" 404 6659 "-" "Mozilla/5.0 AppleWebKit/537.36 (KHTML, like Gecko; compatible; bingbot/2.0; +http://www.bing.com/bingbot.htm) Chrome/116.0.1938.76 Safari/537.36" 58 **0/58086**
157.55.39.59 - - [04/Aug/2026:08:56:16 -0700] "GET /GATOT168/advertising/Announcement/52 HTTP/2.0" 404 6659 "-" "Mozilla/5.0 AppleWebKit/537.36 (KHTML, like Gecko; compatible; bingbot/2.0; +http://www.bing.com/bingbot.htm) Chrome/116.0.1938.76 Safari/537.36" 62 **0/62319**
157.55.39.59 - - [04/Aug/2026:08:56:16 -0700] "GET /ovo78/advertising/Announcement/163 HTTP/2.0" 404 6659 "-" "Mozilla/5.0 AppleWebKit/537.36 (KHTML, like Gecko; compatible; bingbot/2.0; +http://www.bing.com/bingbot.htm) Chrome/116.0.1938.76 Safari/537.36" 63 **0/63894**
157.55.39.59 - - [04/Aug/2026:08:56:16 -0700] "GET /lolipop69/advertising/Announcement/19 HTTP/2.0" 404 6659 "-" "Mozilla/5.0 AppleWebKit/537.36 (KHTML, like Gecko; compatible; bingbot/2.0; +http://www.bing.com/bingbot.htm) Chrome/116.0.1938.76 Safari/537.36" 53 **0/53072**
157.245.63.62 - - [04/Aug/2026:08:56:19 -0700] "GET /wp-admin/profile.php HTTP/1.1" 200 7000 "https://www.salt.gov.jo/wp-login.php" "Mozilla/5.0 (Macintosh; Intel Mac OS X 13_6_1; rv:118.0) Gecko/20100101 Firefox/118.0" 3 **0/3009**
185.191.171.5 - - [04/Aug/2026:08:56:21 -0700] "GET /BERUANG168/advertising/Announcement/93 HTTP/1.1" 404 6659 "-" "Mozilla/5.0 (compatible; SemrushBot/7~bl; +http://www.semrush.com/bot.html)" 66 **0/66913**
157.245.63.62 - - [04/Aug/2026:08:56:25 -0700] "GET /wp-admin/edit.php HTTP/1.1" 200 6933 "https://www.salt.gov.jo/wp-login.php" "Mozilla/5.0 (Macintosh; Intel Mac OS X 13_6_1; rv:118.0) Gecko/20100101 Firefox/118.0" 3 **0/3536**
185.191.171.14 - - [04/Aug/2026:08:56:31 -0700] "GET /ufa98x/advertising/Announcement/170 HTTP/1.1" 404 6659 "-" "Mozilla/5.0 (compatible; SemrushBot/7~bl; +http://www.semrush.com/bot.html)" 70 **0/70257**
157.245.63.62 - - [04/Aug/2026:08:56:32 -0700] "GET /wp-admin/plugins.php HTTP/1.1" 200 7106 "https://www.salt.gov.jo/wp-login.php" "Mozilla/5.0 (Macintosh; Intel Mac OS X 13_6_1; rv:118.0) Gecko/20100101 Firefox/118.0" 3 **0/3146**
157.245.63.62 - - [04/Aug/2026:08:56:39 -0700] "POST /wp-login.php HTTP/1.1" 200 7106 "https://www.salt.gov.jo/wp-login.php" "Mozilla/5.0 (Macintosh; Intel Mac OS X 13_6_1) AppleWebKit/537.36 (KHTML, like Gecko) Chrome/119.0.0.0 Safari/537.36" 3 **0/3584**
185.191.171.6 - - [04/Aug/2026:08:56:41 -0700] "GET /pajak4d/advertising/Announcement/129 HTTP/1.1" 404 6659 "-" "Mozilla/5.0 (compatible; SemrushBot/7~bl; +http://www.semrush.com/bot.html)" 80 **0/80965**
185.191.171.12 - - [04/Aug/2026:08:56:42 -0700] "GET /twintogel/Services/10 HTTP/1.1" 404 6659 "-" "Mozilla/5.0 (compatible; SemrushBot/7~bl; +http://www.semrush.com/bot.html)" 60 **0/60338**
85.208.96.197 - - [04/Aug/2026:08:56:44 -0700] "GET /mpo1181/About-Us/Municipal-Council-Members HTTP/1.1" 404 6659 "-" "Mozilla/5.0 (compatible; SemrushBot/7~bl; +http://www.semrush.com/bot.html)" 73 **0/73456**
20.215.220.180 - - [04/Aug/2026:08:56:45 -0700] "GET / HTTP/2.0" 302 334 "-" "Mozilla/5.0 AppleWebKit/537.36 (KHTML, like Gecko); compatible; ChatGPT-User/1.0; +https://openai.com/bot" 60 **0/60285**
20.215.220.180 - - [04/Aug/2026:08:56:46 -0700] "GET /ar HTTP/2.0" 200 13600 "-" "Mozilla/5.0 AppleWebKit/537.36 (KHTML, like Gecko); compatible; ChatGPT-User/1.0; +https://openai.com/bot" 80 **0/80345**
157.245.63.62 - - [04/Aug/2026:08:56:46 -0700] "GET /wp-admin/index.php HTTP/1.1" 200 7004 "https://www.salt.gov.jo/wp-login.php" "Mozilla/5.0 (X11; Ubuntu; Linux x86_64) AppleWebKit/537.36 (KHTML, like Gecko) Chrome/118.0.0.0 Safari/537.36" 3 **0/3683**
157.245.63.62 - - [04/Aug/2026:08:56:53 -0700] "GET /wp-admin/profile.php HTTP/1.1" 200 7112 "https://www.salt.gov.jo/wp-login.php" "Mozilla/5.0 (X11; Ubuntu; Linux x86_64) AppleWebKit/537.36 (KHTML, like Gecko) Chrome/118.0.0.0 Safari/537.36" 3 **0/3305**
157.245.63.62 - - [04/Aug/2026:08:56:59 -0700] "GET /wp-admin/edit.php HTTP/1.1" 200 7094 "https://www.salt.gov.jo/wp-login.php" "Mozilla/5.0 (X11; Ubuntu; Linux x86_64) AppleWebKit/537.36 (KHTML, like Gecko) Chrome/118.0.0.0 Safari/537.36" 6 **0/6915**
85.208.96.200 - - [04/Aug/2026:08:57:01 -0700] "GET /toko123/Knowledge HTTP/1.1" 404 6659 "-" "Mozilla/5.0 (compatible; SemrushBot/7~bl; +http://www.semrush.com/bot.html)" 81 **0/81452**
157.245.63.62 - - [04/Aug/2026:08:57:06 -0700] "GET /wp-admin/plugins.php HTTP/1.1" 200 7132 "https://www.salt.gov.jo/wp-login.php" "Mozilla/5.0 (X11; Ubuntu; Linux x86_64) AppleWebKit/537.36 (KHTML, like Gecko) Chrome/118.0.0.0 Safari/537.36" 3 **0/3316**
185.191.171.11 - - [04/Aug/2026:08:57:07 -0700] "GET /BIRTOTO/advertising/Announcement/175 HTTP/1.1" 404 6659 "-" "Mozilla/5.0 (compatible; SemrushBot/7~bl; +http://www.semrush.com/bot.html)" 66 **0/66692**
157.245.63.62 - - [04/Aug/2026:08:57:14 -0700] "POST /wp-login.php HTTP/1.1" 200 7061 "https://www.salt.gov.jo/wp-login.php" "Mozilla/5.0 (Macintosh; Intel Mac OS X 10_15_7) AppleWebKit/605.1.15 (KHTML, like Gecko) Version/17.2 Safari/605.1.15" 3 **0/3994**
85.208.96.197 - - [04/Aug/2026:08:57:18 -0700] "GET /tkb138/advertising/Announcement/105 HTTP/1.1" 404 6659 "-" "Mozilla/5.0 (compatible; SemrushBot/7~bl; +http://www.semrush.com/bot.html)" 65 **0/65102**
157.245.63.62 - - [04/Aug/2026:08:57:22 -0700] "GET /wp-admin/index.php HTTP/1.1" 200 7110 "https://www.salt.gov.jo/wp-login.php" "Mozilla/5.0 (Macintosh; Intel Mac OS X 10_15_7) AppleWebKit/537.36 (KHTML, like Gecko) Chrome/118.0.0.0 Safari/537.36" 3 **0/3274**
85.208.96.194 - - [04/Aug/2026:08:57:22 -0700] "GET /othjo.com/advertising/Announcement/99 HTTP/1.1" 404 6659 "-" "Mozilla/5.0 (compatible; SemrushBot/7~bl; +http://www.semrush.com/bot.html)" 78 **0/78718**
185.191.171.1 - - [04/Aug/2026:08:57:23 -0700] "GET /BONENGWIN/advertising/Announcement/135 HTTP/1.1" 404 6659 "-" "Mozilla/5.0 (compatible; SemrushBot/7~bl; +http://www.semrush.com/bot.html)" 61 **0/61865**
157.245.63.62 - - [04/Aug/2026:08:57:30 -0700] "GET /wp-admin/profile.php HTTP/1.1" 200 7005 "https://www.salt.gov.jo/wp-login.php" "Mozilla/5.0 (Macintosh; Intel Mac OS X 10_15_7) AppleWebKit/537.36 (KHTML, like Gecko) Chrome/118.0.0.0 Safari/537.36" 3 **0/3227**
85.208.96.196 - - [04/Aug/2026:08:57:37 -0700] "GET /BONENGWIN/advertising/Announcement/174 HTTP/1.1" 404 6659 "-" "Mozilla/5.0 (compatible; SemrushBot/7~bl; +http://www.semrush.com/bot.html)" 76 **0/76400**
157.245.63.62 - - [04/Aug/2026:08:57:39 -0700] "GET /wp-admin/edit.php HTTP/1.1" 200 6961 "https://www.salt.gov.jo/wp-login.php" "Mozilla/5.0 (Macintosh; Intel Mac OS X 10_15_7) AppleWebKit/537.36 (KHTML, like Gecko) Chrome/118.0.0.0 Safari/537.36" 2 **0/2824**
157.245.63.62 - - [04/Aug/2026:08:57:46 -0700] "GET /wp-admin/plugins.php HTTP/1.1" 200 7086 "https://www.salt.gov.jo/wp-login.php" "Mozilla/5.0 (Macintosh; Intel Mac OS X 10_15_7) AppleWebKit/537.36 (KHTML, like Gecko) Chrome/118.0.0.0 Safari/537.36" 4 **0/4227**
185.191.171.5 - - [04/Aug/2026:08:57:49 -0700] "GET /tiket88/Services HTTP/1.1" 404 6659 "-" "Mozilla/5.0 (compatible; SemrushBot/7~bl; +http://www.semrush.com/bot.html)" 70 **0/70301**
85.208.96.211 - - [04/Aug/2026:08:57:50 -0700] "GET /ufaallin/advertising/Announcement/192 HTTP/1.1" 404 6659 "-" "Mozilla/5.0 (compatible; SemrushBot/7~bl; +http://www.semrush.com/bot.html)" 67 **0/67487**
157.245.63.62 - - [04/Aug/2026:08:57:54 -0700] "POST /wp-login.php HTTP/1.1" 200 7007 "https://www.salt.gov.jo/wp-login.php" "Mozilla/5.0 (Macintosh; Intel Mac OS X 13_6_1) AppleWebKit/605.1.15 (KHTML, like Gecko) Version/16.6 Safari/605.1.15" 10 **0/10405**
185.191.171.14 - - [04/Aug/2026:08:57:58 -0700] "GET /rupiah999/advertising/Announcement/100 HTTP/1.1" 404 6659 "-" "Mozilla/5.0 (compatible; SemrushBot/7~bl; +http://www.semrush.com/bot.html)" 67 **0/67877**
85.208.96.194 - - [04/Aug/2026:08:57:58 -0700] "GET /tri77bet/advertising/Announcement/143 HTTP/1.1" 404 6659 "-" "Mozilla/5.0 (compatible; SemrushBot/7~bl; +http://www.semrush.com/bot.html)" 57 **0/57996**
157.245.63.62 - - [04/Aug/2026:08:58:02 -0700] "GET /wp-admin/index.php HTTP/1.1" 200 7120 "https://www.salt.gov.jo/wp-login.php" "Mozilla/5.0 (Macintosh; Intel Mac OS X 13_6_1; rv:118.0) Gecko/20100101 Firefox/118.0" 3 **0/3448**
185.191.171.4 - - [04/Aug/2026:08:58:07 -0700] "GET /kfc77/advertising/Announcement/13 HTTP/1.1" 404 6659 "-" "Mozilla/5.0 (compatible; SemrushBot/7~bl; +http://www.semrush.com/bot.html)" 63 **0/63617**
157.245.63.62 - - [04/Aug/2026:08:58:12 -0700] "GET /wp-admin/profile.php HTTP/1.1" 200 7086 "https://www.salt.gov.jo/wp-login.php" "Mozilla/5.0 (Macintosh; Intel Mac OS X 13_6_1; rv:118.0) Gecko/20100101 Firefox/118.0" 8 **0/8976**
