185.191.171.17 - - [04/Aug/2026:07:46:35 -0700] "GET /papua123/advertising/Announcement/127 HTTP/1.1" 404 6659 "-" "Mozilla/5.0 (compatible; SemrushBot/7~bl; +http://www.semrush.com/bot.html)" 63 **0/63791**
85.208.96.203 - - [04/Aug/2026:07:46:42 -0700] "GET /pan99/advertising/Announcement/138 HTTP/1.1" 404 6659 "-" "Mozilla/5.0 (compatible; SemrushBot/7~bl; +http://www.semrush.com/bot.html)" 81 **0/81716**
85.208.96.207 - - [04/Aug/2026:07:46:47 -0700] "GET /BONG4D/advertising/Announcement/52 HTTP/1.1" 404 6659 "-" "Mozilla/5.0 (compatible; SemrushBot/7~bl; +http://www.semrush.com/bot.html)" 71 **0/71685**
185.191.171.5 - - [04/Aug/2026:07:47:09 -0700] "GET /ways77/advertising/Announcement/184 HTTP/1.1" 404 6659 "-" "Mozilla/5.0 (compatible; SemrushBot/7~bl; +http://www.semrush.com/bot.html)" 81 **0/81976**
185.191.171.12 - - [04/Aug/2026:07:47:16 -0700] "GET /BELUTJP/advertising/Announcement/160 HTTP/1.1" 404 6659 "-" "Mozilla/5.0 (compatible; SemrushBot/7~bl; +http://www.semrush.com/bot.html)" 74 **0/74318**
185.191.171.11 - - [04/Aug/2026:07:47:19 -0700] "GET /valowin/Salt-Area/area/Um-Jozah%20Area HTTP/1.1" 404 6659 "-" "Mozilla/5.0 (compatible; SemrushBot/7~bl; +http://www.semrush.com/bot.html)" 66 **0/66747**
57.141.18.6 - - [04/Aug/2026:07:47:24 -0700] "GET /sitemap-index.xml/Salt-Area/area/Al-Yazidiyya%20Area HTTP/2.0" 404 6659 "-" "Mozilla/5.0 (Windows NT 10.0; Win64; x64) AppleWebKit/537.36 (KHTML, like Gecko) Chrome/145.0.0.0 Safari/537.36 (compatible; meta-externalagent/1.1 (+https://developers.facebook.com/docs/sharing/webmasters/crawler))" 67 **0/67586**
85.208.96.202 - - [04/Aug/2026:07:47:25 -0700] "GET /tato777/advertising/Announcement/67 HTTP/1.1" 404 6659 "-" "Mozilla/5.0 (compatible; SemrushBot/7~bl; +http://www.semrush.com/bot.html)" 51 **0/51372**
185.191.171.3 - - [04/Aug/2026:07:47:27 -0700] "GET /BIOWIN69/advertising/Announcement/119 HTTP/1.1" 404 6659 "-" "Mozilla/5.0 (compatible; SemrushBot/7~bl; +http://www.semrush.com/bot.html)" 68 **0/68671**
185.191.171.15 - - [04/Aug/2026:07:47:29 -0700] "GET /ufabet700/advertising/Announcement/33 HTTP/1.1" 404 6659 "-" "Mozilla/5.0 (compatible; SemrushBot/7~bl; +http://www.semrush.com/bot.html)" 54 **0/54681**
85.208.96.207 - - [04/Aug/2026:07:47:37 -0700] "GET /kingdom777/advertising/Announcement/47 HTTP/1.1" 404 6659 "-" "Mozilla/5.0 (compatible; SemrushBot/7~bl; +http://www.semrush.com/bot.html)" 65 **0/65083**
85.208.96.209 - - [04/Aug/2026:07:47:45 -0700] "GET /ryq88/advertising/All-Announcements HTTP/1.1" 404 6659 "-" "Mozilla/5.0 (compatible; SemrushBot/7~bl; +http://www.semrush.com/bot.html)" 68 **0/68296**
157.55.39.10 - - [04/Aug/2026:07:47:56 -0700] "GET /KU888/advertising/Announcement/189 HTTP/2.0" 404 6659 "-" "Mozilla/5.0 AppleWebKit/537.36 (KHTML, like Gecko; compatible; bingbot/2.0; +http://www.bing.com/bingbot.htm) Chrome/116.0.1938.76 Safari/537.36" 63 **0/63798**
157.55.39.10 - - [04/Aug/2026:07:47:56 -0700] "GET /VIRAL123/Procedures-Guide HTTP/2.0" 404 6659 "-" "Mozilla/5.0 AppleWebKit/537.36 (KHTML, like Gecko; compatible; bingbot/2.0; +http://www.bing.com/bingbot.htm) Chrome/116.0.1938.76 Safari/537.36" 56 **0/56318**
157.245.63.62 - - [04/Aug/2026:07:47:56 -0700] "GET /wp-login.php HTTP/1.1" 200 7060 "https://www.facebook.com/" "Mozilla/5.0 (Macintosh; Intel Mac OS X 10_15_7; rv:119.0) Gecko/20100101 Firefox/119.0" 3 **0/3015**
185.191.171.11 - - [04/Aug/2026:07:47:57 -0700] "GET /BONDAN69/advertising/Announcement/152 HTTP/1.1" 404 6659 "-" "Mozilla/5.0 (compatible; SemrushBot/7~bl; +http://www.semrush.com/bot.html)" 57 **0/57011**
52.167.144.230 - - [04/Aug/2026:07:48:01 -0700] "GET /sutra99/employee/employee-services HTTP/2.0" 404 6659 "-" "Mozilla/5.0 AppleWebKit/537.36 (KHTML, like Gecko; compatible; bingbot/2.0; +http://www.bing.com/bingbot.htm) Chrome/116.0.1938.76 Safari/537.36" 77 **0/77911**
52.167.144.230 - - [04/Aug/2026:07:48:02 -0700] "GET /ANKASA168/employee/employee-services HTTP/2.0" 404 6659 "-" "Mozilla/5.0 AppleWebKit/537.36 (KHTML, like Gecko; compatible; bingbot/2.0; +http://www.bing.com/bingbot.htm) Chrome/116.0.1938.76 Safari/537.36" 64 **0/64565**
52.167.144.230 - - [04/Aug/2026:07:48:02 -0700] "GET /jaring4d/advertising/Announcement/160 HTTP/2.0" 404 6659 "-" "Mozilla/5.0 AppleWebKit/537.36 (KHTML, like Gecko; compatible; bingbot/2.0; +http://www.bing.com/bingbot.htm) Chrome/116.0.1938.76 Safari/537.36" 54 **0/54573**
52.167.144.230 - - [04/Aug/2026:07:48:02 -0700] "GET /omgauto888/Procedures-Guide HTTP/2.0" 404 6659 "-" "Mozilla/5.0 AppleWebKit/537.36 (KHTML, like Gecko; compatible; bingbot/2.0; +http://www.bing.com/bingbot.htm) Chrome/116.0.1938.76 Safari/537.36" 71 **0/71129**
52.167.144.230 - - [04/Aug/2026:07:48:02 -0700] "GET /suneo88/advertising/Announcement/158 HTTP/2.0" 404 6659 "-" "Mozilla/5.0 AppleWebKit/537.36 (KHTML, like Gecko; compatible; bingbot/2.0; +http://www.bing.com/bingbot.htm) Chrome/116.0.1938.76 Safari/537.36" 58 **0/58429**
207.46.13.124 - - [04/Aug/2026:07:48:04 -0700] "GET /rolex77/advertising/Announcement/165 HTTP/2.0" 404 6659 "-" "Mozilla/5.0 AppleWebKit/537.36 (KHTML, like Gecko; compatible; bingbot/2.0; +http://www.bing.com/bingbot.htm) Chrome/116.0.1938.76 Safari/537.36" 65 **0/65528**
52.167.144.230 - - [04/Aug/2026:07:48:06 -0700] "GET /impian99/Salt-Area/area/Um-Jozah%20Area HTTP/2.0" 404 6659 "-" "Mozilla/5.0 AppleWebKit/537.36 (KHTML, like Gecko; compatible; bingbot/2.0; +http://www.bing.com/bingbot.htm) Chrome/116.0.1938.76 Safari/537.36" 57 **0/57516**
157.55.39.10 - - [04/Aug/2026:07:48:06 -0700] "GET /netabet/advertising/Announcement/191 HTTP/2.0" 404 6659 "-" "Mozilla/5.0 AppleWebKit/537.36 (KHTML, like Gecko; compatible; bingbot/2.0; +http://www.bing.com/bingbot.htm) Chrome/116.0.1938.76 Safari/537.36" 53 **0/53365**
85.208.96.202 - - [04/Aug/2026:07:48:24 -0700] "GET /303MEGA/advertising/Announcement/166 HTTP/1.1" 404 6659 "-" "Mozilla/5.0 (compatible; SemrushBot/7~bl; +http://www.semrush.com/bot.html)" 72 **0/72887**
85.208.96.202 - - [04/Aug/2026:07:48:26 -0700] "GET /ratumpo/advertising/Announcement/100 HTTP/1.1" 404 6659 "-" "Mozilla/5.0 (compatible; SemrushBot/7~bl; +http://www.semrush.com/bot.html)" 63 **0/63761**
185.191.171.3 - - [04/Aug/2026:07:48:29 -0700] "GET /ibc55/advertising/Announcement/91 HTTP/1.1" 404 6659 "-" "Mozilla/5.0 (compatible; SemrushBot/7~bl; +http://www.semrush.com/bot.html)" 75 **0/75690**
85.208.96.212 - - [04/Aug/2026:07:48:29 -0700] "GET /ASEPTOTO/advertising/Announcement/31 HTTP/1.1" 404 6659 "-" "Mozilla/5.0 (compatible; SemrushBot/7~bl; +http://www.semrush.com/bot.html)" 62 **0/62137**
185.191.171.11 - - [04/Aug/2026:07:48:33 -0700] "GET /aset?fit=max&format=webp%3Fauto%3Dformat&img=aHR0cHM6Ly9pay5pbWFnZWtpdC5pby9nYW1iYXJiYXJ1L3Nsb3RnYWNvciUyMCg1MDMpLnBuZw%3D%3D&w=2000 HTTP/1.1" 404 6659 "-" "Mozilla/5.0 (compatible; SemrushBot/7~bl; +http://www.semrush.com/bot.html)" 77 **0/77885**
185.191.171.19 - - [04/Aug/2026:07:48:39 -0700] "GET /teenoi168/advertising/Announcement/62 HTTP/1.1" 404 6659 "-" "Mozilla/5.0 (compatible; SemrushBot/7~bl; +http://www.semrush.com/bot.html)" 64 **0/64986**
185.191.171.17 - - [04/Aug/2026:07:48:42 -0700] "GET /sa888vip/advertising/Announcement/150 HTTP/1.1" 404 6659 "-" "Mozilla/5.0 (compatible; SemrushBot/7~bl; +http://www.semrush.com/bot.html)" 66 **0/66172**
185.191.171.3 - - [04/Aug/2026:07:48:44 -0700] "GET /ufa989/advertising/Announcement/56 HTTP/1.1" 404 6659 "-" "Mozilla/5.0 (compatible; SemrushBot/7~bl; +http://www.semrush.com/bot.html)" 53 **0/53197**
157.245.63.62 - - [04/Aug/2026:07:48:48 -0700] "GET /?author=1 HTTP/1.1" 200 7077 "-" "Mozilla/5.0 (Macintosh; Intel Mac OS X 10_15_7) AppleWebKit/537.36 (KHTML, like Gecko) Chrome/119.0.0.0 Safari/537.36" 3 **0/3157**
185.191.171.5 - - [04/Aug/2026:07:48:48 -0700] "GET /robots.txt HTTP/1.1" 200 24 "-" "Mozilla/5.0 (compatible; SemrushBot/7~bl; +http://www.semrush.com/bot.html)" 8 **0/8048**
85.208.96.201 - - [04/Aug/2026:07:48:49 -0700] "GET /BIGHOKI55/advertising/Announcement/57 HTTP/1.1" 404 6659 "-" "Mozilla/5.0 (compatible; SemrushBot/7~bl; +http://www.semrush.com/bot.html)" 65 **0/65241**
85.208.96.212 - - [04/Aug/2026:07:48:53 -0700] "GET /videototo/advertising/Announcement/123 HTTP/1.1" 404 6659 "-" "Mozilla/5.0 (compatible; SemrushBot/7~bl; +http://www.semrush.com/bot.html)" 67 **0/67213**
185.191.171.3 - - [04/Aug/2026:07:48:55 -0700] "GET /pencet4d/advertising/Announcement/145 HTTP/1.1" 404 6659 "-" "Mozilla/5.0 (compatible; SemrushBot/7~bl; +http://www.semrush.com/bot.html)" 55 **0/55828**
85.208.96.202 - - [04/Aug/2026:07:49:01 -0700] "GET /mestika66/advertising/Announcement/189 HTTP/1.1" 404 6659 "-" "Mozilla/5.0 (compatible; SemrushBot/7~bl; +http://www.semrush.com/bot.html)" 74 **0/74480**
185.191.171.11 - - [04/Aug/2026:07:49:12 -0700] "GET /ro89/advertising/Announcement/20 HTTP/1.1" 404 6659 "-" "Mozilla/5.0 (compatible; SemrushBot/7~bl; +http://www.semrush.com/bot.html)" 65 **0/65440**
157.245.63.62 - - [04/Aug/2026:07:49:12 -0700] "GET /?author=2 HTTP/1.1" 200 7072 "https://wordpress.org/" "Mozilla/5.0 (Windows NT 10.0; Win64; x64; rv:119.0) Gecko/20100101 Firefox/119.0" 3 **0/3016**
85.208.96.212 - - [04/Aug/2026:07:49:13 -0700] "GET /BIG138/advertising/Announcement/99 HTTP/1.1" 404 6659 "-" "Mozilla/5.0 (compatible; SemrushBot/7~bl; +http://www.semrush.com/bot.html)" 61 **0/61320**
85.208.96.209 - - [04/Aug/2026:07:49:16 -0700] "GET /oreototo/advertising/Announcement/104 HTTP/1.1" 404 6659 "-" "Mozilla/5.0 (compatible; SemrushBot/7~bl; +http://www.semrush.com/bot.html)" 64 **0/64008**
185.191.171.13 - - [04/Aug/2026:07:49:22 -0700] "GET /tato138/advertising/Announcement/17 HTTP/1.1" 404 6659 "-" "Mozilla/5.0 (compatible; SemrushBot/7~bl; +http://www.semrush.com/bot.html)" 70 **0/70488**
85.208.96.209 - - [04/Aug/2026:07:49:24 -0700] "GET /BONANZA138/advertising/Announcement/97 HTTP/1.1" 404 6659 "-" "Mozilla/5.0 (compatible; SemrushBot/7~bl; +http://www.semrush.com/bot.html)" 51 **0/51566**
57.141.18.88 - - [04/Aug/2026:07:49:26 -0700] "GET /news_sitemap.xml/advertising/Announcement/117 HTTP/2.0" 404 6659 "-" "Mozilla/5.0 (Macintosh; Intel Mac OS X 10_15_7) AppleWebKit/537.36 (KHTML, like Gecko) Chrome/145.0.0.0 Safari/537.36 (compatible; meta-externalagent/1.1 (+https://developers.facebook.com/docs/sharing/webmasters/crawler))" 64 **0/64445**
185.191.171.15 - - [04/Aug/2026:07:49:38 -0700] "GET /BOMBA138/advertising/Announcement/153 HTTP/1.1" 404 6659 "-" "Mozilla/5.0 (compatible; SemrushBot/7~bl; +http://www.semrush.com/bot.html)" 69 **0/69698**
157.245.63.62 - - [04/Aug/2026:07:49:42 -0700] "GET /?author=3 HTTP/1.1" 200 7005 "https://wordpress.org/" "Mozilla/5.0 (X11; Linux x86_64) AppleWebKit/537.36 (KHTML, like Gecko) Chrome/121.0.0.0 Safari/537.36" 3 **0/3401**
157.245.63.62 - - [04/Aug/2026:07:49:57 -0700] "GET /?author=4 HTTP/1.1" 200 7053 "https://www.facebook.com/" "Mozilla/5.0 (Windows NT 10.0; Win64; x64; rv:120.0) Gecko/20100101 Firefox/120.0" 3 **0/3159**
57.141.18.114 - - [04/Aug/2026:07:49:58 -0700] "GET /sitemap_index.xml/advertising/Announcement/124 HTTP/2.0" 404 6659 "-" "Mozilla/5.0 (Windows NT 10.0; Win64; x64) AppleWebKit/537.36 (KHTML, like Gecko) Chrome/145.0.0.0 Safari/537.36 (compatible; meta-externalagent/1.1 (+https://developers.facebook.com/docs/sharing/webmasters/crawler))" 73 **0/73030**
85.208.96.208 - - [04/Aug/2026:07:50:01 -0700] "GET /BOSS177/advertising/Announcement/173 HTTP/1.1" 404 6659 "-" "Mozilla/5.0 (compatible; SemrushBot/7~bl; +http://www.semrush.com/bot.html)" 114 **0/114486**
185.191.171.13 - - [04/Aug/2026:07:50:02 -0700] "GET /BEST188/advertising/Announcement/21 HTTP/1.1" 404 6659 "-" "Mozilla/5.0 (compatible; SemrushBot/7~bl; +http://www.semrush.com/bot.html)" 67 **0/67792**
9.129.58.19 - - [04/Aug/2026:07:50:05 -0700] "GET / HTTP/2.0" 302 334 "-" "Mozilla/5.0 AppleWebKit/537.36 (KHTML, like Gecko); compatible; ChatGPT-User/1.0; +https://openai.com/bot" 79 **0/79887**
9.129.58.19 - - [04/Aug/2026:07:50:05 -0700] "GET /ar HTTP/2.0" 200 13601 "-" "Mozilla/5.0 AppleWebKit/537.36 (KHTML, like Gecko); compatible; ChatGPT-User/1.0; +https://openai.com/bot" 86 **0/86292**
85.208.96.208 - - [04/Aug/2026:07:50:07 -0700] "GET /ASIA129/advertising/Announcement/18 HTTP/1.1" 404 6659 "-" "Mozilla/5.0 (compatible; SemrushBot/7~bl; +http://www.semrush.com/bot.html)" 56 **0/56495**
85.208.96.209 - - [04/Aug/2026:07:50:09 -0700] "GET /pajak123/advertising/Announcement/49 HTTP/1.1" 404 6659 "-" "Mozilla/5.0 (compatible; SemrushBot/7~bl; +http://www.semrush.com/bot.html)" 78 **0/78472**
157.245.63.62 - - [04/Aug/2026:07:50:11 -0700] "GET /?author=5 HTTP/1.1" 200 7057 "https://wordpress.org/" "Mozilla/5.0 (Macintosh; Intel Mac OS X 10_15_7) AppleWebKit/605.1.15 (KHTML, like Gecko) Version/17.0 Safari/605.1.15" 3 **0/3274**
85.208.96.193 - - [04/Aug/2026:07:50:18 -0700] "GET /wink777/advertising/Announcement/190 HTTP/1.1" 404 6659 "-" "Mozilla/5.0 (compatible; SemrushBot/7~bl; +http://www.semrush.com/bot.html)" 67 **0/67935**
85.208.96.207 - - [04/Aug/2026:07:50:24 -0700] "GET /4dresults/advertising/Announcement/195 HTTP/1.1" 404 6659 "-" "Mozilla/5.0 (compatible; SemrushBot/7~bl; +http://www.semrush.com/bot.html)" 69 **0/69444**
85.208.96.193 - - [04/Aug/2026:07:50:25 -0700] "GET /BERUANG168/advertising/Announcement/46 HTTP/1.1" 404 6659 "-" "Mozilla/5.0 (compatible; SemrushBot/7~bl; +http://www.semrush.com/bot.html)" 55 **0/55421**
185.191.171.19 - - [04/Aug/2026:07:50:27 -0700] "GET /sabi777/advertising/Announcement/124 HTTP/1.1" 404 6659 "-" "Mozilla/5.0 (compatible; SemrushBot/7~bl; +http://www.semrush.com/bot.html)" 74 **0/74499**
185.191.171.5 - - [04/Aug/2026:07:50:28 -0700] "GET /BOLAHIT/advertising/Announcement/25 HTTP/1.1" 404 6659 "-" "Mozilla/5.0 (compatible; SemrushBot/7~bl; +http://www.semrush.com/bot.html)" 77 **0/77977**
157.245.63.62 - - [04/Aug/2026:07:50:41 -0700] "GET /wp-json/wp/v2/users HTTP/1.1" 200 7080 "https://duckduckgo.com/" "Mozilla/5.0 (X11; Ubuntu; Linux x86_64) AppleWebKit/537.36 (KHTML, like Gecko) Chrome/121.0.0.0 Safari/537.36" 3 **0/3475**
185.191.171.15 - - [04/Aug/2026:07:50:42 -0700] "GET /victory188/advertising/Announcement/72 HTTP/1.1" 404 6659 "-" "Mozilla/5.0 (compatible; SemrushBot/7~bl; +http://www.semrush.com/bot.html)" 68 **0/68988**
85.208.96.209 - - [04/Aug/2026:07:50:42 -0700] "GET /rejeki88/advertising/Announcement/126 HTTP/1.1" 404 6659 "-" "Mozilla/5.0 (compatible; SemrushBot/7~bl; +http://www.semrush.com/bot.html)" 56 **0/56167**
85.208.96.193 - - [04/Aug/2026:07:51:01 -0700] "GET /BENUATOTO/advertising/Announcement/71 HTTP/1.1" 404 6659 "-" "Mozilla/5.0 (compatible; SemrushBot/7~bl; +http://www.semrush.com/bot.html)" 86 **0/86235**
157.245.63.62 - - [04/Aug/2026:07:51:06 -0700] "POST /wp-login.php HTTP/1.1" 200 7031 "https://www.salt.gov.jo/wp-login.php" "Mozilla/5.0 (Windows NT 10.0; Win64; x64) AppleWebKit/537.36 (KHTML, like Gecko) Chrome/120.0.0.0 Safari/537.36" 2 **0/2966**
85.208.96.203 - - [04/Aug/2026:07:51:10 -0700] "GET /wisdombet/advertising/Announcement/110 HTTP/1.1" 404 6659 "-" "Mozilla/5.0 (compatible; SemrushBot/7~bl; +http://www.semrush.com/bot.html)" 70 **0/70497**
185.191.171.8 - - [04/Aug/2026:07:51:20 -0700] "GET /senang128/advertising/Bid/1 HTTP/1.1" 404 6659 "-" "Mozilla/5.0 (compatible; SemrushBot/7~bl; +http://www.semrush.com/bot.html)" 77 **0/77065**
185.191.171.15 - - [04/Aug/2026:07:51:22 -0700] "GET /AREA77/Services/10 HTTP/1.1" 404 6659 "-" "Mozilla/5.0 (compatible; SemrushBot/7~bl; +http://www.semrush.com/bot.html)" 60 **0/60431**
185.191.171.6 - - [04/Aug/2026:07:51:23 -0700] "GET /netabet/advertising/Circulars HTTP/1.1" 404 6659 "-" "Mozilla/5.0 (compatible; SemrushBot/7~bl; +http://www.semrush.com/bot.html)" 75 **0/75741**
85.208.96.208 - - [04/Aug/2026:07:51:24 -0700] "GET /BOLAHIU/advertising/Announcement/27 HTTP/1.1" 404 6659 "-" "Mozilla/5.0 (compatible; SemrushBot/7~bl; +http://www.semrush.com/bot.html)" 76 **0/76022**
157.245.63.62 - - [04/Aug/2026:07:51:25 -0700] "GET /wp-admin/index.php HTTP/1.1" 200 6995 "https://www.salt.gov.jo/wp-login.php" "Mozilla/5.0 (Windows NT 10.0; Win64; x64; rv:121.0) Gecko/20100101 Firefox/121.0" 12 **0/12249**
185.191.171.6 - - [04/Aug/2026:07:51:28 -0700] "GET /BOSNAGA/Services/9 HTTP/1.1" 404 6659 "-" "Mozilla/5.0 (compatible; SemrushBot/7~bl; +http://www.semrush.com/bot.html)" 62 **0/62787**
85.208.96.198 - - [04/Aug/2026:07:51:38 -0700] "GET /CBOGAMING/News/view/88 HTTP/1.1" 404 6659 "-" "Mozilla/5.0 (compatible; SemrushBot/7~bl; +http://www.semrush.com/bot.html)" 89 **0/89624**
157.245.63.62 - - [04/Aug/2026:07:51:40 -0700] "GET /wp-admin/profile.php HTTP/1.1" 200 7136 "https://www.salt.gov.jo/wp-login.php" "Mozilla/5.0 (Windows NT 10.0; Win64; x64; rv:121.0) Gecko/20100101 Firefox/121.0" 12 **0/12048**
185.191.171.10 - - [04/Aug/2026:07:51:44 -0700] "GET /new4d/advertising/Announcement/114 HTTP/1.1" 404 6659 "-" "Mozilla/5.0 (compatible; SemrushBot/7~bl; +http://www.semrush.com/bot.html)" 72 **0/72173**
85.208.96.198 - - [04/Aug/2026:07:51:46 -0700] "GET /555gacor/advertising/Announcement/16 HTTP/1.1" 404 6659 "-" "Mozilla/5.0 (compatible; SemrushBot/7~bl; +http://www.semrush.com/bot.html)" 64 **0/64773**
157.245.63.62 - - [04/Aug/2026:07:51:53 -0700] "GET /wp-admin/edit.php HTTP/1.1" 200 6962 "https://www.salt.gov.jo/wp-login.php" "Mozilla/5.0 (Windows NT 10.0; Win64; x64; rv:121.0) Gecko/20100101 Firefox/121.0" 2 **0/2859**
185.191.171.7 - - [04/Aug/2026:07:52:04 -0700] "GET /AURA123/Directorates/Initiatives-And-Events HTTP/1.1" 404 6659 "-" "Mozilla/5.0 (compatible; SemrushBot/7~bl; +http://www.semrush.com/bot.html)" 75 **0/75937**
157.245.63.62 - - [04/Aug/2026:07:52:16 -0700] "GET /wp-admin/plugins.php HTTP/1.1" 200 7031 "https://www.salt.gov.jo/wp-login.php" "Mozilla/5.0 (Windows NT 10.0; Win64; x64; rv:121.0) Gecko/20100101 Firefox/121.0" 3 **0/3590**
85.208.96.206 - - [04/Aug/2026:07:52:20 -0700] "GET /rental4d/advertising/Announcement/180 HTTP/1.1" 404 6659 "-" "Mozilla/5.0 (compatible; SemrushBot/7~bl; +http://www.semrush.com/bot.html)" 57 **0/57707**
185.191.171.18 - - [04/Aug/2026:07:52:30 -0700] "GET /ufa982/advertising/Announcement/127 HTTP/1.1" 404 6659 "-" "Mozilla/5.0 (compatible; SemrushBot/7~bl; +http://www.semrush.com/bot.html)" 73 **0/73774**
185.191.171.9 - - [04/Aug/2026:07:52:33 -0700] "GET /DATUK168/Directorates/Initiatives-And-Events-Regstration HTTP/1.1" 404 6659 "-" "Mozilla/5.0 (compatible; SemrushBot/7~bl; +http://www.semrush.com/bot.html)" 82 **0/82141**
157.245.63.62 - - [04/Aug/2026:07:52:34 -0700] "POST /wp-login.php HTTP/1.1" 200 7087 "https://www.salt.gov.jo/wp-login.php" "Mozilla/5.0 (X11; Linux x86_64) AppleWebKit/537.36 (KHTML, like Gecko) Chrome/121.0.0.0 Safari/537.36" 3 **0/3918**
57.141.18.25 - - [04/Aug/2026:07:52:35 -0700] "GET /news_sitemap.xml/advertising/Announcement/22 HTTP/2.0" 404 6659 "-" "Mozilla/5.0 (Windows NT 10.0; Win64; x64) AppleWebKit/537.36 (KHTML, like Gecko) Chrome/145.0.0.0 Safari/537.36 Edg/145.0.0.0 (compatible; meta-externalagent/1.1 (+https://developers.facebook.com/docs/sharing/webmasters/crawler))" 64 **0/64396**
85.208.96.193 - - [04/Aug/2026:07:52:36 -0700] "GET /r1r888/advertising/Announcement/180 HTTP/1.1" 404 6659 "-" "Mozilla/5.0 (compatible; SemrushBot/7~bl; +http://www.semrush.com/bot.html)" 69 **0/69805**
49.65.18.106 - - [04/Aug/2026:07:52:37 -0700] "GET /assets/site/css/main.css HTTP/2.0" 200 2708 "http://www.salt.gov.jo/" "Sogou web spider/4.0(+http://www.sogou.com/docs/help/webmasters.htm#07)" 11 **0/11103**
49.65.18.106 - - [04/Aug/2026:07:52:37 -0700] "GET /assets/site/css/bootstrap.min.css HTTP/2.0" 200 34489 "http://www.salt.gov.jo/" "Sogou web spider/4.0(+http://www.sogou.com/docs/help/webmasters.htm#07)" 17 **0/17434**
85.208.96.208 - - [04/Aug/2026:07:52:47 -0700] "GET /ABKHOKI/About-Us/Previous-Board HTTP/1.1" 404 6659 "-" "Mozilla/5.0 (compatible; SemrushBot/7~bl; +http://www.semrush.com/bot.html)" 65 **0/65468**
157.245.63.62 - - [04/Aug/2026:07:52:48 -0700] "GET /wp-admin/index.php HTTP/1.1" 200 7003 "https://www.salt.gov.jo/wp-login.php" "Mozilla/5.0 (Windows NT 11.0; Win64; x64) AppleWebKit/537.36 (KHTML, like Gecko) Chrome/119.0.0.0 Safari/537.36" 3 **0/3281**
185.191.171.15 - - [04/Aug/2026:07:52:49 -0700] "GET /5dtogel/advertising/Announcement/50 HTTP/1.1" 404 6659 "-" "Mozilla/5.0 (compatible; SemrushBot/7~bl; +http://www.semrush.com/bot.html)" 56 **0/56579**
85.208.96.206 - - [04/Aug/2026:07:52:50 -0700] "GET /BCL138/advertising/Announcement/77 HTTP/1.1" 404 6659 "-" "Mozilla/5.0 (compatible; SemrushBot/7~bl; +http://www.semrush.com/bot.html)" 72 **0/72680**
185.191.171.8 - - [04/Aug/2026:07:52:51 -0700] "GET /toko77/advertising/Announcement/173 HTTP/1.1" 404 6659 "-" "Mozilla/5.0 (compatible; SemrushBot/7~bl; +http://www.semrush.com/bot.html)" 59 **0/59170**
85.208.96.205 - - [04/Aug/2026:07:52:51 -0700] "GET /ASIAPLAY88/advertising/Announcement/84 HTTP/1.1" 404 6659 "-" "Mozilla/5.0 (compatible; SemrushBot/7~bl; +http://www.semrush.com/bot.html)" 59 **0/59840**
176.29.122.195 - - [04/Aug/2026:07:52:58 -0700] "GET / HTTP/2.0" 302 350 "https://www.google.com/" "Mozilla/5.0 (iPhone; CPU iPhone OS 15_8_7 like Mac OS X) AppleWebKit/605.1.15 (KHTML, like Gecko) Version/15.6.8 Mobile/15E148 Safari/604.1" 78 **0/78542**
176.29.122.195 - - [04/Aug/2026:07:52:58 -0700] "GET /ar HTTP/2.0" 200 13626 "https://www.google.com/" "Mozilla/5.0 (iPhone; CPU iPhone OS 15_8_7 like Mac OS X) AppleWebKit/605.1.15 (KHTML, like Gecko) Version/15.6.8 Mobile/15E148 Safari/604.1" 85 **0/85314**
176.29.122.195 - - [04/Aug/2026:07:52:59 -0700] "GET /assets/site/css/main.css HTTP/2.0" 200 2708 "https://www.salt.gov.jo/ar" "Mozilla/5.0 (iPhone; CPU iPhone OS 15_8_7 like Mac OS X) AppleWebKit/605.1.15 (KHTML, like Gecko) Version/15.6.8 Mobile/15E148 Safari/604.1" 10 **0/10868**
176.29.122.195 - - [04/Aug/2026:07:52:59 -0700] "GET /assets/site/css/bootstrap.rtl.min.css HTTP/2.0" 200 34509 "https://www.salt.gov.jo/ar" "Mozilla/5.0 (iPhone; CPU iPhone OS 15_8_7 like Mac OS X) AppleWebKit/605.1.15 (KHTML, like Gecko) Version/15.6.8 Mobile/15E148 Safari/604.1" 19 **0/19145**
176.29.122.195 - - [04/Aug/2026:07:52:59 -0700] "GET /assets/media/logos/logo.png HTTP/2.0" 200 205018 "https://www.salt.gov.jo/ar" "Mozilla/5.0 (iPhone; CPU iPhone OS 15_8_7 like Mac OS X) AppleWebKit/605.1.15 (KHTML, like Gecko) Version/15.6.8 Mobile/15E148 Safari/604.1" 295 **0/295258**
176.29.122.195 - - [04/Aug/2026:07:52:59 -0700] "GET /assets/media/images/site_setting/a7bac7acf2b4310cf5f47e7b56d26b92_1781178460.jpg HTTP/2.0" 200 355403 "https://www.salt.gov.jo/ar" "Mozilla/5.0 (iPhone; CPU iPhone OS 15_8_7 like Mac OS X) AppleWebKit/605.1.15 (KHTML, like Gecko) Version/15.6.8 Mobile/15E148 Safari/604.1" 249 **0/249294**
157.245.63.62 - - [04/Aug/2026:07:53:00 -0700] "GET /wp-admin/profile.php HTTP/1.1" 200 7067 "https://www.salt.gov.jo/wp-login.php" "Mozilla/5.0 (Windows NT 11.0; Win64; x64) AppleWebKit/537.36 (KHTML, like Gecko) Chrome/119.0.0.0 Safari/537.36" 3 **0/3845**
176.29.122.195 - - [04/Aug/2026:07:53:00 -0700] "GET /assets/media/images/news/7e386ca362adc35b832b75e73e653ae6_1781614185.jpg HTTP/2.0" 200 197036 "https://www.salt.gov.jo/ar" "Mozilla/5.0 (iPhone; CPU iPhone OS 15_8_7 like Mac OS X) AppleWebKit/605.1.15 (KHTML, like Gecko) Version/15.6.8 Mobile/15E148 Safari/604.1" 9 **0/9129**
176.29.122.195 - - [04/Aug/2026:07:53:00 -0700] "GET /assets/media/images/news/14094fb9c148202759fe1c3f0dd015bd_1781558051.jpg HTTP/2.0" 200 140385 "https://www.salt.gov.jo/ar" "Mozilla/5.0 (iPhone; CPU iPhone OS 15_8_7 like Mac OS X) AppleWebKit/605.1.15 (KHTML, like Gecko) Version/15.6.8 Mobile/15E148 Safari/604.1" 10 **0/10312**
176.29.122.195 - - [04/Aug/2026:07:53:00 -0700] "GET /assets/media/images/news/298c0dcf042ac2296a81e1a062e56593_1781557863.jpg HTTP/2.0" 200 142171 "https://www.salt.gov.jo/ar" "Mozilla/5.0 (iPhone; CPU iPhone OS 15_8_7 like Mac OS X) AppleWebKit/605.1.15 (KHTML, like Gecko) Version/15.6.8 Mobile/15E148 Safari/604.1" 11 **0/11203**
57.141.18.88 - - [04/Aug/2026:07:53:00 -0700] "GET /sitemap_index.xml/advertising/Announcement/191 HTTP/2.0" 404 6659 "-" "Mozilla/5.0 (Windows NT 10.0; Win64; x64) AppleWebKit/537.36 (KHTML, like Gecko) Chrome/145.0.0.0 Safari/537.36 (compatible; meta-externalagent/1.1 (+https://developers.facebook.com/docs/sharing/webmasters/crawler))" 58 **0/58490**
176.29.122.195 - - [04/Aug/2026:07:53:00 -0700] "GET /assets/media/images/news/133549d84ba1aa7f0bd5625880bee5e7_1781441604.jpg HTTP/2.0" 200 370691 "https://www.salt.gov.jo/ar" "Mozilla/5.0 (iPhone; CPU iPhone OS 15_8_7 like Mac OS X) AppleWebKit/605.1.15 (KHTML, like Gecko) Version/15.6.8 Mobile/15E148 Safari/604.1" 11 **0/11220**
176.29.122.195 - - [04/Aug/2026:07:53:01 -0700] "GET /assets/media/images/news/5586fc9b87d737bafd525dd457437e67_1781363478.jpg HTTP/2.0" 200 160571 "https://www.salt.gov.jo/ar" "Mozilla/5.0 (iPhone; CPU iPhone OS 15_8_7 like Mac OS X) AppleWebKit/605.1.15 (KHTML, like Gecko) Version/15.6.8 Mobile/15E148 Safari/604.1" 10 **0/10779**
176.29.122.195 - - [04/Aug/2026:07:53:01 -0700] "GET /assets/media/images/news/4c7b7848926d01bb0dea93d37744d812_1781015016.jpg HTTP/2.0" 200 116477 "https://www.salt.gov.jo/ar" "Mozilla/5.0 (iPhone; CPU iPhone OS 15_8_7 like Mac OS X) AppleWebKit/605.1.15 (KHTML, like Gecko) Version/15.6.8 Mobile/15E148 Safari/604.1" 10 **0/10871**
176.29.122.195 - - [04/Aug/2026:07:53:01 -0700] "GET /assets/media/images/news/7014b94fa4dcfb4c184b9b2179afa7ab_1780477862.jpg HTTP/2.0" 200 698282 "https://www.salt.gov.jo/ar" "Mozilla/5.0 (iPhone; CPU iPhone OS 15_8_7 like Mac OS X) AppleWebKit/605.1.15 (KHTML, like Gecko) Version/15.6.8 Mobile/15E148 Safari/604.1" 22 **0/22332**
176.29.122.195 - - [04/Aug/2026:07:53:02 -0700] "GET /assets/media/images/news/bc8510f4c9e016f63c2c203e2e6fc37b_1780343018.jpg HTTP/2.0" 200 427387 "https://www.salt.gov.jo/ar" "Mozilla/5.0 (iPhone; CPU iPhone OS 15_8_7 like Mac OS X) AppleWebKit/605.1.15 (KHTML, like Gecko) Version/15.6.8 Mobile/15E148 Safari/604.1" 13 **0/13216**
57.141.18.119 - - [04/Aug/2026:07:53:04 -0700] "GET /sitemap-index.xml/advertising/Announcement/137 HTTP/2.0" 404 6659 "-" "Mozilla/5.0 (Windows NT 10.0; Win64; x64) AppleWebKit/537.36 (KHTML, like Gecko) Chrome/145.0.0.0 Safari/537.36 (compatible; meta-externalagent/1.1 (+https://developers.facebook.com/docs/sharing/webmasters/crawler))" 68 **0/68239**
176.29.122.195 - - [04/Aug/2026:07:53:05 -0700] "GET /assets/media/images/news/10ab88e068a1788222230d5aee5f6333_1779694763.jpg HTTP/2.0" 200 140501 "https://www.salt.gov.jo/ar" "Mozilla/5.0 (iPhone; CPU iPhone OS 15_8_7 like Mac OS X) AppleWebKit/605.1.15 (KHTML, like Gecko) Version/15.6.8 Mobile/15E148 Safari/604.1" 9 **0/9936**
176.29.122.195 - - [04/Aug/2026:07:53:05 -0700] "GET /assets/media/images/news/b2c9159dcb4df01cb9751b5e23a07251_1779385466.jpg HTTP/2.0" 200 142034 "https://www.salt.gov.jo/ar" "Mozilla/5.0 (iPhone; CPU iPhone OS 15_8_7 like Mac OS X) AppleWebKit/605.1.15 (KHTML, like Gecko) Version/15.6.8 Mobile/15E148 Safari/604.1" 11 **0/11362**
176.29.122.195 - - [04/Aug/2026:07:53:06 -0700] "GET /assets/media/images/news/a6ba84ab33e9b6c0345f8d4a28f6038e_1779135392.jpg HTTP/2.0" 200 18084 "https://www.salt.gov.jo/ar" "Mozilla/5.0 (iPhone; CPU iPhone OS 15_8_7 like Mac OS X) AppleWebKit/605.1.15 (KHTML, like Gecko) Version/15.6.8 Mobile/15E148 Safari/604.1" 11 **0/11562**
176.29.122.195 - - [04/Aug/2026:07:53:06 -0700] "GET /assets/media/images/news/aadba2ca2833069c20eeeb46c7a08d6b_1778757655.jpg HTTP/2.0" 200 353449 "https://www.salt.gov.jo/ar" "Mozilla/5.0 (iPhone; CPU iPhone OS 15_8_7 like Mac OS X) AppleWebKit/605.1.15 (KHTML, like Gecko) Version/15.6.8 Mobile/15E148 Safari/604.1" 11 **0/11473**
176.29.122.195 - - [04/Aug/2026:07:53:06 -0700] "GET /assets/media/images/site_setting/1775719566_bw7dmp0Uh2ouY87G7wQg5IjlF8PJYFBpgTAWNvhm.jpg HTTP/2.0" 200 134514 "https://www.salt.gov.jo/ar" "Mozilla/5.0 (iPhone; CPU iPhone OS 15_8_7 like Mac OS X) AppleWebKit/605.1.15 (KHTML, like Gecko) Version/15.6.8 Mobile/15E148 Safari/604.1" 9 **0/9505**
85.208.96.205 - - [04/Aug/2026:07:53:08 -0700] "GET /prima888/advertising/Announcement/164 HTTP/1.1" 404 6659 "-" "Mozilla/5.0 (compatible; SemrushBot/7~bl; +http://www.semrush.com/bot.html)" 73 **0/73541**
85.208.96.197 - - [04/Aug/2026:07:53:09 -0700] "GET /BEINCASH/advertising/Announcement/94 HTTP/1.1" 404 6659 "-" "Mozilla/5.0 (compatible; SemrushBot/7~bl; +http://www.semrush.com/bot.html)" 65 **0/65932**
157.245.63.62 - - [04/Aug/2026:07:53:14 -0700] "GET /wp-admin/edit.php HTTP/1.1" 200 6993 "https://www.salt.gov.jo/wp-login.php" "Mozilla/5.0 (Windows NT 11.0; Win64; x64) AppleWebKit/537.36 (KHTML, like Gecko) Chrome/119.0.0.0 Safari/537.36" 3 **0/3220**
176.29.122.195 - - [04/Aug/2026:07:53:19 -0700] "GET /assets/fonts/DINNextLTArabic-Regular.ttf HTTP/2.0" 200 162978 "https://www.salt.gov.jo/ar" "Mozilla/5.0 (iPhone; CPU iPhone OS 15_8_7 like Mac OS X) AppleWebKit/605.1.15 (KHTML, like Gecko) Version/15.6.8 Mobile/15E148 Safari/604.1" 554 **0/554935**
176.29.122.195 - - [04/Aug/2026:07:53:21 -0700] "GET /assets/fonts/DINNextLTArabic-Bold.ttf HTTP/2.0" 200 159375 "https://www.salt.gov.jo/ar" "Mozilla/5.0 (iPhone; CPU iPhone OS 15_8_7 like Mac OS X) AppleWebKit/605.1.15 (KHTML, like Gecko) Version/15.6.8 Mobile/15E148 Safari/604.1" 14 **0/14360**
176.29.122.195 - - [04/Aug/2026:07:53:21 -0700] "GET /assets/fonts/A.Thuluth.ttf HTTP/2.0" 200 98760 "https://www.salt.gov.jo/ar" "Mozilla/5.0 (iPhone; CPU iPhone OS 15_8_7 like Mac OS X) AppleWebKit/605.1.15 (KHTML, like Gecko) Version/15.6.8 Mobile/15E148 Safari/604.1" 15 **0/15415**
85.208.96.208 - - [04/Aug/2026:07:53:22 -0700] "GET /namthip88/advertising/Announcement/71 HTTP/1.1" 404 6659 "-" "Mozilla/5.0 (compatible; SemrushBot/7~bl; +http://www.semrush.com/bot.html)" 78 **0/78820**
85.208.96.212 - - [04/Aug/2026:07:53:24 -0700] "GET /BIDWIN88/advertising/Announcement/150 HTTP/1.1" 404 6659 "-" "Mozilla/5.0 (compatible; SemrushBot/7~bl; +http://www.semrush.com/bot.html)" 55 **0/55623**
85.208.96.209 - - [04/Aug/2026:07:53:24 -0700] "GET /LIGA188/News/view/89 HTTP/1.1" 404 6659 "-" "Mozilla/5.0 (compatible; SemrushBot/7~bl; +http://www.semrush.com/bot.html)" 56 **0/56641**
85.208.96.193 - - [04/Aug/2026:07:53:25 -0700] "GET /poolsviral/advertising/Bids HTTP/1.1" 404 6659 "-" "Mozilla/5.0 (compatible; SemrushBot/7~bl; +http://www.semrush.com/bot.html)" 68 **0/68825**
185.191.171.7 - - [04/Aug/2026:07:53:26 -0700] "GET /ABO303/advertising/Announcement/35 HTTP/1.1" 404 6659 "-" "Mozilla/5.0 (compatible; SemrushBot/7~bl; +http://www.semrush.com/bot.html)" 57 **0/57555**
57.141.18.54 - - [04/Aug/2026:07:53:27 -0700] "GET /sitemap.html/About-Us/Municipal-Council-Members HTTP/2.0" 404 6659 "-" "Mozilla/5.0 (Macintosh; Intel Mac OS X 10_15_7) AppleWebKit/537.36 (KHTML, like Gecko) Chrome/145.0.0.0 Safari/537.36 (compatible; meta-externalagent/1.1 (+https://developers.facebook.com/docs/sharing/webmasters/crawler))" 67 **0/67363**
157.245.63.62 - - [04/Aug/2026:07:53:29 -0700] "GET /wp-admin/plugins.php HTTP/1.1" 200 7001 "https://www.salt.gov.jo/wp-login.php" "Mozilla/5.0 (Windows NT 11.0; Win64; x64) AppleWebKit/537.36 (KHTML, like Gecko) Chrome/119.0.0.0 Safari/537.36" 3 **0/3194**
85.208.96.197 - - [04/Aug/2026:07:53:32 -0700] "GET /roket369/advertising/Announcement/130 HTTP/1.1" 404 6659 "-" "Mozilla/5.0 (compatible; SemrushBot/7~bl; +http://www.semrush.com/bot.html)" 70 **0/70610**
85.208.96.207 - - [04/Aug/2026:07:53:36 -0700] "GET /ugdewa77/advertising/Announcement/159 HTTP/1.1" 404 6659 "-" "Mozilla/5.0 (compatible; SemrushBot/7~bl; +http://www.semrush.com/bot.html)" 72 **0/72194**
157.245.63.62 - - [04/Aug/2026:07:53:43 -0700] "POST /wp-login.php HTTP/1.1" 200 6986 "https://www.salt.gov.jo/wp-login.php" "Mozilla/5.0 (Macintosh; Intel Mac OS X 13_6_1) AppleWebKit/605.1.15 (KHTML, like Gecko) Version/17.1 Safari/605.1.15" 3 **0/3744**
207.46.13.64 - - [04/Aug/2026:07:53:45 -0700] "GET /zee789/advertising/Announcements-and-Circulars HTTP/2.0" 404 6659 "-" "Mozilla/5.0 AppleWebKit/537.36 (KHTML, like Gecko; compatible; bingbot/2.0; +http://www.bing.com/bingbot.htm) Chrome/116.0.1938.76 Safari/537.36" 71 **0/71197**
220.181.108.146 - - [04/Aug/2026:07:53:55 -0700] "GET /ar/news/36 HTTP/2.0" 200 14542 "-" "Mozilla/5.0 (compatible; Baiduspider/2.0; +http://www.baidu.com/search/spider.html)" 98 **0/98514**
157.245.63.62 - - [04/Aug/2026:07:53:58 -0700] "GET /wp-admin/index.php HTTP/1.1" 200 7050 "https://www.salt.gov.jo/wp-login.php" "Mozilla/5.0 (Macintosh; Intel Mac OS X 10_15_7) AppleWebKit/605.1.15 (KHTML, like Gecko) Version/17.2 Safari/605.1.15" 3 **0/3259**
157.55.39.10 - - [04/Aug/2026:07:54:06 -0700] "GET /dapat777/Directorates/Municipal-Directorates-page/Engineering%20Services%20Directorate HTTP/2.0" 404 6659 "-" "Mozilla/5.0 AppleWebKit/537.36 (KHTML, like Gecko; compatible; bingbot/2.0; +http://www.bing.com/bingbot.htm) Chrome/116.0.1938.76 Safari/537.36" 80 **0/80023**
185.191.171.6 - - [04/Aug/2026:07:54:11 -0700] "GET /parlay777/advertising/Announcement/36 HTTP/1.1" 404 6659 "-" "Mozilla/5.0 (compatible; SemrushBot/7~bl; +http://www.semrush.com/bot.html)" 65 **0/65184**
157.245.63.62 - - [04/Aug/2026:07:54:12 -0700] "GET /wp-admin/profile.php HTTP/1.1" 200 7067 "https://www.salt.gov.jo/wp-login.php" "Mozilla/5.0 (Macintosh; Intel Mac OS X 10_15_7) AppleWebKit/605.1.15 (KHTML, like Gecko) Version/17.2 Safari/605.1.15" 3 **0/3171**
52.167.144.217 - - [04/Aug/2026:07:54:13 -0700] "GET /RTP-TOKO-JACKPOT/Procedures-Guide HTTP/2.0" 404 6659 "-" "Mozilla/5.0 AppleWebKit/537.36 (KHTML, like Gecko; compatible; bingbot/2.0; +http://www.bing.com/bingbot.htm) Chrome/116.0.1938.76 Safari/537.36" 59 **0/59034**
52.167.144.217 - - [04/Aug/2026:07:54:13 -0700] "GET /TKO77/Directorates/Initiatives-And-Events/15 HTTP/2.0" 404 6659 "-" "Mozilla/5.0 AppleWebKit/537.36 (KHTML, like Gecko; compatible; bingbot/2.0; +http://www.bing.com/bingbot.htm) Chrome/116.0.1938.76 Safari/537.36" 60 **0/60728**
52.167.144.217 - - [04/Aug/2026:07:54:13 -0700] "GET /BATIK138/advertising/Announcement/92 HTTP/2.0" 404 6659 "-" "Mozilla/5.0 AppleWebKit/537.36 (KHTML, like Gecko; compatible; bingbot/2.0; +http://www.bing.com/bingbot.htm) Chrome/116.0.1938.76 Safari/537.36" 80 **0/80218**
185.191.171.16 - - [04/Aug/2026:07:54:13 -0700] "GET /retro77/advertising/Announcement/82 HTTP/1.1" 404 6659 "-" "Mozilla/5.0 (compatible; SemrushBot/7~bl; +http://www.semrush.com/bot.html)" 58 **0/58795**
52.167.144.217 - - [04/Aug/2026:07:54:13 -0700] "GET /juad8888/advertising/Announcement/11 HTTP/2.0" 404 6659 "-" "Mozilla/5.0 AppleWebKit/537.36 (KHTML, like Gecko; compatible; bingbot/2.0; +http://www.bing.com/bingbot.htm) Chrome/116.0.1938.76 Safari/537.36" 88 **0/88476**
157.55.39.10 - - [04/Aug/2026:07:54:16 -0700] "GET /vipbet99/About-Us/Organizational-Chart HTTP/2.0" 404 6659 "-" "Mozilla/5.0 AppleWebKit/537.36 (KHTML, like Gecko; compatible; bingbot/2.0; +http://www.bing.com/bingbot.htm) Chrome/116.0.1938.76 Safari/537.36" 86 **0/86908**
207.46.13.124 - - [04/Aug/2026:07:54:18 -0700] "GET /th888/Directorates/Municipal-Directorates-page/Directorate%20of%20Administrative%20Affairs HTTP/2.0" 404 6659 "-" "Mozilla/5.0 AppleWebKit/537.36 (KHTML, like Gecko; compatible; bingbot/2.0; +http://www.bing.com/bingbot.htm) Chrome/116.0.1938.76 Safari/537.36" 61 **0/61340**
207.46.13.124 - - [04/Aug/2026:07:54:18 -0700] "GET /KOMBO88/advertising/Announcement/166 HTTP/2.0" 404 6659 "-" "Mozilla/5.0 AppleWebKit/537.36 (KHTML, like Gecko; compatible; bingbot/2.0; +http://www.bing.com/bingbot.htm) Chrome/116.0.1938.76 Safari/537.36" 65 **0/65056**
207.46.13.124 - - [04/Aug/2026:07:54:18 -0700] "GET /UWAK99/advertising/Announcement/145 HTTP/2.0" 404 6659 "-" "Mozilla/5.0 AppleWebKit/537.36 (KHTML, like Gecko; compatible; bingbot/2.0; +http://www.bing.com/bingbot.htm) Chrome/116.0.1938.76 Safari/537.36" 115 **0/115399**
207.46.13.124 - - [04/Aug/2026:07:54:18 -0700] "GET /roket333/advertising/Announcement/103 HTTP/2.0" 404 6659 "-" "Mozilla/5.0 AppleWebKit/537.36 (KHTML, like Gecko; compatible; bingbot/2.0; +http://www.bing.com/bingbot.htm) Chrome/116.0.1938.76 Safari/537.36" 62 **0/62054**
185.191.171.9 - - [04/Aug/2026:07:54:19 -0700] "GET /rabu123/advertising/Announcement/89 HTTP/1.1" 404 6659 "-" "Mozilla/5.0 (compatible; SemrushBot/7~bl; +http://www.semrush.com/bot.html)" 69 **0/69451**
185.191.171.6 - - [04/Aug/2026:07:54:21 -0700] "GET /selamat88/advertising/Announcement/17 HTTP/1.1" 404 6659 "-" "Mozilla/5.0 (compatible; SemrushBot/7~bl; +http://www.semrush.com/bot.html)" 55 **0/55756**
157.245.63.62 - - [04/Aug/2026:07:54:23 -0700] "GET /wp-admin/edit.php HTTP/1.1" 200 7054 "https://www.salt.gov.jo/wp-login.php" "Mozilla/5.0 (Macintosh; Intel Mac OS X 10_15_7) AppleWebKit/605.1.15 (KHTML, like Gecko) Version/17.2 Safari/605.1.15" 2 **0/2980**
157.55.39.10 - - [04/Aug/2026:07:54:26 -0700] "GET /join66/advertising/Announcement/26 HTTP/2.0" 404 6659 "-" "Mozilla/5.0 AppleWebKit/537.36 (KHTML, like Gecko; compatible; bingbot/2.0; +http://www.bing.com/bingbot.htm) Chrome/116.0.1938.76 Safari/537.36" 68 **0/68226**
157.55.39.10 - - [04/Aug/2026:07:54:26 -0700] "GET /nissan77/About-Us/Organizational-Chart HTTP/2.0" 404 6659 "-" "Mozilla/5.0 AppleWebKit/537.36 (KHTML, like Gecko; compatible; bingbot/2.0; +http://www.bing.com/bingbot.htm) Chrome/116.0.1938.76 Safari/537.36" 58 **0/58445**
157.55.39.10 - - [04/Aug/2026:07:54:26 -0700] "GET /7606094.html/advertising/Announcement/161 HTTP/2.0" 404 6659 "-" "Mozilla/5.0 AppleWebKit/537.36 (KHTML, like Gecko; compatible; bingbot/2.0; +http://www.bing.com/bingbot.htm) Chrome/116.0.1938.76 Safari/537.36" 59 **0/59434**
157.55.39.10 - - [04/Aug/2026:07:54:26 -0700] "GET /internal_initi_pre.php/advertising/Announcement/197 HTTP/2.0" 404 6659 "-" "Mozilla/5.0 AppleWebKit/537.36 (KHTML, like Gecko; compatible; bingbot/2.0; +http://www.bing.com/bingbot.htm) Chrome/116.0.1938.76 Safari/537.36" 60 **0/60601**
185.191.171.18 - - [04/Aug/2026:07:54:26 -0700] "GET /BCA88/advertising/Announcement/149 HTTP/1.1" 404 6659 "-" "Mozilla/5.0 (compatible; SemrushBot/7~bl; +http://www.semrush.com/bot.html)" 63 **0/63300**
85.208.96.206 - - [04/Aug/2026:07:54:28 -0700] "GET /BINTANG55/advertising/Announcement/101 HTTP/1.1" 404 6659 "-" "Mozilla/5.0 (compatible; SemrushBot/7~bl; +http://www.semrush.com/bot.html)" 65 **0/65527**
85.208.96.202 - - [04/Aug/2026:07:54:29 -0700] "GET /togel78/About-Us/Previous-Board HTTP/1.1" 404 6659 "-" "Mozilla/5.0 (compatible; SemrushBot/7~bl; +http://www.semrush.com/bot.html)" 78 **0/78237**
85.208.96.209 - - [04/Aug/2026:07:54:30 -0700] "GET /yangbet/advertising/Announcement/69 HTTP/1.1" 404 6659 "-" "Mozilla/5.0 (compatible; SemrushBot/7~bl; +http://www.semrush.com/bot.html)" 60 **0/60743**
52.167.144.217 - - [04/Aug/2026:07:54:33 -0700] "GET /IE77/advertising/Announcement/136 HTTP/2.0" 404 6659 "-" "Mozilla/5.0 AppleWebKit/537.36 (KHTML, like Gecko; compatible; bingbot/2.0; +http://www.bing.com/bingbot.htm) Chrome/116.0.1938.76 Safari/537.36" 72 **0/72855**
207.46.13.124 - - [04/Aug/2026:07:54:38 -0700] "GET /kangmas88/Salt-Area HTTP/2.0" 404 6659 "-" "Mozilla/5.0 AppleWebKit/537.36 (KHTML, like Gecko; compatible; bingbot/2.0; +http://www.bing.com/bingbot.htm) Chrome/116.0.1938.76 Safari/537.36" 76 **0/76799**
157.245.63.62 - - [04/Aug/2026:07:54:39 -0700] "GET /wp-admin/plugins.php HTTP/1.1" 200 7081 "https://www.salt.gov.jo/wp-login.php" "Mozilla/5.0 (Macintosh; Intel Mac OS X 10_15_7) AppleWebKit/605.1.15 (KHTML, like Gecko) Version/17.2 Safari/605.1.15" 2 **0/2719**
57.141.18.5 - - [04/Aug/2026:07:54:39 -0700] "GET /sitemap-index.xml/importent-Link HTTP/2.0" 404 6659 "-" "Mozilla/5.0 (Macintosh; Intel Mac OS X 10_15_7) AppleWebKit/537.36 (KHTML, like Gecko) Chrome/145.0.0.0 Safari/537.36 (compatible; meta-externalagent/1.1 (+https://developers.facebook.com/docs/sharing/webmasters/crawler))" 63 **0/63662**
185.191.171.15 - - [04/Aug/2026:07:54:48 -0700] "GET /ATM138/Salt-Area/area/Zay%20Area HTTP/1.1" 404 6659 "-" "Mozilla/5.0 (compatible; SemrushBot/7~bl; +http://www.semrush.com/bot.html)" 90 **0/90499**
185.191.171.11 - - [04/Aug/2026:07:54:50 -0700] "GET /ufaslot98/advertising/Announcement/134 HTTP/1.1" 404 6659 "-" "Mozilla/5.0 (compatible; SemrushBot/7~bl; +http://www.semrush.com/bot.html)" 59 **0/59671**
185.191.171.16 - - [04/Aug/2026:07:55:00 -0700] "GET /roza123/advertising/Announcement/176 HTTP/1.1" 404 6659 "-" "Mozilla/5.0 (compatible; SemrushBot/7~bl; +http://www.semrush.com/bot.html)" 73 **0/73411**
57.141.18.93 - - [04/Aug/2026:07:55:09 -0700] "GET /sitemap-index.xml/advertising/Announcement/159 HTTP/2.0" 404 6659 "-" "Mozilla/5.0 (Windows NT 10.0; Win64; x64) AppleWebKit/537.36 (KHTML, like Gecko) Chrome/145.0.0.0 Safari/537.36 (compatible; meta-externalagent/1.1 (+https://developers.facebook.com/docs/sharing/webmasters/crawler))" 75 **0/75064**
157.245.63.62 - - [04/Aug/2026:07:55:12 -0700] "POST /wp-login.php HTTP/1.1" 200 7091 "https://www.salt.gov.jo/wp-login.php" "Mozilla/5.0 (Macintosh; Intel Mac OS X 13_6_1) AppleWebKit/537.36 (KHTML, like Gecko) Chrome/119.0.0.0 Safari/537.36" 10 **0/10617**
185.191.171.1 - - [04/Aug/2026:07:55:17 -0700] "GET /partyslot/advertising/Announcement/199 HTTP/1.1" 404 6659 "-" "Mozilla/5.0 (compatible; SemrushBot/7~bl; +http://www.semrush.com/bot.html)" 69 **0/69478**
85.208.96.211 - - [04/Aug/2026:07:55:19 -0700] "GET /thbet99/About-Us/Relation-Ship HTTP/1.1" 404 6659 "-" "Mozilla/5.0 (compatible; SemrushBot/7~bl; +http://www.semrush.com/bot.html)" 57 **0/57736**
157.245.63.62 - - [04/Aug/2026:07:55:26 -0700] "GET /wp-admin/index.php HTTP/1.1" 200 7044 "https://www.salt.gov.jo/wp-login.php" "Mozilla/5.0 (Macintosh; Intel Mac OS X 13_6_1) AppleWebKit/537.36 (KHTML, like Gecko) Chrome/119.0.0.0 Safari/537.36" 3 **0/3633**
185.191.171.12 - - [04/Aug/2026:07:55:29 -0700] "GET /ufabet9999/News/view/88 HTTP/1.1" 404 6659 "-" "Mozilla/5.0 (compatible; SemrushBot/7~bl; +http://www.semrush.com/bot.html)" 70 **0/70049**
185.191.171.14 - - [04/Aug/2026:07:55:31 -0700] "GET /BOS303/advertising/Announcement/163 HTTP/1.1" 404 6659 "-" "Mozilla/5.0 (compatible; SemrushBot/7~bl; +http://www.semrush.com/bot.html)" 57 **0/57472**
185.191.171.8 - - [04/Aug/2026:07:55:34 -0700] "GET /BOS288/advertising/Announcement/137 HTTP/1.1" 404 6659 "-" "Mozilla/5.0 (compatible; SemrushBot/7~bl; +http://www.semrush.com/bot.html)" 64 **0/64689**
185.191.171.19 - - [04/Aug/2026:07:55:38 -0700] "GET /ARENAGAME/advertising/Announcement/192 HTTP/1.1" 404 6659 "-" "Mozilla/5.0 (compatible; SemrushBot/7~bl; +http://www.semrush.com/bot.html)" 73 **0/73430**
57.141.18.43 - - [04/Aug/2026:07:55:38 -0700] "GET /sitemap_index.xml/advertising/Announcement/77 HTTP/2.0" 404 6659 "-" "Mozilla/5.0 (Windows NT 10.0; Win64; x64) AppleWebKit/537.36 (KHTML, like Gecko) Chrome/145.0.0.0 Safari/537.36 (compatible; meta-externalagent/1.1 (+https://developers.facebook.com/docs/sharing/webmasters/crawler))" 54 **0/54870**
157.245.63.62 - - [04/Aug/2026:07:55:40 -0700] "GET /wp-admin/profile.php HTTP/1.1" 200 6951 "https://www.salt.gov.jo/wp-login.php" "Mozilla/5.0 (Macintosh; Intel Mac OS X 13_6_1) AppleWebKit/537.36 (KHTML, like Gecko) Chrome/119.0.0.0 Safari/537.36" 2 **0/2921**
185.191.171.7 - - [04/Aug/2026:07:55:40 -0700] "GET /BERKAT168/advertising/Announcement/70 HTTP/1.1" 404 6659 "-" "Mozilla/5.0 (compatible; SemrushBot/7~bl; +http://www.semrush.com/bot.html)" 48 **0/48915**
185.191.171.8 - - [04/Aug/2026:07:55:47 -0700] "GET /ASIA505/advertising/Announcement/117 HTTP/1.1" 404 6659 "-" "Mozilla/5.0 (compatible; SemrushBot/7~bl; +http://www.semrush.com/bot.html)" 70 **0/70057**
57.141.18.62 - - [04/Aug/2026:07:55:51 -0700] "GET /news-sitemap.xml/advertising/Announcement/183 HTTP/2.0" 404 6659 "-" "Mozilla/5.0 (Windows NT 10.0; Win64; x64) AppleWebKit/537.36 (KHTML, like Gecko) Chrome/145.0.0.0 Safari/537.36 Edg/145.0.0.0 (compatible; meta-externalagent/1.1 (+https://developers.facebook.com/docs/sharing/webmasters/crawler))" 68 **0/68292**
157.245.63.62 - - [04/Aug/2026:07:55:56 -0700] "GET /wp-admin/edit.php HTTP/1.1" 200 7083 "https://www.salt.gov.jo/wp-login.php" "Mozilla/5.0 (Macintosh; Intel Mac OS X 13_6_1) AppleWebKit/537.36 (KHTML, like Gecko) Chrome/119.0.0.0 Safari/537.36" 3 **0/3560**
153.3.233.23 - - [04/Aug/2026:07:55:59 -0700] "GET /assets/site/css/main.css HTTP/2.0" 200 2708 "http://www.salt.gov.jo/" "Sogou web spider/4.0(+http://www.sogou.com/docs/help/webmasters.htm#07)" 9 **0/9681**
153.3.233.23 - - [04/Aug/2026:07:55:59 -0700] "GET /assets/site/css/bootstrap.rtl.min.css HTTP/2.0" 200 34509 "http://www.salt.gov.jo/" "Sogou web spider/4.0(+http://www.sogou.com/docs/help/webmasters.htm#07)" 15 **0/15396**
185.191.171.11 - - [04/Aug/2026:07:56:00 -0700] "GET /BOLAZONA/advertising/Announcement/55 HTTP/1.1" 404 6659 "-" "Mozilla/5.0 (compatible; SemrushBot/7~bl; +http://www.semrush.com/bot.html)" 75 **0/75720**
85.208.96.210 - - [04/Aug/2026:07:56:03 -0700] "GET /uang99/Salt-Area/area/Um-Jozah%20Area HTTP/1.1" 404 6659 "-" "Mozilla/5.0 (compatible; SemrushBot/7~bl; +http://www.semrush.com/bot.html)" 62 **0/62114**
57.141.18.104 - - [04/Aug/2026:07:56:04 -0700] "GET /sitemap_index.xml/advertising/Announcement/157 HTTP/2.0" 404 6659 "-" "Mozilla/5.0 (Macintosh; Intel Mac OS X 10_15_7) AppleWebKit/537.36 (KHTML, like Gecko) Chrome/145.0.0.0 Safari/537.36 (compatible; meta-externalagent/1.1 (+https://developers.facebook.com/docs/sharing/webmasters/crawler))" 53 **0/53928**
57.141.18.103 - - [04/Aug/2026:07:56:13 -0700] "GET /sitemap.html/advertising/Announcement/80 HTTP/2.0" 404 6659 "-" "Mozilla/5.0 (Macintosh; Intel Mac OS X 10_15_7) AppleWebKit/537.36 (KHTML, like Gecko) Chrome/145.0.0.0 Safari/537.36 (compatible; meta-externalagent/1.1 (+https://developers.facebook.com/docs/sharing/webmasters/crawler))" 68 **0/68469**
85.208.96.206 - - [04/Aug/2026:07:56:14 -0700] "GET /BORNEO189/advertising/Announcement/14 HTTP/1.1" 404 6659 "-" "Mozilla/5.0 (compatible; SemrushBot/7~bl; +http://www.semrush.com/bot.html)" 57 **0/57426**
52.167.144.217 - - [04/Aug/2026:07:56:22 -0700] "GET /AROMA4D/employee/employee-services HTTP/2.0" 404 6659 "-" "Mozilla/5.0 AppleWebKit/537.36 (KHTML, like Gecko; compatible; bingbot/2.0; +http://www.bing.com/bingbot.htm) Chrome/116.0.1938.76 Safari/537.36" 72 **0/72386**
52.167.144.217 - - [04/Aug/2026:07:56:23 -0700] "GET /wisdomwin/advertising/Announcement/110 HTTP/2.0" 404 6659 "-" "Mozilla/5.0 AppleWebKit/537.36 (KHTML, like Gecko; compatible; bingbot/2.0; +http://www.bing.com/bingbot.htm) Chrome/116.0.1938.76 Safari/537.36" 56 **0/56640**
52.167.144.217 - - [04/Aug/2026:07:56:23 -0700] "GET /februaritogel/News/view/88 HTTP/2.0" 404 6659 "-" "Mozilla/5.0 AppleWebKit/537.36 (KHTML, like Gecko; compatible; bingbot/2.0; +http://www.bing.com/bingbot.htm) Chrome/116.0.1938.76 Safari/537.36" 55 **0/55085**
157.245.63.62 - - [04/Aug/2026:07:56:23 -0700] "GET /wp-admin/plugins.php HTTP/1.1" 200 6948 "https://www.salt.gov.jo/wp-login.php" "Mozilla/5.0 (Macintosh; Intel Mac OS X 13_6_1) AppleWebKit/537.36 (KHTML, like Gecko) Chrome/119.0.0.0 Safari/537.36" 2 **0/2874**
157.55.39.10 - - [04/Aug/2026:07:56:26 -0700] "GET /CLAN4D/About-Us/Previous-Board HTTP/2.0" 404 6659 "-" "Mozilla/5.0 AppleWebKit/537.36 (KHTML, like Gecko; compatible; bingbot/2.0; +http://www.bing.com/bingbot.htm) Chrome/116.0.1938.76 Safari/537.36" 69 **0/69707**
85.208.96.210 - - [04/Aug/2026:07:56:30 -0700] "GET /rawa66/advertising/Announcement/13 HTTP/1.1" 404 6659 "-" "Mozilla/5.0 (compatible; SemrushBot/7~bl; +http://www.semrush.com/bot.html)" 68 **0/68052**
85.208.96.204 - - [04/Aug/2026:07:56:32 -0700] "GET /hari138/News/view/89 HTTP/1.1" 404 6659 "-" "Mozilla/5.0 (compatible; SemrushBot/7~bl; +http://www.semrush.com/bot.html)" 60 **0/60501**
185.191.171.19 - - [04/Aug/2026:07:56:34 -0700] "GET /mpk88club/one-stop HTTP/1.1" 404 6659 "-" "Mozilla/5.0 (compatible; SemrushBot/7~bl; +http://www.semrush.com/bot.html)" 69 **0/69377**
157.245.63.62 - - [04/Aug/2026:07:56:35 -0700] "POST /wp-login.php HTTP/1.1" 200 6999 "https://www.salt.gov.jo/wp-login.php" "Mozilla/5.0 (X11; Ubuntu; Linux x86_64) AppleWebKit/537.36 (KHTML, like Gecko) Chrome/119.0.0.0 Safari/537.36" 3 **0/3441**
207.46.13.124 - - [04/Aug/2026:07:56:36 -0700] "GET /landak4d/advertising/Announcement/34 HTTP/2.0" 404 6659 "-" "Mozilla/5.0 AppleWebKit/537.36 (KHTML, like Gecko; compatible; bingbot/2.0; +http://www.bing.com/bingbot.htm) Chrome/116.0.1938.76 Safari/537.36" 51 **0/51495**
207.46.13.124 - - [04/Aug/2026:07:56:37 -0700] "GET /RBTV777/advertising/Announcement/189 HTTP/2.0" 404 6659 "-" "Mozilla/5.0 AppleWebKit/537.36 (KHTML, like Gecko; compatible; bingbot/2.0; +http://www.bing.com/bingbot.htm) Chrome/116.0.1938.76 Safari/537.36" 68 **0/68337**
207.46.13.124 - - [04/Aug/2026:07:56:37 -0700] "GET /roket333/advertising/Announcement/127 HTTP/2.0" 404 6659 "-" "Mozilla/5.0 AppleWebKit/537.36 (KHTML, like Gecko; compatible; bingbot/2.0; +http://www.bing.com/bingbot.htm) Chrome/116.0.1938.76 Safari/537.36" 58 **0/58793**
185.191.171.14 - - [04/Aug/2026:07:56:37 -0700] "GET /purototo/advertising/Announcement/188 HTTP/1.1" 404 6659 "-" "Mozilla/5.0 (compatible; SemrushBot/7~bl; +http://www.semrush.com/bot.html)" 61 **0/61652**
157.55.39.10 - - [04/Aug/2026:07:56:41 -0700] "GET /hawk88high/advertising/Announcement/196 HTTP/2.0" 404 6659 "-" "Mozilla/5.0 AppleWebKit/537.36 (KHTML, like Gecko; compatible; bingbot/2.0; +http://www.bing.com/bingbot.htm) Chrome/116.0.1938.76 Safari/537.36" 64 **0/64252**
157.55.39.10 - - [04/Aug/2026:07:56:41 -0700] "GET /kingmpo77/advertising/Announcement/144 HTTP/2.0" 404 6659 "-" "Mozilla/5.0 AppleWebKit/537.36 (KHTML, like Gecko; compatible; bingbot/2.0; +http://www.bing.com/bingbot.htm) Chrome/116.0.1938.76 Safari/537.36" 51 **0/51155**
