157.55.39.53 - - [04/Aug/2026:08:08:16 -0700] "GET /PANDAWIN/Salt-Area HTTP/2.0" 404 6659 "-" "Mozilla/5.0 AppleWebKit/537.36 (KHTML, like Gecko; compatible; bingbot/2.0; +http://www.bing.com/bingbot.htm) Chrome/116.0.1938.76 Safari/537.36" 53 **0/53311**
185.191.171.15 - - [04/Aug/2026:08:08:20 -0700] "GET /BOLAGACOR/advertising/Announcement/53 HTTP/1.1" 404 6659 "-" "Mozilla/5.0 (compatible; SemrushBot/7~bl; +http://www.semrush.com/bot.html)" 75 **0/75728**
85.208.96.207 - - [04/Aug/2026:08:08:20 -0700] "GET /retro123/advertising/Announcement/169 HTTP/1.1" 404 6659 "-" "Mozilla/5.0 (compatible; SemrushBot/7~bl; +http://www.semrush.com/bot.html)" 52 **0/52330**
185.191.171.9 - - [04/Aug/2026:08:08:22 -0700] "GET /4djakarta/advertising/Announcement/134 HTTP/1.1" 404 6659 "-" "Mozilla/5.0 (compatible; SemrushBot/7~bl; +http://www.semrush.com/bot.html)" 51 **0/51433**
85.208.96.202 - - [04/Aug/2026:08:08:24 -0700] "GET /sandi128/About-Us/Organizational-Chart HTTP/1.1" 404 6659 "-" "Mozilla/5.0 (compatible; SemrushBot/7~bl; +http://www.semrush.com/bot.html)" 65 **0/65981**
185.191.171.18 - - [04/Aug/2026:08:08:25 -0700] "GET /BOLA228/advertising/Announcement/10 HTTP/1.1" 404 6659 "-" "Mozilla/5.0 (compatible; SemrushBot/7~bl; +http://www.semrush.com/bot.html)" 58 **0/58929**
157.245.63.62 - - [04/Aug/2026:08:08:28 -0700] "GET /wp-admin/profile.php HTTP/1.1" 200 7051 "https://www.salt.gov.jo/wp-login.php" "Mozilla/5.0 (Macintosh; Intel Mac OS X 13_6_1; rv:120.0) Gecko/20100101 Firefox/120.0" 3 **0/3497**
185.191.171.8 - - [04/Aug/2026:08:08:29 -0700] "GET /BOJEK567/advertising/Announcement/75 HTTP/1.1" 404 6659 "-" "Mozilla/5.0 (compatible; SemrushBot/7~bl; +http://www.semrush.com/bot.html)" 70 **0/70014**
207.46.13.111 - - [04/Aug/2026:08:08:29 -0700] "GET /KUDALAUT88/advertising/Announcement/35 HTTP/2.0" 404 6659 "-" "Mozilla/5.0 AppleWebKit/537.36 (KHTML, like Gecko; compatible; bingbot/2.0; +http://www.bing.com/bingbot.htm) Chrome/116.0.1938.76 Safari/537.36" 57 **0/57849**
207.46.13.111 - - [04/Aug/2026:08:08:29 -0700] "GET /mantra388/advertising/Announcement/56 HTTP/2.0" 404 6659 "-" "Mozilla/5.0 AppleWebKit/537.36 (KHTML, like Gecko; compatible; bingbot/2.0; +http://www.bing.com/bingbot.htm) Chrome/116.0.1938.76 Safari/537.36" 54 **0/54638**
85.208.96.197 - - [04/Aug/2026:08:08:34 -0700] "GET /BIRU138/advertising/Announcement/88 HTTP/1.1" 404 6659 "-" "Mozilla/5.0 (compatible; SemrushBot/7~bl; +http://www.semrush.com/bot.html)" 83 **0/83565**
85.208.96.203 - - [04/Aug/2026:08:08:36 -0700] "GET /INI777/Services HTTP/1.1" 404 6659 "-" "Mozilla/5.0 (compatible; SemrushBot/7~bl; +http://www.semrush.com/bot.html)" 53 **0/53237**
157.55.39.12 - - [04/Aug/2026:08:08:36 -0700] "GET /64383206.html HTTP/2.0" 404 6659 "-" "Mozilla/5.0 AppleWebKit/537.36 (KHTML, like Gecko; compatible; bingbot/2.0; +http://www.bing.com/bingbot.htm) Chrome/116.0.1938.76 Safari/537.36" 51 **0/51968**
157.55.39.12 - - [04/Aug/2026:08:08:36 -0700] "GET /KU888/advertising/Announcement/181 HTTP/2.0" 404 6659 "-" "Mozilla/5.0 AppleWebKit/537.36 (KHTML, like Gecko; compatible; bingbot/2.0; +http://www.bing.com/bingbot.htm) Chrome/116.0.1938.76 Safari/537.36" 55 **0/55854**
157.55.39.12 - - [04/Aug/2026:08:08:37 -0700] "GET /dindanslot/advertising/Announcement/82 HTTP/2.0" 404 6659 "-" "Mozilla/5.0 AppleWebKit/537.36 (KHTML, like Gecko; compatible; bingbot/2.0; +http://www.bing.com/bingbot.htm) Chrome/116.0.1938.76 Safari/537.36" 67 **0/67929**
157.55.39.12 - - [04/Aug/2026:08:08:37 -0700] "GET /atlas777/Procedures-Guide HTTP/2.0" 404 6659 "-" "Mozilla/5.0 AppleWebKit/537.36 (KHTML, like Gecko; compatible; bingbot/2.0; +http://www.bing.com/bingbot.htm) Chrome/116.0.1938.76 Safari/537.36" 56 **0/56141**
157.55.39.12 - - [04/Aug/2026:08:08:37 -0700] "GET /halu88/Tourism/Tourism-Of-Salt HTTP/2.0" 404 6659 "-" "Mozilla/5.0 AppleWebKit/537.36 (KHTML, like Gecko; compatible; bingbot/2.0; +http://www.bing.com/bingbot.htm) Chrome/116.0.1938.76 Safari/537.36" 62 **0/62994**
207.46.13.111 - - [04/Aug/2026:08:08:41 -0700] "GET /ADAT88/advertising/Announcement/24 HTTP/2.0" 404 6659 "-" "Mozilla/5.0 AppleWebKit/537.36 (KHTML, like Gecko; compatible; bingbot/2.0; +http://www.bing.com/bingbot.htm) Chrome/116.0.1938.76 Safari/537.36" 67 **0/67433**
207.46.13.111 - - [04/Aug/2026:08:08:41 -0700] "GET /hprinting.jordansolutionsjo.com/advertising/Circulars HTTP/2.0" 404 6659 "-" "Mozilla/5.0 AppleWebKit/537.36 (KHTML, like Gecko; compatible; bingbot/2.0; +http://www.bing.com/bingbot.htm) Chrome/116.0.1938.76 Safari/537.36" 66 **0/66634**
157.245.63.62 - - [04/Aug/2026:08:08:42 -0700] "GET /wp-admin/edit.php HTTP/1.1" 200 7079 "https://www.salt.gov.jo/wp-login.php" "Mozilla/5.0 (Macintosh; Intel Mac OS X 13_6_1; rv:120.0) Gecko/20100101 Firefox/120.0" 3 **0/3791**
40.77.167.55 - - [04/Aug/2026:08:08:46 -0700] "GET /UWAK99/advertising/Announcement/19 HTTP/2.0" 404 6659 "-" "Mozilla/5.0 AppleWebKit/537.36 (KHTML, like Gecko; compatible; bingbot/2.0; +http://www.bing.com/bingbot.htm) Chrome/116.0.1938.76 Safari/537.36" 66 **0/66637**
40.77.167.55 - - [04/Aug/2026:08:08:46 -0700] "GET /TVTOTO/advertising/Announcement/100 HTTP/2.0" 404 6659 "-" "Mozilla/5.0 AppleWebKit/537.36 (KHTML, like Gecko; compatible; bingbot/2.0; +http://www.bing.com/bingbot.htm) Chrome/116.0.1938.76 Safari/537.36" 53 **0/53634**
40.77.167.55 - - [04/Aug/2026:08:08:46 -0700] "GET /SUNGAMING/advertising/Announcement/19 HTTP/2.0" 404 6659 "-" "Mozilla/5.0 AppleWebKit/537.36 (KHTML, like Gecko; compatible; bingbot/2.0; +http://www.bing.com/bingbot.htm) Chrome/116.0.1938.76 Safari/537.36" 53 **0/53265**
51.107.70.196 - - [04/Aug/2026:08:08:50 -0700] "GET /ar/news/29 HTTP/2.0" 200 6987 "-" "Mozilla/5.0 AppleWebKit/537.36 (KHTML, like Gecko); compatible; ChatGPT-User/1.0; +https://openai.com/bot" 4 **0/4638**
51.107.70.196 - - [04/Aug/2026:08:08:50 -0700] "GET /ar/news/30 HTTP/2.0" 200 6991 "-" "Mozilla/5.0 AppleWebKit/537.36 (KHTML, like Gecko); compatible; ChatGPT-User/1.0; +https://openai.com/bot" 3 **0/3029**
51.107.70.192 - - [04/Aug/2026:08:08:50 -0700] "GET /ar/news/16 HTTP/2.0" 200 7028 "-" "Mozilla/5.0 AppleWebKit/537.36 (KHTML, like Gecko); compatible; ChatGPT-User/1.0; +https://openai.com/bot" 3 **0/3416**
85.208.96.210 - - [04/Aug/2026:08:08:53 -0700] "GET /ns77/advertising/Announcement/164 HTTP/1.1" 404 6659 "-" "Mozilla/5.0 (compatible; SemrushBot/7~bl; +http://www.semrush.com/bot.html)" 67 **0/67605**
85.208.96.197 - - [04/Aug/2026:08:08:55 -0700] "GET /olx77/advertising/Announcement/125 HTTP/1.1" 404 6659 "-" "Mozilla/5.0 (compatible; SemrushBot/7~bl; +http://www.semrush.com/bot.html)" 57 **0/57952**
85.208.96.203 - - [04/Aug/2026:08:08:59 -0700] "GET /obs178/advertising/Announcement/9 HTTP/1.1" 404 6659 "-" "Mozilla/5.0 (compatible; SemrushBot/7~bl; +http://www.semrush.com/bot.html)" 72 **0/72269**
157.245.63.62 - - [04/Aug/2026:08:09:02 -0700] "GET /wp-admin/plugins.php HTTP/1.1" 200 7017 "https://www.salt.gov.jo/wp-login.php" "Mozilla/5.0 (Macintosh; Intel Mac OS X 13_6_1; rv:120.0) Gecko/20100101 Firefox/120.0" 3 **0/3977**
85.208.96.201 - - [04/Aug/2026:08:09:11 -0700] "GET /BOLAKAWAN/advertising/Announcement/187 HTTP/1.1" 404 6659 "-" "Mozilla/5.0 (compatible; SemrushBot/7~bl; +http://www.semrush.com/bot.html)" 67 **0/67927**
157.245.63.62 - - [04/Aug/2026:08:09:15 -0700] "POST /wp-login.php HTTP/1.1" 200 7025 "https://www.salt.gov.jo/wp-login.php" "Mozilla/5.0 (X11; Ubuntu; Linux x86_64) AppleWebKit/537.36 (KHTML, like Gecko) Chrome/119.0.0.0 Safari/537.36" 3 **0/3499**
185.191.171.13 - - [04/Aug/2026:08:09:17 -0700] "GET /tajir88/advertising/Announcement/28 HTTP/1.1" 404 6659 "-" "Mozilla/5.0 (compatible; SemrushBot/7~bl; +http://www.semrush.com/bot.html)" 71 **0/71596**
185.191.171.14 - - [04/Aug/2026:08:09:21 -0700] "GET /uang188/advertising/Announcement/143 HTTP/1.1" 404 6659 "-" "Mozilla/5.0 (compatible; SemrushBot/7~bl; +http://www.semrush.com/bot.html)" 78 **0/78540**
57.141.18.2 - - [04/Aug/2026:08:09:24 -0700] "GET /sitemap.html/advertising/Announcement/82 HTTP/2.0" 404 6659 "-" "Mozilla/5.0 (X11; Linux x86_64) AppleWebKit/537.36 (KHTML, like Gecko) Chrome/145.0.0.0 Safari/537.36 (compatible; meta-externalagent/1.1 (+https://developers.facebook.com/docs/sharing/webmasters/crawler))" 56 **0/56689**
85.208.96.198 - - [04/Aug/2026:08:09:26 -0700] "GET /BENGAWAN88/advertising/Announcement/33 HTTP/1.1" 404 6659 "-" "Mozilla/5.0 (compatible; SemrushBot/7~bl; +http://www.semrush.com/bot.html)" 59 **0/59369**
157.245.63.62 - - [04/Aug/2026:08:09:26 -0700] "GET /wp-admin/index.php HTTP/1.1" 200 7074 "https://www.salt.gov.jo/wp-login.php" "Mozilla/5.0 (Macintosh; Intel Mac OS X 10_15_7) AppleWebKit/605.1.15 (KHTML, like Gecko) Version/17.2 Safari/605.1.15" 2 **0/2829**
185.191.171.13 - - [04/Aug/2026:08:09:34 -0700] "GET /55xo/advertising/Announcement/78 HTTP/1.1" 404 6659 "-" "Mozilla/5.0 (compatible; SemrushBot/7~bl; +http://www.semrush.com/bot.html)" 66 **0/66543**
57.141.18.51 - - [04/Aug/2026:08:09:36 -0700] "GET /sitemap.xml/advertising/Announcement/127 HTTP/2.0" 404 6659 "-" "Mozilla/5.0 (Macintosh; Intel Mac OS X 10_15_7) AppleWebKit/537.36 (KHTML, like Gecko) Chrome/145.0.0.0 Safari/537.36 (compatible; meta-externalagent/1.1 (+https://developers.facebook.com/docs/sharing/webmasters/crawler))" 57 **0/57179**
185.191.171.15 - - [04/Aug/2026:08:09:40 -0700] "GET /ribbon898/advertising/Announcement/21 HTTP/1.1" 404 6659 "-" "Mozilla/5.0 (compatible; SemrushBot/7~bl; +http://www.semrush.com/bot.html)" 78 **0/78423**
185.191.171.7 - - [04/Aug/2026:08:09:42 -0700] "GET /papa168/advertising/Announcement/101 HTTP/1.1" 404 6659 "-" "Mozilla/5.0 (compatible; SemrushBot/7~bl; +http://www.semrush.com/bot.html)" 57 **0/57430**
185.191.171.13 - - [04/Aug/2026:08:09:46 -0700] "GET /panda388/advertising/Announcement/184 HTTP/1.1" 404 6659 "-" "Mozilla/5.0 (compatible; SemrushBot/7~bl; +http://www.semrush.com/bot.html)" 69 **0/69318**
85.208.96.197 - - [04/Aug/2026:08:09:48 -0700] "GET /tupai123/advertising/Announcement/17 HTTP/1.1" 404 6659 "-" "Mozilla/5.0 (compatible; SemrushBot/7~bl; +http://www.semrush.com/bot.html)" 56 **0/56654**
85.208.96.205 - - [04/Aug/2026:08:09:51 -0700] "GET /pancing66/advertising/Announcement/194 HTTP/1.1" 404 6659 "-" "Mozilla/5.0 (compatible; SemrushBot/7~bl; +http://www.semrush.com/bot.html)" 66 **0/66556**
157.245.63.62 - - [04/Aug/2026:08:09:53 -0700] "GET /wp-admin/profile.php HTTP/1.1" 200 7027 "https://www.salt.gov.jo/wp-login.php" "Mozilla/5.0 (Macintosh; Intel Mac OS X 10_15_7) AppleWebKit/605.1.15 (KHTML, like Gecko) Version/17.2 Safari/605.1.15" 3 **0/3099**
185.191.171.4 - - [04/Aug/2026:08:10:03 -0700] "GET /robots.txt HTTP/1.1" 200 24 "-" "Mozilla/5.0 (compatible; SemrushBot/7~bl; +http://www.semrush.com/bot.html)" 8 **0/8327**
85.208.96.207 - - [04/Aug/2026:08:10:03 -0700] "GET /ATG88/Procedures-Guide HTTP/1.1" 404 6659 "-" "Mozilla/5.0 (compatible; SemrushBot/7~bl; +http://www.semrush.com/bot.html)" 74 **0/74173**
157.245.63.62 - - [04/Aug/2026:08:10:04 -0700] "GET /wp-admin/edit.php HTTP/1.1" 200 7068 "https://www.salt.gov.jo/wp-login.php" "Mozilla/5.0 (Macintosh; Intel Mac OS X 10_15_7) AppleWebKit/605.1.15 (KHTML, like Gecko) Version/17.2 Safari/605.1.15" 3 **0/3245**
85.208.96.201 - - [04/Aug/2026:08:10:12 -0700] "GET /4dbuah/advertising/Announcement/34 HTTP/1.1" 404 6659 "-" "Mozilla/5.0 (compatible; SemrushBot/7~bl; +http://www.semrush.com/bot.html)" 73 **0/73422**
157.245.63.62 - - [04/Aug/2026:08:10:15 -0700] "GET /wp-admin/plugins.php HTTP/1.1" 200 7062 "https://www.salt.gov.jo/wp-login.php" "Mozilla/5.0 (Macintosh; Intel Mac OS X 10_15_7) AppleWebKit/605.1.15 (KHTML, like Gecko) Version/17.2 Safari/605.1.15" 2 **0/2729**
185.191.171.3 - - [04/Aug/2026:08:10:20 -0700] "GET /BED4D/advertising/Announcement/166 HTTP/1.1" 404 6659 "-" "Mozilla/5.0 (compatible; SemrushBot/7~bl; +http://www.semrush.com/bot.html)" 67 **0/67583**
157.245.63.62 - - [04/Aug/2026:08:10:24 -0700] "POST /wp-login.php HTTP/1.1" 200 7072 "https://www.salt.gov.jo/wp-login.php" "Mozilla/5.0 (Macintosh; Intel Mac OS X 10_15_7) AppleWebKit/537.36 (KHTML, like Gecko) Chrome/121.0.0.0 Safari/537.36" 3 **0/3982**
85.208.96.201 - - [04/Aug/2026:08:10:29 -0700] "GET /puspa138/advertising/Announcement/82 HTTP/1.1" 404 6659 "-" "Mozilla/5.0 (compatible; SemrushBot/7~bl; +http://www.semrush.com/bot.html)" 70 **0/70347**
157.245.63.62 - - [04/Aug/2026:08:10:34 -0700] "GET /wp-admin/index.php HTTP/1.1" 200 6974 "https://www.salt.gov.jo/wp-login.php" "Mozilla/5.0 (Macintosh; Intel Mac OS X 13_6_1) AppleWebKit/605.1.15 (KHTML, like Gecko) Version/17.2 Safari/605.1.15" 3 **0/3745**
85.208.96.203 - - [04/Aug/2026:08:10:36 -0700] "GET /tatatogel/advertising/Announcement/157 HTTP/1.1" 404 6659 "-" "Mozilla/5.0 (compatible; SemrushBot/7~bl; +http://www.semrush.com/bot.html)" 61 **0/61189**
57.141.18.90 - - [04/Aug/2026:08:10:39 -0700] "GET /sitemap_index.xml/advertising/Announcement/71 HTTP/2.0" 404 6659 "-" "Mozilla/5.0 (Windows NT 10.0; Win64; x64) AppleWebKit/537.36 (KHTML, like Gecko) Chrome/145.0.0.0 Safari/537.36 Edg/145.0.0.0 (compatible; meta-externalagent/1.1 (+https://developers.facebook.com/docs/sharing/webmasters/crawler))" 68 **0/68670**
157.245.63.62 - - [04/Aug/2026:08:10:43 -0700] "GET /wp-admin/profile.php HTTP/1.1" 200 7082 "https://www.salt.gov.jo/wp-login.php" "Mozilla/5.0 (Macintosh; Intel Mac OS X 13_6_1) AppleWebKit/605.1.15 (KHTML, like Gecko) Version/17.2 Safari/605.1.15" 2 **0/2730**
185.191.171.3 - - [04/Aug/2026:08:10:47 -0700] "GET /TEKTOK77/advertising/Bids HTTP/1.1" 404 6659 "-" "Mozilla/5.0 (compatible; SemrushBot/7~bl; +http://www.semrush.com/bot.html)" 71 **0/71976**
185.191.171.8 - - [04/Aug/2026:08:10:47 -0700] "GET /video888/About-Us/Manager-Of-Salt HTTP/1.1" 404 6659 "-" "Mozilla/5.0 (compatible; SemrushBot/7~bl; +http://www.semrush.com/bot.html)" 56 **0/56768**
157.245.63.62 - - [04/Aug/2026:08:10:50 -0700] "GET /wp-admin/edit.php HTTP/1.1" 200 7148 "https://www.salt.gov.jo/wp-login.php" "Mozilla/5.0 (Macintosh; Intel Mac OS X 13_6_1) AppleWebKit/605.1.15 (KHTML, like Gecko) Version/17.2 Safari/605.1.15" 3 **0/3011**
185.191.171.11 - - [04/Aug/2026:08:10:53 -0700] "GET /rgo368/advertising/Announcement/125 HTTP/1.1" 404 6659 "-" "Mozilla/5.0 (compatible; SemrushBot/7~bl; +http://www.semrush.com/bot.html)" 71 **0/71716**
85.208.96.203 - - [04/Aug/2026:08:10:59 -0700] "GET /raffi99/advertising/Announcement/49 HTTP/1.1" 404 6659 "-" "Mozilla/5.0 (compatible; SemrushBot/7~bl; +http://www.semrush.com/bot.html)" 81 **0/81441**
85.208.96.201 - - [04/Aug/2026:08:11:00 -0700] "GET /pasarmpo/advertising/Announcement/159 HTTP/1.1" 404 6659 "-" "Mozilla/5.0 (compatible; SemrushBot/7~bl; +http://www.semrush.com/bot.html)" 54 **0/54824**
157.245.63.62 - - [04/Aug/2026:08:11:06 -0700] "GET /wp-admin/plugins.php HTTP/1.1" 200 6976 "https://www.salt.gov.jo/wp-login.php" "Mozilla/5.0 (Macintosh; Intel Mac OS X 13_6_1) AppleWebKit/605.1.15 (KHTML, like Gecko) Version/17.2 Safari/605.1.15" 3 **0/3229**
185.191.171.17 - - [04/Aug/2026:08:11:07 -0700] "GET /ric168/Directorates/Initiatives-And-Events-Regstration HTTP/1.1" 404 6659 "-" "Mozilla/5.0 (compatible; SemrushBot/7~bl; +http://www.semrush.com/bot.html)" 156 **0/156139**
95.108.213.171 - - [04/Aug/2026:08:11:13 -0700] "GET /NGAME11 HTTP/2.0" 404 6659 "-" "Mozilla/5.0 (compatible; YandexBot/3.0; +http://yandex.com/bots)" 82 **0/82651**
157.245.63.62 - - [04/Aug/2026:08:11:14 -0700] "POST /wp-login.php HTTP/1.1" 200 7140 "https://www.salt.gov.jo/wp-login.php" "Mozilla/5.0 (Windows NT 11.0; Win64; x64; rv:121.0) Gecko/20100101 Firefox/121.0" 3 **0/3174**
157.245.63.62 - - [04/Aug/2026:08:11:22 -0700] "GET /wp-admin/index.php HTTP/1.1" 200 7055 "https://www.salt.gov.jo/wp-login.php" "Mozilla/5.0 (Macintosh; Intel Mac OS X 13_6_1; rv:120.0) Gecko/20100101 Firefox/120.0" 3 **0/3343**
157.245.63.62 - - [04/Aug/2026:08:11:31 -0700] "GET /wp-admin/profile.php HTTP/1.1" 200 6946 "https://www.salt.gov.jo/wp-login.php" "Mozilla/5.0 (Macintosh; Intel Mac OS X 13_6_1; rv:120.0) Gecko/20100101 Firefox/120.0" 3 **0/3064**
185.191.171.14 - - [04/Aug/2026:08:11:36 -0700] "GET /obs178/advertising/Announcement/65 HTTP/1.1" 404 6659 "-" "Mozilla/5.0 (compatible; SemrushBot/7~bl; +http://www.semrush.com/bot.html)" 72 **0/72676**
85.208.96.203 - - [04/Aug/2026:08:11:37 -0700] "GET /BITBOLA/advertising/Announcement/38 HTTP/1.1" 404 6659 "-" "Mozilla/5.0 (compatible; SemrushBot/7~bl; +http://www.semrush.com/bot.html)" 69 **0/69947**
157.245.63.62 - - [04/Aug/2026:08:11:38 -0700] "GET /wp-admin/edit.php HTTP/1.1" 200 7133 "https://www.salt.gov.jo/wp-login.php" "Mozilla/5.0 (Macintosh; Intel Mac OS X 13_6_1; rv:120.0) Gecko/20100101 Firefox/120.0" 3 **0/3357**
85.208.96.193 - - [04/Aug/2026:08:11:38 -0700] "GET /600togel/advertising/Announcement/39 HTTP/1.1" 404 6659 "-" "Mozilla/5.0 (compatible; SemrushBot/7~bl; +http://www.semrush.com/bot.html)" 49 **0/49770**
85.208.96.198 - - [04/Aug/2026:08:11:39 -0700] "GET /NYENDER99/advertising/Announcement/143 HTTP/1.1" 404 6659 "-" "Mozilla/5.0 (compatible; SemrushBot/7~bl; +http://www.semrush.com/bot.html)" 64 **0/64921**
85.208.96.200 - - [04/Aug/2026:08:11:43 -0700] "GET /55jackpot/advertising/Announcement/183 HTTP/1.1" 404 6659 "-" "Mozilla/5.0 (compatible; SemrushBot/7~bl; +http://www.semrush.com/bot.html)" 67 **0/67580**
157.245.63.62 - - [04/Aug/2026:08:11:45 -0700] "GET /wp-admin/plugins.php HTTP/1.1" 200 7050 "https://www.salt.gov.jo/wp-login.php" "Mozilla/5.0 (Macintosh; Intel Mac OS X 13_6_1; rv:120.0) Gecko/20100101 Firefox/120.0" 3 **0/3463**
14.167.235.183 - - [04/Aug/2026:08:11:45 -0700] "GET /show_news.php?id=1080 HTTP/1.1" 404 6659 "-" "Mozilla/5.0 (Windows NT 10.0; Win64; x64) AppleWebKit/537.36 (KHTML, like Gecko) Chrome/116.0.0.0 Safari/537.36" 55 **0/55531**
38.92.17.117 - - [04/Aug/2026:08:11:47 -0700] "GET /show_news.php?id=881 HTTP/1.1" 404 6659 "-" "Mozilla/5.0 (Windows NT 10.0; Win64; x64) AppleWebKit/537.36 (KHTML, like Gecko) Chrome/131.0.0.0 Safari/537.36" 77 **0/77669**
45.225.169.145 - - [04/Aug/2026:08:11:52 -0700] "GET /show_news.php?id=804 HTTP/1.1" 404 6659 "-" "Mozilla/5.0 (Windows NT 10.0; Win64; x64) AppleWebKit/537.36 (KHTML, like Gecko) Chrome/110.0.0.0 Safari/537.36" 78 **0/78148**
38.19.250.115 - - [04/Aug/2026:08:11:52 -0700] "GET /show_news.php?id=878 HTTP/1.1" 404 6659 "-" "Mozilla/5.0 (Windows NT 10.0; Win64; x64) AppleWebKit/537.36 (KHTML, like Gecko) Chrome/116.0.0.0 Safari/537.36" 61 **0/61081**
157.245.63.62 - - [04/Aug/2026:08:11:54 -0700] "POST /wp-login.php HTTP/1.1" 200 6995 "https://www.salt.gov.jo/wp-login.php" "Mozilla/5.0 (Macintosh; Intel Mac OS X 10_15_7) AppleWebKit/537.36 (KHTML, like Gecko) Chrome/120.0.0.0 Safari/537.36" 3 **0/3501**
57.141.18.27 - - [04/Aug/2026:08:11:56 -0700] "GET /sitemap-index.xml/advertising/Announcement/176 HTTP/2.0" 404 6659 "-" "Mozilla/5.0 (Macintosh; Intel Mac OS X 10_15_7) AppleWebKit/537.36 (KHTML, like Gecko) Chrome/145.0.0.0 Safari/537.36 (compatible; meta-externalagent/1.1 (+https://developers.facebook.com/docs/sharing/webmasters/crawler))" 70 **0/70472**
189.28.75.14 - - [04/Aug/2026:08:11:59 -0700] "GET /show_news.php?id=941 HTTP/1.1" 404 6659 "-" "Mozilla/5.0 (Windows NT 10.0; Win64; x64) AppleWebKit/537.36 (KHTML, like Gecko) Chrome/110.0.0.0 Safari/537.36" 68 **0/68375**
85.208.96.201 - - [04/Aug/2026:08:11:59 -0700] "GET /BOLAHIT/advertising/Announcement/140 HTTP/1.1" 404 6659 "-" "Mozilla/5.0 (compatible; SemrushBot/7~bl; +http://www.semrush.com/bot.html)" 58 **0/58372**
185.191.171.9 - - [04/Aug/2026:08:12:02 -0700] "GET /?history=neraka77 HTTP/1.1" 302 402 "-" "Mozilla/5.0 (compatible; SemrushBot/7~bl; +http://www.semrush.com/bot.html)" 86 **0/86420**
157.245.63.62 - - [04/Aug/2026:08:12:02 -0700] "GET /wp-admin/index.php HTTP/1.1" 200 7079 "https://www.salt.gov.jo/wp-login.php" "Mozilla/5.0 (X11; Linux x86_64) AppleWebKit/537.36 (KHTML, like Gecko) Chrome/120.0.0.0 Safari/537.36" 3 **0/3318**
85.208.96.195 - - [04/Aug/2026:08:12:03 -0700] "GET /friendfix/News/view/89 HTTP/1.1" 404 6659 "-" "Mozilla/5.0 (compatible; SemrushBot/7~bl; +http://www.semrush.com/bot.html)" 64 **0/64196**
85.208.96.201 - - [04/Aug/2026:08:12:04 -0700] "GET /ar?history=neraka77 HTTP/1.1" 200 13616 "-" "Mozilla/5.0 (compatible; SemrushBot/7~bl; +http://www.semrush.com/bot.html)" 76 **0/76137**
157.245.63.62 - - [04/Aug/2026:08:12:10 -0700] "GET /wp-admin/profile.php HTTP/1.1" 200 7061 "https://www.salt.gov.jo/wp-login.php" "Mozilla/5.0 (X11; Linux x86_64) AppleWebKit/537.36 (KHTML, like Gecko) Chrome/120.0.0.0 Safari/537.36" 3 **0/3690**
185.191.171.13 - - [04/Aug/2026:08:12:18 -0700] "GET /689nasa/advertising/Announcement/88 HTTP/1.1" 404 6659 "-" "Mozilla/5.0 (compatible; SemrushBot/7~bl; +http://www.semrush.com/bot.html)" 67 **0/67222**
157.245.63.62 - - [04/Aug/2026:08:12:19 -0700] "GET /wp-admin/edit.php HTTP/1.1" 200 6973 "https://www.salt.gov.jo/wp-login.php" "Mozilla/5.0 (X11; Linux x86_64) AppleWebKit/537.36 (KHTML, like Gecko) Chrome/120.0.0.0 Safari/537.36" 3 **0/3191**
185.191.171.17 - - [04/Aug/2026:08:12:20 -0700] "GET /BONUS77/advertising/Announcement/26 HTTP/1.1" 404 6659 "-" "Mozilla/5.0 (compatible; SemrushBot/7~bl; +http://www.semrush.com/bot.html)" 60 **0/60260**
66.249.93.135 - - [04/Aug/2026:08:12:21 -0700] "GET /.well-known/traffic-advice HTTP/1.1" 404 6659 "-" "Chrome Privacy Preserving Prefetch Proxy" 67 **0/67305**
86.108.18.107 - - [04/Aug/2026:08:12:23 -0700] "GET / HTTP/2.0" 302 350 "https://www.google.com/" "Mozilla/5.0 (Linux; Android 10; K) AppleWebKit/537.36 (KHTML, like Gecko) Chrome/150.0.0.0 Mobile Safari/537.36" 85 **0/85208**
86.108.18.107 - - [04/Aug/2026:08:12:23 -0700] "GET /ar HTTP/2.0" 200 13628 "https://www.google.com/" "Mozilla/5.0 (Linux; Android 10; K) AppleWebKit/537.36 (KHTML, like Gecko) Chrome/150.0.0.0 Mobile Safari/537.36" 72 **0/72209**
157.245.63.62 - - [04/Aug/2026:08:12:27 -0700] "GET /wp-admin/plugins.php HTTP/1.1" 200 7051 "https://www.salt.gov.jo/wp-login.php" "Mozilla/5.0 (X11; Linux x86_64) AppleWebKit/537.36 (KHTML, like Gecko) Chrome/120.0.0.0 Safari/537.36" 3 **0/3434**
157.245.63.62 - - [04/Aug/2026:08:12:35 -0700] "POST /wp-login.php HTTP/1.1" 200 7097 "https://www.salt.gov.jo/wp-login.php" "Mozilla/5.0 (Macintosh; Intel Mac OS X 10_15_7) AppleWebKit/537.36 (KHTML, like Gecko) Chrome/119.0.0.0 Safari/537.36" 3 **0/3338**
185.191.171.14 - - [04/Aug/2026:08:12:37 -0700] "GET /wiraspin77/advertising/Announcement/52 HTTP/1.1" 404 6659 "-" "Mozilla/5.0 (compatible; SemrushBot/7~bl; +http://www.semrush.com/bot.html)" 74 **0/74730**
85.208.96.209 - - [04/Aug/2026:08:12:39 -0700] "GET /777boss/advertising/Announcement/193 HTTP/1.1" 404 6659 "-" "Mozilla/5.0 (compatible; SemrushBot/7~bl; +http://www.semrush.com/bot.html)" 52 **0/52751**
85.208.96.203 - - [04/Aug/2026:08:12:41 -0700] "GET /rrq888/advertising/Announcement/16 HTTP/1.1" 404 6659 "-" "Mozilla/5.0 (compatible; SemrushBot/7~bl; +http://www.semrush.com/bot.html)" 68 **0/68757**
157.245.63.62 - - [04/Aug/2026:08:12:44 -0700] "GET /wp-admin/index.php HTTP/1.1" 200 6992 "https://www.salt.gov.jo/wp-login.php" "Mozilla/5.0 (Windows NT 11.0; Win64; x64; rv:119.0) Gecko/20100101 Firefox/119.0" 3 **0/3510**
185.191.171.12 - - [04/Aug/2026:08:12:45 -0700] "GET /BOLAGACOR/advertising/Announcement/105 HTTP/1.1" 404 6659 "-" "Mozilla/5.0 (compatible; SemrushBot/7~bl; +http://www.semrush.com/bot.html)" 78 **0/78366**
185.191.171.12 - - [04/Aug/2026:08:12:47 -0700] "GET /55legacy/advertising/Announcement/87 HTTP/1.1" 404 6659 "-" "Mozilla/5.0 (compatible; SemrushBot/7~bl; +http://www.semrush.com/bot.html)" 77 **0/77846**
157.245.63.62 - - [04/Aug/2026:08:12:52 -0700] "GET /wp-admin/profile.php HTTP/1.1" 200 7031 "https://www.salt.gov.jo/wp-login.php" "Mozilla/5.0 (Windows NT 11.0; Win64; x64; rv:119.0) Gecko/20100101 Firefox/119.0" 3 **0/3146**
85.208.96.201 - - [04/Aug/2026:08:12:55 -0700] "GET /kalongtoto/advertising/Announcement/71 HTTP/1.1" 404 6659 "-" "Mozilla/5.0 (compatible; SemrushBot/7~bl; +http://www.semrush.com/bot.html)" 72 **0/72798**
157.245.63.62 - - [04/Aug/2026:08:13:00 -0700] "GET /wp-admin/edit.php HTTP/1.1" 200 6952 "https://www.salt.gov.jo/wp-login.php" "Mozilla/5.0 (Windows NT 11.0; Win64; x64; rv:119.0) Gecko/20100101 Firefox/119.0" 3 **0/3418**
85.208.96.201 - - [04/Aug/2026:08:13:04 -0700] "GET /88MPO/advertising/Announcements-and-Circulars HTTP/1.1" 404 6659 "-" "Mozilla/5.0 (compatible; SemrushBot/7~bl; +http://www.semrush.com/bot.html)" 67 **0/67074**
185.191.171.15 - - [04/Aug/2026:08:13:06 -0700] "GET /BOBA99/advertising/Announcement/27 HTTP/1.1" 404 6659 "-" "Mozilla/5.0 (compatible; SemrushBot/7~bl; +http://www.semrush.com/bot.html)" 54 **0/54214**
85.208.96.201 - - [04/Aug/2026:08:13:08 -0700] "GET /virgobet/advertising/Announcement/196 HTTP/1.1" 404 6659 "-" "Mozilla/5.0 (compatible; SemrushBot/7~bl; +http://www.semrush.com/bot.html)" 68 **0/68492**
157.245.63.62 - - [04/Aug/2026:08:13:10 -0700] "GET /wp-admin/plugins.php HTTP/1.1" 200 7036 "https://www.salt.gov.jo/wp-login.php" "Mozilla/5.0 (Windows NT 11.0; Win64; x64; rv:119.0) Gecko/20100101 Firefox/119.0" 3 **0/3261**
123.18.44.64 - - [04/Aug/2026:08:13:12 -0700] "GET /show_news.php?id=1074 HTTP/1.1" 404 6659 "-" "Mozilla/5.0 (Windows NT 10.0; Win64; x64) AppleWebKit/537.36 (KHTML, like Gecko) Chrome/103.0.0.0 Safari/537.36" 66 **0/66956**
175.157.46.31 - - [04/Aug/2026:08:13:13 -0700] "GET /show_news.php?id=991 HTTP/1.1" 404 6659 "-" "Mozilla/5.0 (Windows NT 10.0; Win64; x64) AppleWebKit/537.36 (KHTML, like Gecko) Chrome/107.0.0.0 Safari/537.36" 55 **0/55358**
185.191.171.12 - - [04/Aug/2026:08:13:24 -0700] "GET /pumabet/advertising/Announcement/159 HTTP/1.1" 404 6659 "-" "Mozilla/5.0 (compatible; SemrushBot/7~bl; +http://www.semrush.com/bot.html)" 65 **0/65715**
85.208.96.204 - - [04/Aug/2026:08:13:25 -0700] "GET /ufabet789/advertising/Announcement/43 HTTP/1.1" 404 6659 "-" "Mozilla/5.0 (compatible; SemrushBot/7~bl; +http://www.semrush.com/bot.html)" 63 **0/63832**
157.245.63.62 - - [04/Aug/2026:08:13:29 -0700] "POST /wp-login.php HTTP/1.1" 200 7011 "https://www.salt.gov.jo/wp-login.php" "Mozilla/5.0 (Macintosh; Intel Mac OS X 10_15_7) AppleWebKit/605.1.15 (KHTML, like Gecko) Version/17.2 Safari/605.1.15" 3 **0/3344**
85.208.96.199 - - [04/Aug/2026:08:13:33 -0700] "GET /parlay138/advertising/Announcement/17 HTTP/1.1" 404 6659 "-" "Mozilla/5.0 (compatible; SemrushBot/7~bl; +http://www.semrush.com/bot.html)" 69 **0/69536**
185.191.171.8 - - [04/Aug/2026:08:13:43 -0700] "GET /BIRU138/advertising/Announcement/118 HTTP/1.1" 404 6659 "-" "Mozilla/5.0 (compatible; SemrushBot/7~bl; +http://www.semrush.com/bot.html)" 81 **0/81631**
185.191.171.19 - - [04/Aug/2026:08:13:43 -0700] "GET /BEBEK388/advertising/Announcement/134 HTTP/1.1" 404 6659 "-" "Mozilla/5.0 (compatible; SemrushBot/7~bl; +http://www.semrush.com/bot.html)" 62 **0/62443**
185.191.171.12 - - [04/Aug/2026:08:13:46 -0700] "GET /neptune999/advertising/Announcements-and-Circulars HTTP/1.1" 404 6659 "-" "Mozilla/5.0 (compatible; SemrushBot/7~bl; +http://www.semrush.com/bot.html)" 66 **0/66361**
157.245.63.62 - - [04/Aug/2026:08:13:47 -0700] "GET /wp-admin/index.php HTTP/1.1" 200 7064 "https://www.salt.gov.jo/wp-login.php" "Mozilla/5.0 (Macintosh; Intel Mac OS X 13_6_1) AppleWebKit/605.1.15 (KHTML, like Gecko) Version/16.6 Safari/605.1.15" 3 **0/3164**
85.208.96.201 - - [04/Aug/2026:08:13:50 -0700] "GET /rrq888/advertising/Announcement/90 HTTP/1.1" 404 6659 "-" "Mozilla/5.0 (compatible; SemrushBot/7~bl; +http://www.semrush.com/bot.html)" 66 **0/66046**
185.191.171.7 - - [04/Aug/2026:08:13:51 -0700] "GET /putri128/advertising/Announcement/73 HTTP/1.1" 404 6659 "-" "Mozilla/5.0 (compatible; SemrushBot/7~bl; +http://www.semrush.com/bot.html)" 58 **0/58661**
95.108.213.162 - - [04/Aug/2026:08:13:51 -0700] "GET /CASTLETOTO HTTP/2.0" 404 6659 "-" "Mozilla/5.0 (compatible; YandexBot/3.0; +http://yandex.com/bots)" 59 **0/59643**
185.191.171.5 - - [04/Aug/2026:08:13:53 -0700] "GET /BEJO898/advertising/Announcement/16 HTTP/1.1" 404 6659 "-" "Mozilla/5.0 (compatible; SemrushBot/7~bl; +http://www.semrush.com/bot.html)" 64 **0/64844**
157.245.63.62 - - [04/Aug/2026:08:13:56 -0700] "GET /wp-admin/profile.php HTTP/1.1" 200 7006 "https://www.salt.gov.jo/wp-login.php" "Mozilla/5.0 (Macintosh; Intel Mac OS X 13_6_1) AppleWebKit/605.1.15 (KHTML, like Gecko) Version/16.6 Safari/605.1.15" 3 **0/3378**
185.191.171.2 - - [04/Aug/2026:08:13:57 -0700] "GET /davo99/Knowledge HTTP/1.1" 404 6659 "-" "Mozilla/5.0 (compatible; SemrushBot/7~bl; +http://www.semrush.com/bot.html)" 65 **0/65988**
207.46.13.7 - - [04/Aug/2026:08:13:58 -0700] "GET /en/Contact-Us/mails HTTP/2.0" 404 6659 "-" "Mozilla/5.0 AppleWebKit/537.36 (KHTML, like Gecko; compatible; bingbot/2.0; +http://www.bing.com/bingbot.htm) Chrome/116.0.1938.76 Safari/537.36" 53 **0/53858**
85.208.96.210 - - [04/Aug/2026:08:14:06 -0700] "GET /SIRENDI89/Services/8 HTTP/1.1" 404 6659 "-" "Mozilla/5.0 (compatible; SemrushBot/7~bl; +http://www.semrush.com/bot.html)" 62 **0/62147**
157.245.63.62 - - [04/Aug/2026:08:14:08 -0700] "GET /wp-admin/edit.php HTTP/1.1" 200 7078 "https://www.salt.gov.jo/wp-login.php" "Mozilla/5.0 (Macintosh; Intel Mac OS X 13_6_1) AppleWebKit/605.1.15 (KHTML, like Gecko) Version/16.6 Safari/605.1.15" 2 **0/2938**
157.245.63.62 - - [04/Aug/2026:08:14:18 -0700] "GET /wp-admin/plugins.php HTTP/1.1" 200 7010 "https://www.salt.gov.jo/wp-login.php" "Mozilla/5.0 (Macintosh; Intel Mac OS X 13_6_1) AppleWebKit/605.1.15 (KHTML, like Gecko) Version/16.6 Safari/605.1.15" 2 **0/2702**
85.208.96.209 - - [04/Aug/2026:08:14:21 -0700] "GET /ASIA129/advertising/Announcement/142 HTTP/1.1" 404 6659 "-" "Mozilla/5.0 (compatible; SemrushBot/7~bl; +http://www.semrush.com/bot.html)" 65 **0/65031**
157.245.63.62 - - [04/Aug/2026:08:14:30 -0700] "POST /wp-login.php HTTP/1.1" 200 7046 "https://www.salt.gov.jo/wp-login.php" "Mozilla/5.0 (X11; Ubuntu; Linux x86_64) AppleWebKit/537.36 (KHTML, like Gecko) Chrome/120.0.0.0 Safari/537.36" 3 **0/3611**
185.191.171.13 - - [04/Aug/2026:08:14:32 -0700] "GET /BOLAHIT/advertising/Announcement/29 HTTP/1.1" 404 6659 "-" "Mozilla/5.0 (compatible; SemrushBot/7~bl; +http://www.semrush.com/bot.html)" 72 **0/72585**
43.173.179.33 - - [04/Aug/2026:08:14:38 -0700] "GET /show_news.php?id=1081 HTTP/1.1" 200 6902 "-" "Mozilla/5.0 (Windows NT 10.0; Win64; x64) AppleWebKit/537.36 (KHTML, like Gecko) Chrome/117.0.0.0 Safari/537.36" 3 **0/3295**
157.245.63.62 - - [04/Aug/2026:08:14:41 -0700] "GET /wp-admin/index.php HTTP/1.1" 200 6988 "https://www.salt.gov.jo/wp-login.php" "Mozilla/5.0 (Windows NT 11.0; Win64; x64) AppleWebKit/537.36 (KHTML, like Gecko) Chrome/118.0.0.0 Safari/537.36" 3 **0/3227**
185.191.171.13 - - [04/Aug/2026:08:14:47 -0700] "GET /muncul777/advertising/Announcement/47 HTTP/1.1" 404 6659 "-" "Mozilla/5.0 (compatible; SemrushBot/7~bl; +http://www.semrush.com/bot.html)" 64 **0/64507**
85.208.96.210 - - [04/Aug/2026:08:14:50 -0700] "GET /ASIAHOKI88/advertising/Announcement/83 HTTP/1.1" 404 6659 "-" "Mozilla/5.0 (compatible; SemrushBot/7~bl; +http://www.semrush.com/bot.html)" 68 **0/68541**
185.191.171.18 - - [04/Aug/2026:08:14:50 -0700] "GET /taruhan99/advertising/Announcement/49 HTTP/1.1" 404 6659 "-" "Mozilla/5.0 (compatible; SemrushBot/7~bl; +http://www.semrush.com/bot.html)" 52 **0/52688**
157.245.63.62 - - [04/Aug/2026:08:14:51 -0700] "GET /wp-admin/profile.php HTTP/1.1" 200 7037 "https://www.salt.gov.jo/wp-login.php" "Mozilla/5.0 (Windows NT 11.0; Win64; x64) AppleWebKit/537.36 (KHTML, like Gecko) Chrome/118.0.0.0 Safari/537.36" 2 **0/2888**
185.191.171.8 - - [04/Aug/2026:08:14:52 -0700] "GET /BOSPLAY77/advertising/Announcement/193 HTTP/1.1" 404 6659 "-" "Mozilla/5.0 (compatible; SemrushBot/7~bl; +http://www.semrush.com/bot.html)" 52 **0/52675**
85.208.96.209 - - [04/Aug/2026:08:14:58 -0700] "GET /murni66/advertising/Announcement/186 HTTP/1.1" 404 6659 "-" "Mozilla/5.0 (compatible; SemrushBot/7~bl; +http://www.semrush.com/bot.html)" 68 **0/68614**
157.245.63.62 - - [04/Aug/2026:08:15:00 -0700] "GET /wp-admin/edit.php HTTP/1.1" 200 6942 "https://www.salt.gov.jo/wp-login.php" "Mozilla/5.0 (Windows NT 11.0; Win64; x64) AppleWebKit/537.36 (KHTML, like Gecko) Chrome/118.0.0.0 Safari/537.36" 3 **0/3444**
85.208.96.205 - - [04/Aug/2026:08:15:04 -0700] "GET /BOLAWIN88/advertising/Announcement/189 HTTP/1.1" 404 6659 "-" "Mozilla/5.0 (compatible; SemrushBot/7~bl; +http://www.semrush.com/bot.html)" 71 **0/71171**
85.208.96.208 - - [04/Aug/2026:08:15:10 -0700] "GET /siatogel/About-Us/About-Of-Salt HTTP/1.1" 404 6659 "-" "Mozilla/5.0 (compatible; SemrushBot/7~bl; +http://www.semrush.com/bot.html)" 73 **0/73281**
157.245.63.62 - - [04/Aug/2026:08:15:11 -0700] "GET /wp-admin/plugins.php HTTP/1.1" 200 7001 "https://www.salt.gov.jo/wp-login.php" "Mozilla/5.0 (Windows NT 11.0; Win64; x64) AppleWebKit/537.36 (KHTML, like Gecko) Chrome/118.0.0.0 Safari/537.36" 3 **0/3353**
157.245.63.62 - - [04/Aug/2026:08:15:24 -0700] "POST /wp-login.php HTTP/1.1" 200 7171 "https://www.salt.gov.jo/wp-login.php" "Mozilla/5.0 (Windows NT 10.0; Win64; x64) AppleWebKit/537.36 (KHTML, like Gecko) Chrome/120.0.0.0 Safari/537.36" 3 **0/3160**
85.208.96.210 - - [04/Aug/2026:08:15:24 -0700] "GET /winner191/advertising/Announcement/185 HTTP/1.1" 404 6659 "-" "Mozilla/5.0 (compatible; SemrushBot/7~bl; +http://www.semrush.com/bot.html)" 74 **0/74331**
157.55.39.12 - - [04/Aug/2026:08:15:27 -0700] "GET /DKI88/Tourism/Tourism-Of-Jordan HTTP/2.0" 404 6659 "-" "Mozilla/5.0 AppleWebKit/537.36 (KHTML, like Gecko; compatible; bingbot/2.0; +http://www.bing.com/bingbot.htm) Chrome/116.0.1938.76 Safari/537.36" 66 **0/66818**
207.46.13.111 - - [04/Aug/2026:08:15:29 -0700] "GET /baikwin/employee/employee-services HTTP/2.0" 404 6659 "-" "Mozilla/5.0 AppleWebKit/537.36 (KHTML, like Gecko; compatible; bingbot/2.0; +http://www.bing.com/bingbot.htm) Chrome/116.0.1938.76 Safari/537.36" 50 **0/50916**
207.46.13.111 - - [04/Aug/2026:08:15:31 -0700] "GET /SEIKO99/advertising/Announcement/48 HTTP/2.0" 404 6659 "-" "Mozilla/5.0 AppleWebKit/537.36 (KHTML, like Gecko; compatible; bingbot/2.0; +http://www.bing.com/bingbot.htm) Chrome/116.0.1938.76 Safari/537.36" 68 **0/68055**
207.46.13.111 - - [04/Aug/2026:08:15:31 -0700] "GET /GAM188/advertising/Announcement/146 HTTP/2.0" 404 6659 "-" "Mozilla/5.0 AppleWebKit/537.36 (KHTML, like Gecko; compatible; bingbot/2.0; +http://www.bing.com/bingbot.htm) Chrome/116.0.1938.76 Safari/537.36" 55 **0/55875**
213.180.203.10 - - [04/Aug/2026:08:15:35 -0700] "GET /SEDUNIAPLAY HTTP/1.1" 404 6659 "-" "Mozilla/5.0 (compatible; YandexBot/3.0; +http://yandex.com/bots) AppleWebKit/537.36 (KHTML, like Gecko) Chrome/108.0.0.0" 64 **0/64338**
157.245.63.62 - - [04/Aug/2026:08:15:35 -0700] "GET /wp-admin/index.php HTTP/1.1" 200 7125 "https://www.salt.gov.jo/wp-login.php" "Mozilla/5.0 (Windows NT 10.0; Win64; x64; rv:120.0) Gecko/20100101 Firefox/120.0" 3 **0/3284**
185.191.171.18 - - [04/Aug/2026:08:15:36 -0700] "GET /BERES69/advertising/Announcement/17 HTTP/1.1" 404 6659 "-" "Mozilla/5.0 (compatible; SemrushBot/7~bl; +http://www.semrush.com/bot.html)" 52 **0/52300**
157.55.39.200 - - [04/Aug/2026:08:15:38 -0700] "GET /USAHA138/advertising/Announcement/83 HTTP/2.0" 404 6659 "-" "Mozilla/5.0 AppleWebKit/537.36 (KHTML, like Gecko; compatible; bingbot/2.0; +http://www.bing.com/bingbot.htm) Chrome/116.0.1938.76 Safari/537.36" 68 **0/68912**
157.55.39.200 - - [04/Aug/2026:08:15:38 -0700] "GET /MOG55/advertising/Announcement/102 HTTP/2.0" 404 6659 "-" "Mozilla/5.0 AppleWebKit/537.36 (KHTML, like Gecko; compatible; bingbot/2.0; +http://www.bing.com/bingbot.htm) Chrome/116.0.1938.76 Safari/537.36" 60 **0/60644**
85.208.96.212 - - [04/Aug/2026:08:15:41 -0700] "GET /ufa747/advertising/Announcement/169 HTTP/1.1" 404 6659 "-" "Mozilla/5.0 (compatible; SemrushBot/7~bl; +http://www.semrush.com/bot.html)" 65 **0/65406**
207.46.13.111 - - [04/Aug/2026:08:15:43 -0700] "GET /HOLY777/advertising/Announcement/83 HTTP/2.0" 404 6659 "-" "Mozilla/5.0 AppleWebKit/537.36 (KHTML, like Gecko; compatible; bingbot/2.0; +http://www.bing.com/bingbot.htm) Chrome/116.0.1938.76 Safari/537.36" 53 **0/53821**
207.46.13.111 - - [04/Aug/2026:08:15:43 -0700] "GET /kelas77/advertising/Announcement/36 HTTP/2.0" 404 6659 "-" "Mozilla/5.0 AppleWebKit/537.36 (KHTML, like Gecko; compatible; bingbot/2.0; +http://www.bing.com/bingbot.htm) Chrome/116.0.1938.76 Safari/537.36" 54 **0/54256**
185.191.171.18 - - [04/Aug/2026:08:15:44 -0700] "GET /rolet888/advertising/Announcement/67 HTTP/1.1" 404 6659 "-" "Mozilla/5.0 (compatible; SemrushBot/7~bl; +http://www.semrush.com/bot.html)" 68 **0/68765**
207.46.13.111 - - [04/Aug/2026:08:15:44 -0700] "GET /betflixred/Services/10 HTTP/2.0" 404 6659 "-" "Mozilla/5.0 AppleWebKit/537.36 (KHTML, like Gecko; compatible; bingbot/2.0; +http://www.bing.com/bingbot.htm) Chrome/116.0.1938.76 Safari/537.36" 56 **0/56914**
40.77.167.14 - - [04/Aug/2026:08:15:45 -0700] "GET /hokiwin88/About-Us/Previous-Board HTTP/2.0" 404 6659 "-" "Mozilla/5.0 AppleWebKit/537.36 (KHTML, like Gecko; compatible; bingbot/2.0; +http://www.bing.com/bingbot.htm) Chrome/116.0.1938.76 Safari/537.36" 52 **0/52949**
157.55.39.12 - - [04/Aug/2026:08:15:47 -0700] "GET /yang4d/advertising/Announcement/200 HTTP/2.0" 404 6659 "-" "Mozilla/5.0 AppleWebKit/537.36 (KHTML, like Gecko; compatible; bingbot/2.0; +http://www.bing.com/bingbot.htm) Chrome/116.0.1938.76 Safari/537.36" 63 **0/63111**
40.77.167.14 - - [04/Aug/2026:08:15:47 -0700] "GET /MISTERSULAP/advertising/Announcement/154 HTTP/2.0" 404 6659 "-" "Mozilla/5.0 AppleWebKit/537.36 (KHTML, like Gecko; compatible; bingbot/2.0; +http://www.bing.com/bingbot.htm) Chrome/116.0.1938.76 Safari/537.36" 60 **0/60345**
40.77.167.14 - - [04/Aug/2026:08:15:47 -0700] "GET /nike888/advertising/Announcement/143 HTTP/2.0" 404 6659 "-" "Mozilla/5.0 AppleWebKit/537.36 (KHTML, like Gecko; compatible; bingbot/2.0; +http://www.bing.com/bingbot.htm) Chrome/116.0.1938.76 Safari/537.36" 51 **0/51395**
40.77.167.14 - - [04/Aug/2026:08:15:47 -0700] "GET /GARUDA999/Services/9 HTTP/2.0" 404 6659 "-" "Mozilla/5.0 AppleWebKit/537.36 (KHTML, like Gecko; compatible; bingbot/2.0; +http://www.bing.com/bingbot.htm) Chrome/116.0.1938.76 Safari/537.36" 55 **0/55030**
157.245.63.62 - - [04/Aug/2026:08:15:48 -0700] "GET /wp-admin/profile.php HTTP/1.1" 200 7092 "https://www.salt.gov.jo/wp-login.php" "Mozilla/5.0 (Windows NT 10.0; Win64; x64; rv:120.0) Gecko/20100101 Firefox/120.0" 3 **0/3412**
40.77.167.14 - - [04/Aug/2026:08:15:48 -0700] "GET /NESIASLOT/advertising/ HTTP/2.0" 301 289 "-" "Mozilla/5.0 AppleWebKit/537.36 (KHTML, like Gecko; compatible; bingbot/2.0; +http://www.bing.com/bingbot.htm) Chrome/116.0.1938.76 Safari/537.36" 8 **0/8644**
40.77.167.14 - - [04/Aug/2026:08:15:49 -0700] "GET /PANENSPIN/advertising/ HTTP/2.0" 301 289 "-" "Mozilla/5.0 AppleWebKit/537.36 (KHTML, like Gecko; compatible; bingbot/2.0; +http://www.bing.com/bingbot.htm) Chrome/116.0.1938.76 Safari/537.36" 9 **0/9540**
207.46.13.111 - - [04/Aug/2026:08:15:53 -0700] "GET /CAHAYA4D/advertising/Announcement/97 HTTP/2.0" 404 6659 "-" "Mozilla/5.0 AppleWebKit/537.36 (KHTML, like Gecko; compatible; bingbot/2.0; +http://www.bing.com/bingbot.htm) Chrome/116.0.1938.76 Safari/537.36" 73 **0/73420**
40.77.167.14 - - [04/Aug/2026:08:15:57 -0700] "GET /VIRAL89/advertising/Announcement/62 HTTP/2.0" 404 6659 "-" "Mozilla/5.0 AppleWebKit/537.36 (KHTML, like Gecko; compatible; bingbot/2.0; +http://www.bing.com/bingbot.htm) Chrome/116.0.1938.76 Safari/537.36" 64 **0/64153**
40.77.167.14 - - [04/Aug/2026:08:15:58 -0700] "GET /cincintogel/Services/9 HTTP/2.0" 404 6659 "-" "Mozilla/5.0 AppleWebKit/537.36 (KHTML, like Gecko; compatible; bingbot/2.0; +http://www.bing.com/bingbot.htm) Chrome/116.0.1938.76 Safari/537.36" 54 **0/54888**
85.208.96.208 - - [04/Aug/2026:08:15:59 -0700] "GET /rabutogel/advertising/Announcement/59 HTTP/1.1" 404 6659 "-" "Mozilla/5.0 (compatible; SemrushBot/7~bl; +http://www.semrush.com/bot.html)" 54 **0/54185**
85.208.96.204 - - [04/Aug/2026:08:16:01 -0700] "GET /ufa21/advertising/Announcement/119 HTTP/1.1" 404 6659 "-" "Mozilla/5.0 (compatible; SemrushBot/7~bl; +http://www.semrush.com/bot.html)" 63 **0/63345**
157.245.63.62 - - [04/Aug/2026:08:16:02 -0700] "GET /wp-admin/edit.php HTTP/1.1" 200 7104 "https://www.salt.gov.jo/wp-login.php" "Mozilla/5.0 (Windows NT 10.0; Win64; x64; rv:120.0) Gecko/20100101 Firefox/120.0" 8 **0/8848**
85.208.96.202 - - [04/Aug/2026:08:16:03 -0700] "GET /wowc4/Services/11 HTTP/1.1" 404 6659 "-" "Mozilla/5.0 (compatible; SemrushBot/7~bl; +http://www.semrush.com/bot.html)" 53 **0/53321**
85.208.96.195 - - [04/Aug/2026:08:16:06 -0700] "GET /panen139/advertising/Announcement/56 HTTP/1.1" 404 6659 "-" "Mozilla/5.0 (compatible; SemrushBot/7~bl; +http://www.semrush.com/bot.html)" 62 **0/62518**
157.245.63.62 - - [04/Aug/2026:08:16:17 -0700] "GET /wp-admin/plugins.php HTTP/1.1" 200 7100 "https://www.salt.gov.jo/wp-login.php" "Mozilla/5.0 (Windows NT 10.0; Win64; x64; rv:120.0) Gecko/20100101 Firefox/120.0" 2 **0/2459**
185.191.171.16 - - [04/Aug/2026:08:16:21 -0700] "GET /twin138/advertising/Announcement/58 HTTP/1.1" 404 6659 "-" "Mozilla/5.0 (compatible; SemrushBot/7~bl; +http://www.semrush.com/bot.html)" 62 **0/62449**
185.191.171.18 - - [04/Aug/2026:08:16:22 -0700] "GET /ufanew/Salt-Area/area/Zay%20Area HTTP/1.1" 404 6659 "-" "Mozilla/5.0 (compatible; SemrushBot/7~bl; +http://www.semrush.com/bot.html)" 56 **0/56280**
52.167.144.206 - - [04/Aug/2026:08:16:26 -0700] "GET /sor99/advertising/Announcement/119 HTTP/2.0" 404 6659 "-" "Mozilla/5.0 AppleWebKit/537.36 (KHTML, like Gecko; compatible; bingbot/2.0; +http://www.bing.com/bingbot.htm) Chrome/116.0.1938.76 Safari/537.36" 71 **0/71958**
157.245.63.62 - - [04/Aug/2026:08:16:30 -0700] "POST /wp-login.php HTTP/1.1" 200 6982 "https://www.salt.gov.jo/wp-login.php" "Mozilla/5.0 (Macintosh; Intel Mac OS X 10_15_7) AppleWebKit/605.1.15 (KHTML, like Gecko) Version/17.1 Safari/605.1.15" 3 **0/3267**
185.191.171.16 - - [04/Aug/2026:08:16:37 -0700] "GET /tuhanbet/advertising/Announcement/32 HTTP/1.1" 404 6659 "-" "Mozilla/5.0 (compatible; SemrushBot/7~bl; +http://www.semrush.com/bot.html)" 78 **0/78950**
185.191.171.10 - - [04/Aug/2026:08:16:39 -0700] "GET /vvip138/advertising/Announcement/87 HTTP/1.1" 404 6659 "-" "Mozilla/5.0 (compatible; SemrushBot/7~bl; +http://www.semrush.com/bot.html)" 58 **0/58470**
85.208.96.199 - - [04/Aug/2026:08:16:40 -0700] "GET /BOLA206/advertising/Announcement/198 HTTP/1.1" 404 6659 "-" "Mozilla/5.0 (compatible; SemrushBot/7~bl; +http://www.semrush.com/bot.html)" 65 **0/65616**
157.245.63.62 - - [04/Aug/2026:08:16:42 -0700] "GET /wp-admin/index.php HTTP/1.1" 200 7089 "https://www.salt.gov.jo/wp-login.php" "Mozilla/5.0 (Windows NT 11.0; Win64; x64) AppleWebKit/537.36 (KHTML, like Gecko) Chrome/119.0.0.0 Safari/537.36" 3 **0/3755**
52.167.144.206 - - [04/Aug/2026:08:16:45 -0700] "GET /ufasocial/About-Us/Municipal-Council-Members HTTP/2.0" 404 6659 "-" "Mozilla/5.0 AppleWebKit/537.36 (KHTML, like Gecko; compatible; bingbot/2.0; +http://www.bing.com/bingbot.htm) Chrome/116.0.1938.76 Safari/537.36" 66 **0/66063**
157.245.63.62 - - [04/Aug/2026:08:16:52 -0700] "GET /wp-admin/profile.php HTTP/1.1" 200 6990 "https://www.salt.gov.jo/wp-login.php" "Mozilla/5.0 (Windows NT 11.0; Win64; x64) AppleWebKit/537.36 (KHTML, like Gecko) Chrome/119.0.0.0 Safari/537.36" 2 **0/2889**
85.208.96.201 - - [04/Aug/2026:08:17:00 -0700] "GET /HOKI189/About-Us/Previous-Board HTTP/1.1" 404 6659 "-" "Mozilla/5.0 (compatible; SemrushBot/7~bl; +http://www.semrush.com/bot.html)" 67 **0/67775**
85.208.96.193 - - [04/Aug/2026:08:17:02 -0700] "GET /royal38/advertising/Announcement/181 HTTP/1.1" 404 6659 "-" "Mozilla/5.0 (compatible; SemrushBot/7~bl; +http://www.semrush.com/bot.html)" 59 **0/59407**
157.245.63.62 - - [04/Aug/2026:08:17:02 -0700] "GET /wp-admin/edit.php HTTP/1.1" 200 7012 "https://www.salt.gov.jo/wp-login.php" "Mozilla/5.0 (Windows NT 11.0; Win64; x64) AppleWebKit/537.36 (KHTML, like Gecko) Chrome/119.0.0.0 Safari/537.36" 2 **0/2961**
85.208.96.201 - - [04/Aug/2026:08:17:02 -0700] "GET /BONUS77/advertising/Announcement/108 HTTP/1.1" 404 6659 "-" "Mozilla/5.0 (compatible; SemrushBot/7~bl; +http://www.semrush.com/bot.html)" 58 **0/58955**
185.191.171.10 - - [04/Aug/2026:08:17:03 -0700] "GET /UFA69/one-stop HTTP/1.1" 404 6659 "-" "Mozilla/5.0 (compatible; SemrushBot/7~bl; +http://www.semrush.com/bot.html)" 69 **0/69573**
185.191.171.18 - - [04/Aug/2026:08:17:06 -0700] "GET /BONANZA388/advertising/Announcement/37 HTTP/1.1" 404 6659 "-" "Mozilla/5.0 (compatible; SemrushBot/7~bl; +http://www.semrush.com/bot.html)" 68 **0/68600**
157.55.39.12 - - [04/Aug/2026:08:17:07 -0700] "GET /superhoki777/Procedures-Guide HTTP/2.0" 404 6659 "-" "Mozilla/5.0 AppleWebKit/537.36 (KHTML, like Gecko; compatible; bingbot/2.0; +http://www.bing.com/bingbot.htm) Chrome/116.0.1938.76 Safari/537.36" 58 **0/58203**
207.46.13.111 - - [04/Aug/2026:08:17:09 -0700] "GET /gaspol388/About-Us/Organizational-Chart HTTP/2.0" 404 6659 "-" "Mozilla/5.0 AppleWebKit/537.36 (KHTML, like Gecko; compatible; bingbot/2.0; +http://www.bing.com/bingbot.htm) Chrome/116.0.1938.76 Safari/537.36" 64 **0/64931**
207.46.13.111 - - [04/Aug/2026:08:17:11 -0700] "GET /GRANGER88/advertising/Announcement/85 HTTP/2.0" 404 6659 "-" "Mozilla/5.0 AppleWebKit/537.36 (KHTML, like Gecko; compatible; bingbot/2.0; +http://www.bing.com/bingbot.htm) Chrome/116.0.1938.76 Safari/537.36" 53 **0/53389**
207.46.13.111 - - [04/Aug/2026:08:17:11 -0700] "GET /IGCWIN/advertising/Announcement/39 HTTP/2.0" 404 6659 "-" "Mozilla/5.0 AppleWebKit/537.36 (KHTML, like Gecko; compatible; bingbot/2.0; +http://www.bing.com/bingbot.htm) Chrome/116.0.1938.76 Safari/537.36" 55 **0/55054**
185.191.171.12 - - [04/Aug/2026:08:17:12 -0700] "GET /savage88/advertising/Announcement/194 HTTP/1.1" 404 6659 "-" "Mozilla/5.0 (compatible; SemrushBot/7~bl; +http://www.semrush.com/bot.html)" 76 **0/76539**
157.245.63.62 - - [04/Aug/2026:08:17:12 -0700] "GET /wp-admin/plugins.php HTTP/1.1" 200 7086 "https://www.salt.gov.jo/wp-login.php" "Mozilla/5.0 (Windows NT 11.0; Win64; x64) AppleWebKit/537.36 (KHTML, like Gecko) Chrome/119.0.0.0 Safari/537.36" 3 **0/3592**
207.46.13.111 - - [04/Aug/2026:08:17:13 -0700] "GET /LAE138/advertising/Announcement/191 HTTP/2.0" 404 6659 "-" "Mozilla/5.0 AppleWebKit/537.36 (KHTML, like Gecko; compatible; bingbot/2.0; +http://www.bing.com/bingbot.htm) Chrome/116.0.1938.76 Safari/537.36" 56 **0/56905**
207.46.13.111 - - [04/Aug/2026:08:17:13 -0700] "GET /bogor88/advertising/Announcement/156 HTTP/2.0" 404 6659 "-" "Mozilla/5.0 AppleWebKit/537.36 (KHTML, like Gecko; compatible; bingbot/2.0; +http://www.bing.com/bingbot.htm) Chrome/116.0.1938.76 Safari/537.36" 57 **0/57507**
185.191.171.11 - - [04/Aug/2026:08:17:15 -0700] "GET /vipbet999/advertising/Announcement/197 HTTP/1.1" 404 6659 "-" "Mozilla/5.0 (compatible; SemrushBot/7~bl; +http://www.semrush.com/bot.html)" 69 **0/69286**
40.77.167.14 - - [04/Aug/2026:08:17:15 -0700] "GET /DANA33/advertising/Announcement/92 HTTP/2.0" 404 6659 "-" "Mozilla/5.0 AppleWebKit/537.36 (KHTML, like Gecko; compatible; bingbot/2.0; +http://www.bing.com/bingbot.htm) Chrome/116.0.1938.76 Safari/537.36" 59 **0/59425**
40.77.167.14 - - [04/Aug/2026:08:17:16 -0700] "GET /ANAK38/Services/9 HTTP/2.0" 404 6659 "-" "Mozilla/5.0 AppleWebKit/537.36 (KHTML, like Gecko; compatible; bingbot/2.0; +http://www.bing.com/bingbot.htm) Chrome/116.0.1938.76 Safari/537.36" 60 **0/60664**
40.77.167.14 - - [04/Aug/2026:08:17:16 -0700] "GET /RTPKEDAI69/one-stop HTTP/2.0" 404 6659 "-" "Mozilla/5.0 AppleWebKit/537.36 (KHTML, like Gecko; compatible; bingbot/2.0; +http://www.bing.com/bingbot.htm) Chrome/116.0.1938.76 Safari/537.36" 57 **0/57392**
40.77.167.14 - - [04/Aug/2026:08:17:16 -0700] "GET /789casino/advertising/Announcement/200 HTTP/2.0" 404 6659 "-" "Mozilla/5.0 AppleWebKit/537.36 (KHTML, like Gecko; compatible; bingbot/2.0; +http://www.bing.com/bingbot.htm) Chrome/116.0.1938.76 Safari/537.36" 55 **0/55965**
40.77.167.14 - - [04/Aug/2026:08:17:17 -0700] "GET /balon88/News/view/89 HTTP/2.0" 404 6659 "-" "Mozilla/5.0 AppleWebKit/537.36 (KHTML, like Gecko; compatible; bingbot/2.0; +http://www.bing.com/bingbot.htm) Chrome/116.0.1938.76 Safari/537.36" 63 **0/63175**
85.208.96.202 - - [04/Aug/2026:08:17:20 -0700] "GET /mojok4d/Services HTTP/1.1" 404 6659 "-" "Mozilla/5.0 (compatible; SemrushBot/7~bl; +http://www.semrush.com/bot.html)" 74 **0/74742**
207.46.13.111 - - [04/Aug/2026:08:17:21 -0700] "GET /sakura88/advertising/Announcement/65 HTTP/2.0" 404 6659 "-" "Mozilla/5.0 AppleWebKit/537.36 (KHTML, like Gecko; compatible; bingbot/2.0; +http://www.bing.com/bingbot.htm) Chrome/116.0.1938.76 Safari/537.36" 56 **0/56593**
157.245.63.62 - - [04/Aug/2026:08:17:22 -0700] "POST /wp-login.php HTTP/1.1" 200 7132 "https://www.salt.gov.jo/wp-login.php" "Mozilla/5.0 (Macintosh; Intel Mac OS X 13_6_1) AppleWebKit/605.1.15 (KHTML, like Gecko) Version/17.0 Safari/605.1.15" 3 **0/3680**
207.46.13.111 - - [04/Aug/2026:08:17:22 -0700] "GET /MOG55/advertising/Announcement/159 HTTP/2.0" 404 6659 "-" "Mozilla/5.0 AppleWebKit/537.36 (KHTML, like Gecko; compatible; bingbot/2.0; +http://www.bing.com/bingbot.htm) Chrome/116.0.1938.76 Safari/537.36" 53 **0/53581**
157.55.39.200 - - [04/Aug/2026:08:17:27 -0700] "GET /JUARASPIN/advertising/Announcement/35 HTTP/2.0" 404 6659 "-" "Mozilla/5.0 AppleWebKit/537.36 (KHTML, like Gecko; compatible; bingbot/2.0; +http://www.bing.com/bingbot.htm) Chrome/116.0.1938.76 Safari/537.36" 74 **0/74212**
157.55.39.200 - - [04/Aug/2026:08:17:27 -0700] "GET /SEMUTWIN/Procedures-Guide HTTP/2.0" 404 6659 "-" "Mozilla/5.0 AppleWebKit/537.36 (KHTML, like Gecko; compatible; bingbot/2.0; +http://www.bing.com/bingbot.htm) Chrome/116.0.1938.76 Safari/537.36" 56 **0/56641**
