157.55.39.10 - - [04/Aug/2026:07:56:41 -0700] "GET /USAKLUB/advertising/Announcement/142 HTTP/2.0" 404 6659 "-" "Mozilla/5.0 AppleWebKit/537.36 (KHTML, like Gecko; compatible; bingbot/2.0; +http://www.bing.com/bingbot.htm) Chrome/116.0.1938.76 Safari/537.36" 54 **0/54825**
157.55.39.10 - - [04/Aug/2026:07:56:41 -0700] "GET /orion888/advertising/Announcement/134 HTTP/2.0" 404 6659 "-" "Mozilla/5.0 AppleWebKit/537.36 (KHTML, like Gecko; compatible; bingbot/2.0; +http://www.bing.com/bingbot.htm) Chrome/116.0.1938.76 Safari/537.36" 54 **0/54798**
52.167.144.217 - - [04/Aug/2026:07:56:46 -0700] "GET /ovo78/advertising/Announcement/58 HTTP/2.0" 404 6659 "-" "Mozilla/5.0 AppleWebKit/537.36 (KHTML, like Gecko; compatible; bingbot/2.0; +http://www.bing.com/bingbot.htm) Chrome/116.0.1938.76 Safari/537.36" 62 **0/62836**
52.167.144.217 - - [04/Aug/2026:07:56:47 -0700] "GET /rajajp/one-stop/requestion HTTP/2.0" 404 6659 "-" "Mozilla/5.0 AppleWebKit/537.36 (KHTML, like Gecko; compatible; bingbot/2.0; +http://www.bing.com/bingbot.htm) Chrome/116.0.1938.76 Safari/537.36" 52 **0/52561**
185.191.171.5 - - [04/Aug/2026:07:56:47 -0700] "GET /vibes88/advertising/Announcement/120 HTTP/1.1" 404 6659 "-" "Mozilla/5.0 (compatible; SemrushBot/7~bl; +http://www.semrush.com/bot.html)" 55 **0/55347**
52.167.144.217 - - [04/Aug/2026:07:56:48 -0700] "GET /arak88/advertising/Announcement/43 HTTP/2.0" 404 6659 "-" "Mozilla/5.0 AppleWebKit/537.36 (KHTML, like Gecko; compatible; bingbot/2.0; +http://www.bing.com/bingbot.htm) Chrome/116.0.1938.76 Safari/537.36" 56 **0/56258**
157.245.63.62 - - [04/Aug/2026:07:56:49 -0700] "GET /wp-admin/index.php HTTP/1.1" 200 7044 "https://www.salt.gov.jo/wp-login.php" "Mozilla/5.0 (X11; Linux x86_64) AppleWebKit/537.36 (KHTML, like Gecko) Chrome/119.0.0.0 Safari/537.36" 3 **0/3649**
85.208.96.201 - - [04/Aug/2026:07:56:59 -0700] "GET /BINTANG888/advertising/Announcement/20 HTTP/1.1" 404 6659 "-" "Mozilla/5.0 (compatible; SemrushBot/7~bl; +http://www.semrush.com/bot.html)" 75 **0/75003**
85.208.96.197 - - [04/Aug/2026:07:57:01 -0700] "GET /remaja99/advertising/Announcement/104 HTTP/1.1" 404 6659 "-" "Mozilla/5.0 (compatible; SemrushBot/7~bl; +http://www.semrush.com/bot.html)" 82 **0/82073**
85.208.96.210 - - [04/Aug/2026:07:57:02 -0700] "GET /BOSKODE/advertising/Announcement/103 HTTP/1.1" 404 6659 "-" "Mozilla/5.0 (compatible; SemrushBot/7~bl; +http://www.semrush.com/bot.html)" 81 **0/81617**
173.252.70.58 - - [04/Aug/2026:07:57:07 -0700] "GET /robots.txt HTTP/2.0" 206 24 "-" "facebookexternalhit/1.1 (+http://www.facebook.com/externalhit_uatext.php)" 11 **0/11345**
185.191.171.12 - - [04/Aug/2026:07:57:08 -0700] "GET /rawa555/advertising/Announcement/198 HTTP/1.1" 404 6659 "-" "Mozilla/5.0 (compatible; SemrushBot/7~bl; +http://www.semrush.com/bot.html)" 66 **0/66178**
57.141.18.39 - - [04/Aug/2026:07:57:14 -0700] "GET /index.html/Procedures-Guide HTTP/2.0" 404 6659 "-" "Mozilla/5.0 (X11; Linux x86_64) AppleWebKit/537.36 (KHTML, like Gecko) Chrome/145.0.0.0 Safari/537.36 (compatible; meta-webindexer/1.1 (+https://developers.facebook.com/docs/sharing/webmasters/crawler))" 65 **0/65551**
185.191.171.10 - - [04/Aug/2026:07:57:17 -0700] "GET /BERSAMA138/advertising/Announcement/12 HTTP/1.1" 404 6659 "-" "Mozilla/5.0 (compatible; SemrushBot/7~bl; +http://www.semrush.com/bot.html)" 62 **0/62631**
85.208.96.209 - - [04/Aug/2026:07:57:21 -0700] "GET /twin99/advertising/Announcement/89 HTTP/1.1" 404 6659 "-" "Mozilla/5.0 (compatible; SemrushBot/7~bl; +http://www.semrush.com/bot.html)" 79 **0/79931**
85.208.96.206 - - [04/Aug/2026:07:57:25 -0700] "GET /55jackpot/advertising/Announcement/107 HTTP/1.1" 404 6659 "-" "Mozilla/5.0 (compatible; SemrushBot/7~bl; +http://www.semrush.com/bot.html)" 68 **0/68261**
157.245.63.62 - - [04/Aug/2026:07:57:30 -0700] "GET /wp-admin/profile.php HTTP/1.1" 200 7041 "https://www.salt.gov.jo/wp-login.php" "Mozilla/5.0 (X11; Linux x86_64) AppleWebKit/537.36 (KHTML, like Gecko) Chrome/119.0.0.0 Safari/537.36" 3 **0/3845**
85.208.96.207 - - [04/Aug/2026:07:57:32 -0700] "GET /ARUSTOTO/advertising/Announcement/198 HTTP/1.1" 404 6659 "-" "Mozilla/5.0 (compatible; SemrushBot/7~bl; +http://www.semrush.com/bot.html)" 70 **0/70025**
57.141.18.8 - - [04/Aug/2026:07:57:33 -0700] "GET /sitemap-index.xml/advertising/Announcement/129 HTTP/2.0" 404 6659 "-" "Mozilla/5.0 (Windows NT 10.0; Win64; x64) AppleWebKit/537.36 (KHTML, like Gecko) Chrome/145.0.0.0 Safari/537.36 (compatible; meta-externalagent/1.1 (+https://developers.facebook.com/docs/sharing/webmasters/crawler))" 62 **0/62473**
85.208.96.210 - - [04/Aug/2026:07:57:34 -0700] "GET /pemainwin/advertising/Announcement/112 HTTP/1.1" 404 6659 "-" "Mozilla/5.0 (compatible; SemrushBot/7~bl; +http://www.semrush.com/bot.html)" 59 **0/59379**
185.191.171.3 - - [04/Aug/2026:07:57:41 -0700] "GET /BMW4D/advertising/Announcement/121 HTTP/1.1" 404 6659 "-" "Mozilla/5.0 (compatible; SemrushBot/7~bl; +http://www.semrush.com/bot.html)" 67 **0/67290**
157.245.63.62 - - [04/Aug/2026:07:57:47 -0700] "GET /wp-admin/edit.php HTTP/1.1" 200 7049 "https://www.salt.gov.jo/wp-login.php" "Mozilla/5.0 (X11; Linux x86_64) AppleWebKit/537.36 (KHTML, like Gecko) Chrome/119.0.0.0 Safari/537.36" 3 **0/3158**
85.208.96.198 - - [04/Aug/2026:07:57:49 -0700] "GET /jaya99/News/view/87 HTTP/1.1" 404 6659 "-" "Mozilla/5.0 (compatible; SemrushBot/7~bl; +http://www.semrush.com/bot.html)" 68 **0/68085**
185.191.171.16 - - [04/Aug/2026:07:57:51 -0700] "GET /wso888/advertising/Announcement/101 HTTP/1.1" 404 6659 "-" "Mozilla/5.0 (compatible; SemrushBot/7~bl; +http://www.semrush.com/bot.html)" 53 **0/53538**
185.191.171.13 - - [04/Aug/2026:07:57:51 -0700] "GET /banjirtogel/advertising/Bid/2 HTTP/1.1" 404 6659 "-" "Mozilla/5.0 (compatible; SemrushBot/7~bl; +http://www.semrush.com/bot.html)" 59 **0/59603**
157.55.39.61 - - [04/Aug/2026:07:58:05 -0700] "GET /superbest88/About-Us/Organizational-Chart HTTP/2.0" 404 6659 "-" "Mozilla/5.0 AppleWebKit/537.36 (KHTML, like Gecko; compatible; bingbot/2.0; +http://www.bing.com/bingbot.htm) Chrome/116.0.1938.76 Safari/537.36" 66 **0/66153**
157.55.39.61 - - [04/Aug/2026:07:58:06 -0700] "GET /MENANG39/About-Us/Area_Of_Comittees HTTP/2.0" 404 6659 "-" "Mozilla/5.0 AppleWebKit/537.36 (KHTML, like Gecko; compatible; bingbot/2.0; +http://www.bing.com/bingbot.htm) Chrome/116.0.1938.76 Safari/537.36" 57 **0/57368**
157.245.63.62 - - [04/Aug/2026:07:58:07 -0700] "GET /wp-admin/plugins.php HTTP/1.1" 200 6957 "https://www.salt.gov.jo/wp-login.php" "Mozilla/5.0 (X11; Linux x86_64) AppleWebKit/537.36 (KHTML, like Gecko) Chrome/119.0.0.0 Safari/537.36" 3 **0/3537**
85.208.96.207 - - [04/Aug/2026:07:58:12 -0700] "GET /BELUTWIN/advertising/Announcement/91 HTTP/1.1" 404 6659 "-" "Mozilla/5.0 (compatible; SemrushBot/7~bl; +http://www.semrush.com/bot.html)" 64 **0/64037**
85.208.96.206 - - [04/Aug/2026:07:58:16 -0700] "GET /oke888/advertising/Announcement/164 HTTP/1.1" 404 6659 "-" "Mozilla/5.0 (compatible; SemrushBot/7~bl; +http://www.semrush.com/bot.html)" 65 **0/65794**
185.191.171.11 - - [04/Aug/2026:07:58:27 -0700] "GET /gold138/Salt-Area/area/Zay%20Area HTTP/1.1" 404 6659 "-" "Mozilla/5.0 (compatible; SemrushBot/7~bl; +http://www.semrush.com/bot.html)" 78 **0/78606**
57.141.18.113 - - [04/Aug/2026:07:58:28 -0700] "GET /sitemap.html/advertising/Announcement/142 HTTP/2.0" 404 6659 "-" "Mozilla/5.0 (Windows NT 10.0; Win64; x64) AppleWebKit/537.36 (KHTML, like Gecko) Chrome/145.0.0.0 Safari/537.36 (compatible; meta-externalagent/1.1 (+https://developers.facebook.com/docs/sharing/webmasters/crawler))" 60 **0/60097**
85.208.96.207 - - [04/Aug/2026:07:58:29 -0700] "GET /obs777/advertising/Announcement/87 HTTP/1.1" 404 6659 "-" "Mozilla/5.0 (compatible; SemrushBot/7~bl; +http://www.semrush.com/bot.html)" 67 **0/67559**
85.208.96.195 - - [04/Aug/2026:07:58:31 -0700] "GET /777one/advertising/Announcement/19 HTTP/1.1" 404 6659 "-" "Mozilla/5.0 (compatible; SemrushBot/7~bl; +http://www.semrush.com/bot.html)" 67 **0/67664**
185.191.171.9 - - [04/Aug/2026:07:58:36 -0700] "GET /panen139/advertising/Announcement/39 HTTP/1.1" 404 6659 "-" "Mozilla/5.0 (compatible; SemrushBot/7~bl; +http://www.semrush.com/bot.html)" 64 **0/64168**
207.46.13.54 - - [04/Aug/2026:07:58:38 -0700] "GET /gembira99/Directorates/Initiatives-And-Events/14 HTTP/2.0" 404 6659 "-" "Mozilla/5.0 AppleWebKit/537.36 (KHTML, like Gecko; compatible; bingbot/2.0; +http://www.bing.com/bingbot.htm) Chrome/116.0.1938.76 Safari/537.36" 48 **0/48650**
207.46.13.54 - - [04/Aug/2026:07:58:38 -0700] "GET /setan888/Tourism/Tourism-Of-Salt HTTP/2.0" 404 6659 "-" "Mozilla/5.0 AppleWebKit/537.36 (KHTML, like Gecko; compatible; bingbot/2.0; +http://www.bing.com/bingbot.htm) Chrome/116.0.1938.76 Safari/537.36" 54 **0/54847**
157.245.63.62 - - [04/Aug/2026:07:58:39 -0700] "POST /wp-login.php HTTP/1.1" 200 7004 "https://www.salt.gov.jo/wp-login.php" "Mozilla/5.0 (Windows NT 10.0; Win64; x64; rv:119.0) Gecko/20100101 Firefox/119.0" 5 **0/5456**
85.208.96.206 - - [04/Aug/2026:07:58:39 -0700] "GET /robots.txt HTTP/1.1" 200 24 "-" "Mozilla/5.0 (compatible; SemrushBot/7~bl; +http://www.semrush.com/bot.html)" 9 **0/9452**
185.191.171.3 - - [04/Aug/2026:07:58:39 -0700] "GET /zenwin99/advertising/Announcement/171 HTTP/1.1" 404 6659 "-" "Mozilla/5.0 (compatible; SemrushBot/7~bl; +http://www.semrush.com/bot.html)" 65 **0/65266**
185.191.171.12 - - [04/Aug/2026:07:58:41 -0700] "GET /tiga888/advertising/Announcement/100 HTTP/1.1" 404 6659 "-" "Mozilla/5.0 (compatible; SemrushBot/7~bl; +http://www.semrush.com/bot.html)" 56 **0/56476**
52.167.144.217 - - [04/Aug/2026:07:58:42 -0700] "GET /pk789/Knowledge HTTP/2.0" 404 6659 "-" "Mozilla/5.0 AppleWebKit/537.36 (KHTML, like Gecko; compatible; bingbot/2.0; +http://www.bing.com/bingbot.htm) Chrome/116.0.1938.76 Safari/537.36" 65 **0/65814**
52.167.144.217 - - [04/Aug/2026:07:58:43 -0700] "GET /CRS99/Tourism/Tourism-Of-Jordan HTTP/2.0" 404 6659 "-" "Mozilla/5.0 AppleWebKit/537.36 (KHTML, like Gecko; compatible; bingbot/2.0; +http://www.bing.com/bingbot.htm) Chrome/116.0.1938.76 Safari/537.36" 52 **0/52963**
52.167.144.217 - - [04/Aug/2026:07:58:43 -0700] "GET /tipsy888/advertising/Announcement/166 HTTP/2.0" 404 6659 "-" "Mozilla/5.0 AppleWebKit/537.36 (KHTML, like Gecko; compatible; bingbot/2.0; +http://www.bing.com/bingbot.htm) Chrome/116.0.1938.76 Safari/537.36" 56 **0/56741**
157.55.39.53 - - [04/Aug/2026:07:58:45 -0700] "GET /DANA33/advertising/Announcement/146 HTTP/2.0" 404 6659 "-" "Mozilla/5.0 AppleWebKit/537.36 (KHTML, like Gecko; compatible; bingbot/2.0; +http://www.bing.com/bingbot.htm) Chrome/116.0.1938.76 Safari/537.36" 64 **0/64371**
52.167.144.217 - - [04/Aug/2026:07:58:47 -0700] "GET /RNB69/advertising/Announcement/127 HTTP/2.0" 404 6659 "-" "Mozilla/5.0 AppleWebKit/537.36 (KHTML, like Gecko; compatible; bingbot/2.0; +http://www.bing.com/bingbot.htm) Chrome/116.0.1938.76 Safari/537.36" 52 **0/52004**
185.191.171.16 - - [04/Aug/2026:07:58:47 -0700] "GET /BOMBERWIN/advertising/Announcement/19 HTTP/1.1" 404 6659 "-" "Mozilla/5.0 (compatible; SemrushBot/7~bl; +http://www.semrush.com/bot.html)" 58 **0/58770**
157.245.63.62 - - [04/Aug/2026:07:58:55 -0700] "GET /wp-admin/index.php HTTP/1.1" 200 6932 "https://www.salt.gov.jo/wp-login.php" "Mozilla/5.0 (Macintosh; Intel Mac OS X 13_6_1; rv:119.0) Gecko/20100101 Firefox/119.0" 2 **0/2952**
157.55.39.53 - - [04/Aug/2026:07:58:56 -0700] "GET /KAYA303/advertising/Announcement/94 HTTP/2.0" 404 6659 "-" "Mozilla/5.0 AppleWebKit/537.36 (KHTML, like Gecko; compatible; bingbot/2.0; +http://www.bing.com/bingbot.htm) Chrome/116.0.1938.76 Safari/537.36" 64 **0/64042**
157.55.39.53 - - [04/Aug/2026:07:58:57 -0700] "GET /erek89/advertising/Announcement/158 HTTP/2.0" 404 6659 "-" "Mozilla/5.0 AppleWebKit/537.36 (KHTML, like Gecko; compatible; bingbot/2.0; +http://www.bing.com/bingbot.htm) Chrome/116.0.1938.76 Safari/537.36" 52 **0/52670**
157.55.39.53 - - [04/Aug/2026:07:58:57 -0700] "GET /hprinting.jordansolutionsjo.com/advertising/Announcement/95 HTTP/2.0" 404 6659 "-" "Mozilla/5.0 AppleWebKit/537.36 (KHTML, like Gecko; compatible; bingbot/2.0; +http://www.bing.com/bingbot.htm) Chrome/116.0.1938.76 Safari/537.36" 54 **0/54696**
157.55.39.53 - - [04/Aug/2026:07:58:57 -0700] "GET /dontogel/Contact-Us/Your-Opinion HTTP/2.0" 404 6659 "-" "Mozilla/5.0 AppleWebKit/537.36 (KHTML, like Gecko; compatible; bingbot/2.0; +http://www.bing.com/bingbot.htm) Chrome/116.0.1938.76 Safari/537.36" 51 **0/51955**
157.55.39.53 - - [04/Aug/2026:07:58:57 -0700] "GET /id555/advertising/Announcement/94 HTTP/2.0" 404 6659 "-" "Mozilla/5.0 AppleWebKit/537.36 (KHTML, like Gecko; compatible; bingbot/2.0; +http://www.bing.com/bingbot.htm) Chrome/116.0.1938.76 Safari/537.36" 54 **0/54774**
207.46.13.54 - - [04/Aug/2026:07:59:01 -0700] "GET /ARENA678/advertising/Announcement/10 HTTP/2.0" 404 6659 "-" "Mozilla/5.0 AppleWebKit/537.36 (KHTML, like Gecko; compatible; bingbot/2.0; +http://www.bing.com/bingbot.htm) Chrome/116.0.1938.76 Safari/537.36" 78 **0/78254**
207.46.13.54 - - [04/Aug/2026:07:59:01 -0700] "GET /PASANGTOGEL/advertising/Announcement/15 HTTP/2.0" 404 6659 "-" "Mozilla/5.0 AppleWebKit/537.36 (KHTML, like Gecko; compatible; bingbot/2.0; +http://www.bing.com/bingbot.htm) Chrome/116.0.1938.76 Safari/537.36" 57 **0/57141**
207.46.13.54 - - [04/Aug/2026:07:59:01 -0700] "GET /sand89/Knowledge HTTP/2.0" 404 6659 "-" "Mozilla/5.0 AppleWebKit/537.36 (KHTML, like Gecko; compatible; bingbot/2.0; +http://www.bing.com/bingbot.htm) Chrome/116.0.1938.76 Safari/537.36" 65 **0/65899**
57.141.18.82 - - [04/Aug/2026:07:59:05 -0700] "GET /sitemap_index.xml/advertising/Announcement/156 HTTP/2.0" 404 6659 "-" "Mozilla/5.0 (X11; Linux x86_64) AppleWebKit/537.36 (KHTML, like Gecko) Chrome/145.0.0.0 Safari/537.36 (compatible; meta-externalagent/1.1 (+https://developers.facebook.com/docs/sharing/webmasters/crawler))" 73 **0/73158**
185.191.171.18 - - [04/Aug/2026:07:59:08 -0700] "GET /BOLAHIT/advertising/Announcement/95 HTTP/1.1" 404 6659 "-" "Mozilla/5.0 (compatible; SemrushBot/7~bl; +http://www.semrush.com/bot.html)" 93 **0/93475**
157.245.63.62 - - [04/Aug/2026:07:59:12 -0700] "GET /wp-admin/profile.php HTTP/1.1" 200 7066 "https://www.salt.gov.jo/wp-login.php" "Mozilla/5.0 (Macintosh; Intel Mac OS X 13_6_1; rv:119.0) Gecko/20100101 Firefox/119.0" 3 **0/3884**
185.191.171.17 - - [04/Aug/2026:07:59:19 -0700] "GET /putri88/advertising/Announcement/169 HTTP/1.1" 404 6659 "-" "Mozilla/5.0 (compatible; SemrushBot/7~bl; +http://www.semrush.com/bot.html)" 65 **0/65627**
185.191.171.15 - - [04/Aug/2026:07:59:26 -0700] "GET /safari888/advertising/Announcement/86 HTTP/1.1" 404 6659 "-" "Mozilla/5.0 (compatible; SemrushBot/7~bl; +http://www.semrush.com/bot.html)" 74 **0/74091**
157.245.63.62 - - [04/Aug/2026:07:59:36 -0700] "GET /wp-admin/edit.php HTTP/1.1" 200 6973 "https://www.salt.gov.jo/wp-login.php" "Mozilla/5.0 (Macintosh; Intel Mac OS X 13_6_1; rv:119.0) Gecko/20100101 Firefox/119.0" 3 **0/3351**
85.208.96.197 - - [04/Aug/2026:07:59:38 -0700] "GET /pgbeam/Salt-Area/area/Earaa%20Area HTTP/1.1" 404 6659 "-" "Mozilla/5.0 (compatible; SemrushBot/7~bl; +http://www.semrush.com/bot.html)" 79 **0/79739**
185.191.171.9 - - [04/Aug/2026:07:59:40 -0700] "GET /pandubet/advertising/Announcement/120 HTTP/1.1" 404 6659 "-" "Mozilla/5.0 (compatible; SemrushBot/7~bl; +http://www.semrush.com/bot.html)" 57 **0/57379**
85.208.96.196 - - [04/Aug/2026:07:59:49 -0700] "GET /BOS88/advertising/Announcement/89 HTTP/1.1" 404 6659 "-" "Mozilla/5.0 (compatible; SemrushBot/7~bl; +http://www.semrush.com/bot.html)" 67 **0/67464**
157.245.63.62 - - [04/Aug/2026:07:59:49 -0700] "GET /wp-admin/plugins.php HTTP/1.1" 200 7016 "https://www.salt.gov.jo/wp-login.php" "Mozilla/5.0 (Macintosh; Intel Mac OS X 13_6_1; rv:119.0) Gecko/20100101 Firefox/119.0" 3 **0/3659**
85.208.96.207 - - [04/Aug/2026:07:59:51 -0700] "GET /BERUANG88/advertising/Announcement/121 HTTP/1.1" 404 6659 "-" "Mozilla/5.0 (compatible; SemrushBot/7~bl; +http://www.semrush.com/bot.html)" 58 **0/58889**
185.191.171.12 - - [04/Aug/2026:07:59:52 -0700] "GET /rabutogel/advertising/Announcement/172 HTTP/1.1" 404 6659 "-" "Mozilla/5.0 (compatible; SemrushBot/7~bl; +http://www.semrush.com/bot.html)" 68 **0/68390**
185.191.171.8 - - [04/Aug/2026:07:59:59 -0700] "GET /BOBA55/advertising/Announcement/191 HTTP/1.1" 404 6659 "-" "Mozilla/5.0 (compatible; SemrushBot/7~bl; +http://www.semrush.com/bot.html)" 69 **0/69248**
185.191.171.12 - - [04/Aug/2026:08:00:01 -0700] "GET /ulat138/advertising/Announcement/134 HTTP/1.1" 404 6659 "-" "Mozilla/5.0 (compatible; SemrushBot/7~bl; +http://www.semrush.com/bot.html)" 61 **0/61695**
185.191.171.9 - - [04/Aug/2026:08:00:03 -0700] "GET /neko789/Services/11 HTTP/1.1" 404 6659 "-" "Mozilla/5.0 (compatible; SemrushBot/7~bl; +http://www.semrush.com/bot.html)" 92 **0/92235**
185.191.171.13 - - [04/Aug/2026:08:00:05 -0700] "GET /perdanatogel/Services/8 HTTP/1.1" 404 6659 "-" "Mozilla/5.0 (compatible; SemrushBot/7~bl; +http://www.semrush.com/bot.html)" 62 **0/62862**
85.208.96.195 - - [04/Aug/2026:08:00:13 -0700] "GET /BANDARNALO/employee/employee-services HTTP/1.1" 404 6659 "-" "Mozilla/5.0 (compatible; SemrushBot/7~bl; +http://www.semrush.com/bot.html)" 87 **0/87996**
85.208.96.194 - - [04/Aug/2026:08:00:35 -0700] "GET /tehtogel/advertising/Announcement/71 HTTP/1.1" 404 6659 "-" "Mozilla/5.0 (compatible; SemrushBot/7~bl; +http://www.semrush.com/bot.html)" 87 **0/87032**
207.46.13.124 - - [04/Aug/2026:08:00:38 -0700] "GET /madibet/advertising/Announcement/192 HTTP/2.0" 404 6659 "-" "Mozilla/5.0 AppleWebKit/537.36 (KHTML, like Gecko; compatible; bingbot/2.0; +http://www.bing.com/bingbot.htm) Chrome/116.0.1938.76 Safari/537.36" 70 **0/70008**
85.208.96.202 - - [04/Aug/2026:08:00:39 -0700] "GET /rudi138/advertising/Announcement/189 HTTP/1.1" 404 6659 "-" "Mozilla/5.0 (compatible; SemrushBot/7~bl; +http://www.semrush.com/bot.html)" 57 **0/57479**
57.141.18.92 - - [04/Aug/2026:08:00:39 -0700] "GET /news_sitemap.xml/advertising/Announcement/69 HTTP/2.0" 404 6659 "-" "Mozilla/5.0 (Windows NT 10.0; Win64; x64) AppleWebKit/537.36 (KHTML, like Gecko) Chrome/145.0.0.0 Safari/537.36 (compatible; meta-externalagent/1.1 (+https://developers.facebook.com/docs/sharing/webmasters/crawler))" 56 **0/56818**
157.245.63.62 - - [04/Aug/2026:08:00:40 -0700] "POST /wp-login.php HTTP/1.1" 200 6976 "https://www.salt.gov.jo/wp-login.php" "Mozilla/5.0 (Macintosh; Intel Mac OS X 10_15_7) AppleWebKit/605.1.15 (KHTML, like Gecko) Version/17.1 Safari/605.1.15" 2 **0/2963**
185.191.171.9 - - [04/Aug/2026:08:00:41 -0700] "GET /gusti777/Salt-Area/area/Alaan%20Area HTTP/1.1" 404 6659 "-" "Mozilla/5.0 (compatible; SemrushBot/7~bl; +http://www.semrush.com/bot.html)" 70 **0/70134**
185.191.171.4 - - [04/Aug/2026:08:00:42 -0700] "GET /ASTER88/advertising/Announcement/106 HTTP/1.1" 404 6659 "-" "Mozilla/5.0 (compatible; SemrushBot/7~bl; +http://www.semrush.com/bot.html)" 58 **0/58452**
86.108.18.155 - - [04/Aug/2026:08:00:43 -0700] "GET /assets/site/css/bootstrap.rtl.min.css HTTP/2.0" 200 34509 "-" "Mozilla/5.0 (Linux; Android 10; K) AppleWebKit/537.36 (KHTML, like Gecko) Chrome/150.0.0.0 Mobile Safari/537.36" 17 **0/17167**
86.108.18.155 - - [04/Aug/2026:08:00:43 -0700] "GET / HTTP/2.0" 302 350 "https://www.google.com/" "Mozilla/5.0 (Linux; Android 10; K) AppleWebKit/537.36 (KHTML, like Gecko) Chrome/150.0.0.0 Mobile Safari/537.36" 69 **0/69619**
86.108.18.155 - - [04/Aug/2026:08:00:43 -0700] "GET /assets/site/css/main.css HTTP/2.0" 200 2708 "-" "Mozilla/5.0 (Linux; Android 10; K) AppleWebKit/537.36 (KHTML, like Gecko) Chrome/150.0.0.0 Mobile Safari/537.36" 8 **0/8332**
86.108.18.155 - - [04/Aug/2026:08:00:44 -0700] "GET /ar HTTP/2.0" 200 13627 "https://www.google.com/" "Mozilla/5.0 (Linux; Android 10; K) AppleWebKit/537.36 (KHTML, like Gecko) Chrome/150.0.0.0 Mobile Safari/537.36" 87 **0/87186**
86.108.18.155 - - [04/Aug/2026:08:00:44 -0700] "GET /assets/media/logos/logo.png HTTP/2.0" 200 205018 "https://www.salt.gov.jo/ar" "Mozilla/5.0 (Linux; Android 10; K) AppleWebKit/537.36 (KHTML, like Gecko) Chrome/150.0.0.0 Mobile Safari/537.36" 14 **0/14103**
86.108.18.155 - - [04/Aug/2026:08:00:44 -0700] "GET /assets/media/images/site_setting/a7bac7acf2b4310cf5f47e7b56d26b92_1781178460.jpg HTTP/2.0" 200 355403 "https://www.salt.gov.jo/ar" "Mozilla/5.0 (Linux; Android 10; K) AppleWebKit/537.36 (KHTML, like Gecko) Chrome/150.0.0.0 Mobile Safari/537.36" 428 **0/428224**
86.108.18.155 - - [04/Aug/2026:08:00:44 -0700] "GET /assets/media/images/news/7e386ca362adc35b832b75e73e653ae6_1781614185.jpg HTTP/2.0" 200 197036 "https://www.salt.gov.jo/ar" "Mozilla/5.0 (Linux; Android 10; K) AppleWebKit/537.36 (KHTML, like Gecko) Chrome/150.0.0.0 Mobile Safari/537.36" 608 **0/608569**
86.108.18.155 - - [04/Aug/2026:08:00:44 -0700] "GET /assets/media/images/news/14094fb9c148202759fe1c3f0dd015bd_1781558051.jpg HTTP/2.0" 200 140385 "https://www.salt.gov.jo/ar" "Mozilla/5.0 (Linux; Android 10; K) AppleWebKit/537.36 (KHTML, like Gecko) Chrome/150.0.0.0 Mobile Safari/537.36" 608 **0/608160**
86.108.18.155 - - [04/Aug/2026:08:00:44 -0700] "GET /assets/media/images/news/298c0dcf042ac2296a81e1a062e56593_1781557863.jpg HTTP/2.0" 200 142171 "https://www.salt.gov.jo/ar" "Mozilla/5.0 (Linux; Android 10; K) AppleWebKit/537.36 (KHTML, like Gecko) Chrome/150.0.0.0 Mobile Safari/537.36" 205 **0/205727**
86.108.18.155 - - [04/Aug/2026:08:00:45 -0700] "GET /assets/media/images/news/4c7b7848926d01bb0dea93d37744d812_1781015016.jpg HTTP/2.0" 200 116477 "https://www.salt.gov.jo/ar" "Mozilla/5.0 (Linux; Android 10; K) AppleWebKit/537.36 (KHTML, like Gecko) Chrome/150.0.0.0 Mobile Safari/537.36" 13 **0/13024**
86.108.18.155 - - [04/Aug/2026:08:00:45 -0700] "GET /assets/media/images/news/5586fc9b87d737bafd525dd457437e67_1781363478.jpg HTTP/2.0" 200 160571 "https://www.salt.gov.jo/ar" "Mozilla/5.0 (Linux; Android 10; K) AppleWebKit/537.36 (KHTML, like Gecko) Chrome/150.0.0.0 Mobile Safari/537.36" 206 **0/206237**
86.108.18.155 - - [04/Aug/2026:08:00:45 -0700] "GET /assets/media/images/news/bc8510f4c9e016f63c2c203e2e6fc37b_1780343018.jpg HTTP/2.0" 200 427387 "https://www.salt.gov.jo/ar" "Mozilla/5.0 (Linux; Android 10; K) AppleWebKit/537.36 (KHTML, like Gecko) Chrome/150.0.0.0 Mobile Safari/537.36" 206 **0/206605**
86.108.18.155 - - [04/Aug/2026:08:00:45 -0700] "GET /assets/fonts/DINNextLTArabic-Regular.ttf HTTP/2.0" 200 162978 "https://www.salt.gov.jo/ar" "Mozilla/5.0 (Linux; Android 10; K) AppleWebKit/537.36 (KHTML, like Gecko) Chrome/150.0.0.0 Mobile Safari/537.36" 468 **0/468827**
86.108.18.155 - - [04/Aug/2026:08:00:45 -0700] "GET /assets/fonts/A.Thuluth.ttf HTTP/2.0" 200 98760 "https://www.salt.gov.jo/assets/site/css/main.css" "Mozilla/5.0 (Linux; Android 10; K) AppleWebKit/537.36 (KHTML, like Gecko) Chrome/150.0.0.0 Mobile Safari/537.36" 469 **0/469352**
86.108.18.155 - - [04/Aug/2026:08:00:45 -0700] "GET /assets/fonts/DINNextLTArabic-Bold.ttf HTTP/2.0" 200 159375 "https://www.salt.gov.jo/ar" "Mozilla/5.0 (Linux; Android 10; K) AppleWebKit/537.36 (KHTML, like Gecko) Chrome/150.0.0.0 Mobile Safari/537.36" 469 **0/469674**
86.108.18.155 - - [04/Aug/2026:08:00:45 -0700] "GET /assets/media/images/news/a6ba84ab33e9b6c0345f8d4a28f6038e_1779135392.jpg HTTP/2.0" 200 18084 "https://www.salt.gov.jo/ar" "Mozilla/5.0 (Linux; Android 10; K) AppleWebKit/537.36 (KHTML, like Gecko) Chrome/150.0.0.0 Mobile Safari/537.36" 470 **0/470098**
86.108.18.155 - - [04/Aug/2026:08:00:45 -0700] "GET /assets/media/images/news/10ab88e068a1788222230d5aee5f6333_1779694763.jpg HTTP/2.0" 200 140501 "https://www.salt.gov.jo/ar" "Mozilla/5.0 (Linux; Android 10; K) AppleWebKit/537.36 (KHTML, like Gecko) Chrome/150.0.0.0 Mobile Safari/537.36" 470 **0/470462**
86.108.18.155 - - [04/Aug/2026:08:00:45 -0700] "GET /assets/media/images/news/b2c9159dcb4df01cb9751b5e23a07251_1779385466.jpg HTTP/2.0" 200 142034 "https://www.salt.gov.jo/ar" "Mozilla/5.0 (Linux; Android 10; K) AppleWebKit/537.36 (KHTML, like Gecko) Chrome/150.0.0.0 Mobile Safari/537.36" 470 **0/470779**
86.108.18.155 - - [04/Aug/2026:08:00:45 -0700] "GET /assets/media/images/site_setting/1775719566_bw7dmp0Uh2ouY87G7wQg5IjlF8PJYFBpgTAWNvhm.jpg HTTP/2.0" 200 134514 "https://www.salt.gov.jo/ar" "Mozilla/5.0 (Linux; Android 10; K) AppleWebKit/537.36 (KHTML, like Gecko) Chrome/150.0.0.0 Mobile Safari/537.36" 471 **0/471067**
86.108.18.155 - - [04/Aug/2026:08:00:45 -0700] "GET /assets/media/images/news/aadba2ca2833069c20eeeb46c7a08d6b_1778757655.jpg HTTP/2.0" 200 353449 "https://www.salt.gov.jo/ar" "Mozilla/5.0 (Linux; Android 10; K) AppleWebKit/537.36 (KHTML, like Gecko) Chrome/150.0.0.0 Mobile Safari/537.36" 471 **0/471408**
86.108.18.155 - - [04/Aug/2026:08:00:45 -0700] "GET /assets/media/images/news/133549d84ba1aa7f0bd5625880bee5e7_1781441604.jpg HTTP/2.0" 200 370691 "https://www.salt.gov.jo/ar" "Mozilla/5.0 (Linux; Android 10; K) AppleWebKit/537.36 (KHTML, like Gecko) Chrome/150.0.0.0 Mobile Safari/537.36" 472 **0/472771**
86.108.18.155 - - [04/Aug/2026:08:00:45 -0700] "GET /assets/media/images/news/7014b94fa4dcfb4c184b9b2179afa7ab_1780477862.jpg HTTP/2.0" 200 698282 "https://www.salt.gov.jo/ar" "Mozilla/5.0 (Linux; Android 10; K) AppleWebKit/537.36 (KHTML, like Gecko) Chrome/150.0.0.0 Mobile Safari/537.36" 472 **0/472225**
157.55.39.61 - - [04/Aug/2026:08:00:46 -0700] "GET /dana321/Salt-Area HTTP/2.0" 404 6659 "-" "Mozilla/5.0 AppleWebKit/537.36 (KHTML, like Gecko; compatible; bingbot/2.0; +http://www.bing.com/bingbot.htm) Chrome/116.0.1938.76 Safari/537.36" 55 **0/55731**
157.245.63.62 - - [04/Aug/2026:08:00:54 -0700] "GET /wp-admin/index.php HTTP/1.1" 200 7034 "https://www.salt.gov.jo/wp-login.php" "Mozilla/5.0 (X11; Linux x86_64) AppleWebKit/537.36 (KHTML, like Gecko) Chrome/118.0.0.0 Safari/537.36" 3 **0/3009**
185.191.171.14 - - [04/Aug/2026:08:00:59 -0700] "GET /w588/advertising/Announcement/10 HTTP/1.1" 404 6659 "-" "Mozilla/5.0 (compatible; SemrushBot/7~bl; +http://www.semrush.com/bot.html)" 71 **0/71239**
85.208.96.205 - - [04/Aug/2026:08:01:01 -0700] "GET /unobet777/advertising/Announcement/131 HTTP/1.1" 404 6659 "-" "Mozilla/5.0 (compatible; SemrushBot/7~bl; +http://www.semrush.com/bot.html)" 61 **0/61102**
185.191.171.6 - - [04/Aug/2026:08:01:07 -0700] "GET /ADUHOKI77/Services/9 HTTP/1.1" 404 6659 "-" "Mozilla/5.0 (compatible; SemrushBot/7~bl; +http://www.semrush.com/bot.html)" 141 **0/141865**
85.208.96.205 - - [04/Aug/2026:08:01:09 -0700] "GET /pandu555/advertising/Announcement/59 HTTP/1.1" 404 6659 "-" "Mozilla/5.0 (compatible; SemrushBot/7~bl; +http://www.semrush.com/bot.html)" 67 **0/67889**
85.208.96.201 - - [04/Aug/2026:08:01:11 -0700] "GET /ris4d/advertising/Announcement/81 HTTP/1.1" 404 6659 "-" "Mozilla/5.0 (compatible; SemrushBot/7~bl; +http://www.semrush.com/bot.html)" 72 **0/72402**
157.245.63.62 - - [04/Aug/2026:08:01:15 -0700] "GET /wp-admin/profile.php HTTP/1.1" 200 7046 "https://www.salt.gov.jo/wp-login.php" "Mozilla/5.0 (X11; Linux x86_64) AppleWebKit/537.36 (KHTML, like Gecko) Chrome/118.0.0.0 Safari/537.36" 7 **0/7988**
185.191.171.12 - - [04/Aug/2026:08:01:21 -0700] "GET /ultra999/Salt-Area/area/Earaa%20Area HTTP/1.1" 404 6659 "-" "Mozilla/5.0 (compatible; SemrushBot/7~bl; +http://www.semrush.com/bot.html)" 68 **0/68971**
185.191.171.15 - - [04/Aug/2026:08:01:22 -0700] "GET /BEINCASH/advertising/Announcement/103 HTTP/1.1" 404 6659 "-" "Mozilla/5.0 (compatible; SemrushBot/7~bl; +http://www.semrush.com/bot.html)" 56 **0/56938**
57.141.18.115 - - [04/Aug/2026:08:01:27 -0700] "GET /news_sitemap.xml/advertising/Announcement/191 HTTP/2.0" 404 6659 "-" "Mozilla/5.0 (Windows NT 10.0; Win64; x64) AppleWebKit/537.36 (KHTML, like Gecko) Chrome/145.0.0.0 Safari/537.36 (compatible; meta-externalagent/1.1 (+https://developers.facebook.com/docs/sharing/webmasters/crawler))" 74 **0/74775**
185.191.171.15 - - [04/Aug/2026:08:01:27 -0700] "GET /66jackpot/advertising/Announcement/56 HTTP/1.1" 404 6659 "-" "Mozilla/5.0 (compatible; SemrushBot/7~bl; +http://www.semrush.com/bot.html)" 58 **0/58683**
157.245.63.62 - - [04/Aug/2026:08:01:28 -0700] "GET /wp-admin/edit.php HTTP/1.1" 200 6968 "https://www.salt.gov.jo/wp-login.php" "Mozilla/5.0 (X11; Linux x86_64) AppleWebKit/537.36 (KHTML, like Gecko) Chrome/118.0.0.0 Safari/537.36" 3 **0/3863**
185.191.171.13 - - [04/Aug/2026:08:01:36 -0700] "GET /pemainjp/advertising/Announcement/17 HTTP/1.1" 404 6659 "-" "Mozilla/5.0 (compatible; SemrushBot/7~bl; +http://www.semrush.com/bot.html)" 88 **0/88413**
85.208.96.210 - - [04/Aug/2026:08:01:40 -0700] "GET /ufabet855/advertising/Announcement/73 HTTP/1.1" 404 6659 "-" "Mozilla/5.0 (compatible; SemrushBot/7~bl; +http://www.semrush.com/bot.html)" 78 **0/78696**
157.245.63.62 - - [04/Aug/2026:08:01:40 -0700] "GET /wp-admin/plugins.php HTTP/1.1" 200 7027 "https://www.salt.gov.jo/wp-login.php" "Mozilla/5.0 (X11; Linux x86_64) AppleWebKit/537.36 (KHTML, like Gecko) Chrome/118.0.0.0 Safari/537.36" 3 **0/3380**
57.141.18.15 - - [04/Aug/2026:08:01:42 -0700] "GET /news_sitemap.xml/Directorates/Municipal-Directorates-page/Directorate%20of%20Financial%20Affairs HTTP/2.0" 404 6659 "-" "Mozilla/5.0 (Windows NT 10.0; Win64; x64) AppleWebKit/537.36 (KHTML, like Gecko) Chrome/145.0.0.0 Safari/537.36 (compatible; meta-externalagent/1.1 (+https://developers.facebook.com/docs/sharing/webmasters/crawler))" 74 **0/74870**
57.141.18.55 - - [04/Aug/2026:08:01:45 -0700] "GET /news_sitemap.xml/advertising/Announcement/169 HTTP/2.0" 404 6659 "-" "Mozilla/5.0 (Windows NT 10.0; Win64; x64) AppleWebKit/537.36 (KHTML, like Gecko) Chrome/145.0.0.0 Safari/537.36 (compatible; meta-externalagent/1.1 (+https://developers.facebook.com/docs/sharing/webmasters/crawler))" 70 **0/70450**
185.191.171.18 - - [04/Aug/2026:08:01:50 -0700] "GET /paling4d/advertising/Announcement/159 HTTP/1.1" 404 6659 "-" "Mozilla/5.0 (compatible; SemrushBot/7~bl; +http://www.semrush.com/bot.html)" 83 **0/83261**
185.191.171.7 - - [04/Aug/2026:08:01:52 -0700] "GET /ag138/Salt-Area HTTP/1.1" 404 6659 "-" "Mozilla/5.0 (compatible; SemrushBot/7~bl; +http://www.semrush.com/bot.html)" 61 **0/61253**
157.245.63.62 - - [04/Aug/2026:08:01:53 -0700] "POST /wp-login.php HTTP/1.1" 200 7132 "https://www.salt.gov.jo/wp-login.php" "Mozilla/5.0 (Windows NT 10.0; Win64; x64; rv:118.0) Gecko/20100101 Firefox/118.0" 3 **0/3903**
185.191.171.14 - - [04/Aug/2026:08:01:53 -0700] "GET /ufaapollo/advertising/Announcement/130 HTTP/1.1" 404 6659 "-" "Mozilla/5.0 (compatible; SemrushBot/7~bl; +http://www.semrush.com/bot.html)" 72 **0/72455**
185.191.171.6 - - [04/Aug/2026:08:01:58 -0700] "GET /topone365/advertising/Announcement/116 HTTP/1.1" 404 6659 "-" "Mozilla/5.0 (compatible; SemrushBot/7~bl; +http://www.semrush.com/bot.html)" 70 **0/70290**
185.191.171.12 - - [04/Aug/2026:08:02:16 -0700] "GET /pan999/advertising/Announcement/52 HTTP/1.1" 404 6659 "-" "Mozilla/5.0 (compatible; SemrushBot/7~bl; +http://www.semrush.com/bot.html)" 73 **0/73556**
157.245.63.62 - - [04/Aug/2026:08:02:21 -0700] "GET /wp-admin/index.php HTTP/1.1" 200 7130 "https://www.salt.gov.jo/wp-login.php" "Mozilla/5.0 (X11; Ubuntu; Linux x86_64) AppleWebKit/537.36 (KHTML, like Gecko) Chrome/121.0.0.0 Safari/537.36" 10 **0/10336**
185.191.171.1 - - [04/Aug/2026:08:02:22 -0700] "GET /pajak77/advertising/Announcement/34 HTTP/1.1" 404 6659 "-" "Mozilla/5.0 (compatible; SemrushBot/7~bl; +http://www.semrush.com/bot.html)" 72 **0/72357**
157.245.63.62 - - [04/Aug/2026:08:02:34 -0700] "GET /wp-admin/profile.php HTTP/1.1" 200 7097 "https://www.salt.gov.jo/wp-login.php" "Mozilla/5.0 (X11; Ubuntu; Linux x86_64) AppleWebKit/537.36 (KHTML, like Gecko) Chrome/121.0.0.0 Safari/537.36" 3 **0/3148**
185.191.171.8 - - [04/Aug/2026:08:02:34 -0700] "GET /rtv77/advertising/Announcement/179 HTTP/1.1" 404 6659 "-" "Mozilla/5.0 (compatible; SemrushBot/7~bl; +http://www.semrush.com/bot.html)" 73 **0/73826**
85.208.96.205 - - [04/Aug/2026:08:02:36 -0700] "GET /senior88/Directorates/Initiatives-And-Events HTTP/1.1" 404 6659 "-" "Mozilla/5.0 (compatible; SemrushBot/7~bl; +http://www.semrush.com/bot.html)" 57 **0/57969**
85.208.96.195 - - [04/Aug/2026:08:02:39 -0700] "GET /ruang168/advertising/Announcement/96 HTTP/1.1" 404 6659 "-" "Mozilla/5.0 (compatible; SemrushBot/7~bl; +http://www.semrush.com/bot.html)" 70 **0/70757**
157.245.63.62 - - [04/Aug/2026:08:02:46 -0700] "GET /wp-admin/edit.php HTTP/1.1" 200 7049 "https://www.salt.gov.jo/wp-login.php" "Mozilla/5.0 (X11; Ubuntu; Linux x86_64) AppleWebKit/537.36 (KHTML, like Gecko) Chrome/121.0.0.0 Safari/537.36" 2 **0/2980**
185.191.171.10 - - [04/Aug/2026:08:02:47 -0700] "GET /wing888/advertising/Announcement/30 HTTP/1.1" 404 6659 "-" "Mozilla/5.0 (compatible; SemrushBot/7~bl; +http://www.semrush.com/bot.html)" 65 **0/65139**
85.208.96.207 - - [04/Aug/2026:08:02:48 -0700] "GET /BIG88/advertising/Announcement/149 HTTP/1.1" 404 6659 "-" "Mozilla/5.0 (compatible; SemrushBot/7~bl; +http://www.semrush.com/bot.html)" 56 **0/56499**
185.191.171.12 - - [04/Aug/2026:08:02:59 -0700] "GET /69pgslot/advertising/Announcement/173 HTTP/1.1" 404 6659 "-" "Mozilla/5.0 (compatible; SemrushBot/7~bl; +http://www.semrush.com/bot.html)" 67 **0/67980**
157.245.63.62 - - [04/Aug/2026:08:03:00 -0700] "GET /wp-admin/plugins.php HTTP/1.1" 200 7001 "https://www.salt.gov.jo/wp-login.php" "Mozilla/5.0 (X11; Ubuntu; Linux x86_64) AppleWebKit/537.36 (KHTML, like Gecko) Chrome/121.0.0.0 Safari/537.36" 3 **0/3721**
185.191.171.12 - - [04/Aug/2026:08:03:04 -0700] "GET /BOLA389/advertising/Announcement/84 HTTP/1.1" 404 6659 "-" "Mozilla/5.0 (compatible; SemrushBot/7~bl; +http://www.semrush.com/bot.html)" 69 **0/69475**
157.245.63.62 - - [04/Aug/2026:08:03:15 -0700] "POST /wp-login.php HTTP/1.1" 200 7067 "https://www.salt.gov.jo/wp-login.php" "Mozilla/5.0 (Windows NT 10.0; Win64; x64; rv:120.0) Gecko/20100101 Firefox/120.0" 3 **0/3659**
185.191.171.6 - - [04/Aug/2026:08:03:19 -0700] "GET /5UNSUR/advertising/Announcement/38 HTTP/1.1" 404 6659 "-" "Mozilla/5.0 (compatible; SemrushBot/7~bl; +http://www.semrush.com/bot.html)" 77 **0/77938**
185.191.171.3 - - [04/Aug/2026:08:03:21 -0700] "GET /rabona869/advertising/Announcement/191 HTTP/1.1" 404 6659 "-" "Mozilla/5.0 (compatible; SemrushBot/7~bl; +http://www.semrush.com/bot.html)" 60 **0/60279**
87.250.224.245 - - [04/Aug/2026:08:03:35 -0700] "GET /javhd HTTP/2.0" 404 6659 "-" "Mozilla/5.0 (compatible; YandexBot/3.0; +http://yandex.com/bots)" 73 **0/73145**
85.208.96.197 - - [04/Aug/2026:08:03:39 -0700] "GET /ix699/advertising/Announcement/195 HTTP/1.1" 404 6659 "-" "Mozilla/5.0 (compatible; SemrushBot/7~bl; +http://www.semrush.com/bot.html)" 71 **0/71772**
85.208.96.212 - - [04/Aug/2026:08:03:40 -0700] "GET /BIG288/advertising/Announcement/56 HTTP/1.1" 404 6659 "-" "Mozilla/5.0 (compatible; SemrushBot/7~bl; +http://www.semrush.com/bot.html)" 56 **0/56051**
157.245.63.62 - - [04/Aug/2026:08:03:44 -0700] "GET /wp-admin/index.php HTTP/1.1" 200 7038 "https://www.salt.gov.jo/wp-login.php" "Mozilla/5.0 (X11; Ubuntu; Linux x86_64) AppleWebKit/537.36 (KHTML, like Gecko) Chrome/120.0.0.0 Safari/537.36" 2 **0/2804**
85.208.96.206 - - [04/Aug/2026:08:03:51 -0700] "GET /77ROYAL/advertising/Announcement/43 HTTP/1.1" 404 6659 "-" "Mozilla/5.0 (compatible; SemrushBot/7~bl; +http://www.semrush.com/bot.html)" 65 **0/65475**
85.208.96.197 - - [04/Aug/2026:08:04:02 -0700] "GET /BOLA81/advertising/Announcement/190 HTTP/1.1" 404 6659 "-" "Mozilla/5.0 (compatible; SemrushBot/7~bl; +http://www.semrush.com/bot.html)" 79 **0/79540**
85.208.96.209 - - [04/Aug/2026:08:04:04 -0700] "GET /BELUTJP/advertising/Announcement/108 HTTP/1.1" 404 6659 "-" "Mozilla/5.0 (compatible; SemrushBot/7~bl; +http://www.semrush.com/bot.html)" 54 **0/54936**
85.208.96.209 - - [04/Aug/2026:08:04:05 -0700] "GET /BONANZA888/advertising/Announcement/45 HTTP/1.1" 404 6659 "-" "Mozilla/5.0 (compatible; SemrushBot/7~bl; +http://www.semrush.com/bot.html)" 64 **0/64114**
85.208.96.198 - - [04/Aug/2026:08:04:06 -0700] "GET /BOSDEAL88/advertising/Announcement/59 HTTP/1.1" 404 6659 "-" "Mozilla/5.0 (compatible; SemrushBot/7~bl; +http://www.semrush.com/bot.html)" 63 **0/63432**
185.191.171.4 - - [04/Aug/2026:08:04:13 -0700] "GET /BOLAGACOR/advertising/Announcement/155 HTTP/1.1" 404 6659 "-" "Mozilla/5.0 (compatible; SemrushBot/7~bl; +http://www.semrush.com/bot.html)" 81 **0/81711**
157.245.63.62 - - [04/Aug/2026:08:04:14 -0700] "GET /wp-admin/profile.php HTTP/1.1" 200 7065 "https://www.salt.gov.jo/wp-login.php" "Mozilla/5.0 (X11; Ubuntu; Linux x86_64) AppleWebKit/537.36 (KHTML, like Gecko) Chrome/120.0.0.0 Safari/537.36" 3 **0/3552**
185.191.171.2 - - [04/Aug/2026:08:04:15 -0700] "GET /teh128/advertising/Announcement/71 HTTP/1.1" 404 6659 "-" "Mozilla/5.0 (compatible; SemrushBot/7~bl; +http://www.semrush.com/bot.html)" 56 **0/56680**
85.208.96.201 - - [04/Aug/2026:08:04:17 -0700] "GET /ARTISTOTO/advertising/Announcement/189 HTTP/1.1" 404 6659 "-" "Mozilla/5.0 (compatible; SemrushBot/7~bl; +http://www.semrush.com/bot.html)" 73 **0/73199**
185.191.171.14 - - [04/Aug/2026:08:04:22 -0700] "GET /BOSKU123/advertising/Announcement/41 HTTP/1.1" 404 6659 "-" "Mozilla/5.0 (compatible; SemrushBot/7~bl; +http://www.semrush.com/bot.html)" 70 **0/70159**
85.208.96.206 - - [04/Aug/2026:08:04:35 -0700] "GET /kalimantan4d/Knowledge HTTP/1.1" 404 6659 "-" "Mozilla/5.0 (compatible; SemrushBot/7~bl; +http://www.semrush.com/bot.html)" 68 **0/68791**
157.245.63.62 - - [04/Aug/2026:08:04:38 -0700] "GET /wp-admin/edit.php HTTP/1.1" 200 7029 "https://www.salt.gov.jo/wp-login.php" "Mozilla/5.0 (X11; Ubuntu; Linux x86_64) AppleWebKit/537.36 (KHTML, like Gecko) Chrome/120.0.0.0 Safari/537.36" 3 **0/3975**
185.191.171.2 - - [04/Aug/2026:08:04:45 -0700] "GET /paling138/advertising/Announcement/183 HTTP/1.1" 404 6659 "-" "Mozilla/5.0 (compatible; SemrushBot/7~bl; +http://www.semrush.com/bot.html)" 70 **0/70483**
185.191.171.8 - - [04/Aug/2026:08:04:53 -0700] "GET /wangi365/advertising/Circulars HTTP/1.1" 404 6659 "-" "Mozilla/5.0 (compatible; SemrushBot/7~bl; +http://www.semrush.com/bot.html)" 69 **0/69543**
85.208.96.198 - - [04/Aug/2026:08:04:59 -0700] "GET /BOS88/advertising/Announcement/173 HTTP/1.1" 404 6659 "-" "Mozilla/5.0 (compatible; SemrushBot/7~bl; +http://www.semrush.com/bot.html)" 67 **0/67630**
157.245.63.62 - - [04/Aug/2026:08:04:59 -0700] "GET /wp-admin/plugins.php HTTP/1.1" 200 7066 "https://www.salt.gov.jo/wp-login.php" "Mozilla/5.0 (X11; Ubuntu; Linux x86_64) AppleWebKit/537.36 (KHTML, like Gecko) Chrome/120.0.0.0 Safari/537.36" 3 **0/3739**
85.208.96.198 - - [04/Aug/2026:08:05:00 -0700] "GET /BCA99/advertising/Announcement/181 HTTP/1.1" 404 6659 "-" "Mozilla/5.0 (compatible; SemrushBot/7~bl; +http://www.semrush.com/bot.html)" 66 **0/66349**
85.208.96.194 - - [04/Aug/2026:08:05:01 -0700] "GET /luckyniki/advertising/All-Announcements HTTP/1.1" 404 6659 "-" "Mozilla/5.0 (compatible; SemrushBot/7~bl; +http://www.semrush.com/bot.html)" 115 **0/115960**
157.245.63.62 - - [04/Aug/2026:08:05:13 -0700] "POST /wp-login.php HTTP/1.1" 200 7055 "https://www.salt.gov.jo/wp-login.php" "Mozilla/5.0 (Macintosh; Intel Mac OS X 10_15_7) AppleWebKit/605.1.15 (KHTML, like Gecko) Version/16.6 Safari/605.1.15" 3 **0/3301**
85.208.96.198 - - [04/Aug/2026:08:05:16 -0700] "GET /nmax69/advertising/Announcement/100 HTTP/1.1" 404 6659 "-" "Mozilla/5.0 (compatible; SemrushBot/7~bl; +http://www.semrush.com/bot.html)" 65 **0/65870**
85.208.96.202 - - [04/Aug/2026:08:05:19 -0700] "GET /BOLAHIT/advertising/Announcement/64 HTTP/1.1" 404 6659 "-" "Mozilla/5.0 (compatible; SemrushBot/7~bl; +http://www.semrush.com/bot.html)" 63 **0/63631**
85.208.96.211 - - [04/Aug/2026:08:05:21 -0700] "GET /LOTUS303/Contact-Us/Your-Opinion HTTP/1.1" 404 6659 "-" "Mozilla/5.0 (compatible; SemrushBot/7~bl; +http://www.semrush.com/bot.html)" 64 **0/64708**
85.208.96.208 - - [04/Aug/2026:08:05:25 -0700] "GET /kitajp/advertising/Bid/1 HTTP/1.1" 404 6659 "-" "Mozilla/5.0 (compatible; SemrushBot/7~bl; +http://www.semrush.com/bot.html)" 61 **0/61093**
157.245.63.62 - - [04/Aug/2026:08:05:25 -0700] "GET /wp-admin/index.php HTTP/1.1" 200 7055 "https://www.salt.gov.jo/wp-login.php" "Mozilla/5.0 (X11; Linux x86_64) AppleWebKit/537.36 (KHTML, like Gecko) Chrome/121.0.0.0 Safari/537.36" 2 **0/2946**
185.191.171.16 - - [04/Aug/2026:08:05:27 -0700] "GET /pro138/Salt-Area/area/Alaan%20Area HTTP/1.1" 404 6659 "-" "Mozilla/5.0 (compatible; SemrushBot/7~bl; +http://www.semrush.com/bot.html)" 63 **0/63817**
185.191.171.13 - - [04/Aug/2026:08:05:32 -0700] "GET /royal777/advertising/Announcement/72 HTTP/1.1" 404 6659 "-" "Mozilla/5.0 (compatible; SemrushBot/7~bl; +http://www.semrush.com/bot.html)" 65 **0/65643**
85.208.96.202 - - [04/Aug/2026:08:05:37 -0700] "GET /panda999/advertising/Announcement/43 HTTP/1.1" 404 6659 "-" "Mozilla/5.0 (compatible; SemrushBot/7~bl; +http://www.semrush.com/bot.html)" 74 **0/74687**
157.245.63.62 - - [04/Aug/2026:08:05:44 -0700] "GET /wp-admin/profile.php HTTP/1.1" 200 6934 "https://www.salt.gov.jo/wp-login.php" "Mozilla/5.0 (X11; Linux x86_64) AppleWebKit/537.36 (KHTML, like Gecko) Chrome/121.0.0.0 Safari/537.36" 4 **0/4841**
185.191.171.10 - - [04/Aug/2026:08:05:46 -0700] "GET /tata66/advertising/Announcement/141 HTTP/1.1" 404 6659 "-" "Mozilla/5.0 (compatible; SemrushBot/7~bl; +http://www.semrush.com/bot.html)" 64 **0/64795**
85.208.96.193 - - [04/Aug/2026:08:05:50 -0700] "GET /wltogel/advertising/Announcement/152 HTTP/1.1" 404 6659 "-" "Mozilla/5.0 (compatible; SemrushBot/7~bl; +http://www.semrush.com/bot.html)" 65 **0/65796**
185.191.171.18 - - [04/Aug/2026:08:05:54 -0700] "GET /rambo168/Salt-Area/area/Alaan%20Area HTTP/1.1" 404 6659 "-" "Mozilla/5.0 (compatible; SemrushBot/7~bl; +http://www.semrush.com/bot.html)" 67 **0/67020**
57.141.18.65 - - [04/Aug/2026:08:06:02 -0700] "GET /news-sitemap.xml/advertising/Announcement/54 HTTP/2.0" 404 6659 "-" "Mozilla/5.0 (X11; Linux x86_64) AppleWebKit/537.36 (KHTML, like Gecko) Chrome/145.0.0.0 Safari/537.36 (compatible; meta-externalagent/1.1 (+https://developers.facebook.com/docs/sharing/webmasters/crawler))" 69 **0/69756**
157.245.63.62 - - [04/Aug/2026:08:06:05 -0700] "GET /wp-admin/edit.php HTTP/1.1" 200 7007 "https://www.salt.gov.jo/wp-login.php" "Mozilla/5.0 (X11; Linux x86_64) AppleWebKit/537.36 (KHTML, like Gecko) Chrome/121.0.0.0 Safari/537.36" 3 **0/3501**
57.141.18.111 - - [04/Aug/2026:08:06:07 -0700] "GET /news_sitemap.xml/advertising/Announcement/105 HTTP/2.0" 404 6659 "-" "Mozilla/5.0 (Windows NT 10.0; Win64; x64) AppleWebKit/537.36 (KHTML, like Gecko) Chrome/145.0.0.0 Safari/537.36 Edg/145.0.0.0 (compatible; meta-externalagent/1.1 (+https://developers.facebook.com/docs/sharing/webmasters/crawler))" 84 **0/84480**
57.141.18.87 - - [04/Aug/2026:08:06:09 -0700] "GET /sitemap.html/advertising/Announcement/35 HTTP/2.0" 404 6659 "-" "Mozilla/5.0 (Windows NT 10.0; Win64; x64) AppleWebKit/537.36 (KHTML, like Gecko) Chrome/145.0.0.0 Safari/537.36 (compatible; meta-externalagent/1.1 (+https://developers.facebook.com/docs/sharing/webmasters/crawler))" 55 **0/55281**
185.191.171.14 - - [04/Aug/2026:08:06:10 -0700] "GET /paspor88/About-Us/Manager-Of-Salt HTTP/1.1" 404 6659 "-" "Mozilla/5.0 (compatible; SemrushBot/7~bl; +http://www.semrush.com/bot.html)" 77 **0/77402**
185.191.171.3 - - [04/Aug/2026:08:06:15 -0700] "GET /utara128/advertising/Announcement/158 HTTP/1.1" 404 6659 "-" "Mozilla/5.0 (compatible; SemrushBot/7~bl; +http://www.semrush.com/bot.html)" 68 **0/68415**
85.208.96.211 - - [04/Aug/2026:08:06:15 -0700] "GET /BENDRA138/advertising/Announcement/31 HTTP/1.1" 404 6659 "-" "Mozilla/5.0 (compatible; SemrushBot/7~bl; +http://www.semrush.com/bot.html)" 68 **0/68942**
57.141.18.94 - - [04/Aug/2026:08:06:19 -0700] "GET /news-sitemap.xml/Directorates/Municipal-Directorates-page/Directorate%20of%20Administrative%20Affairs HTTP/2.0" 404 6659 "-" "Mozilla/5.0 (Windows NT 10.0; Win64; x64) AppleWebKit/537.36 (KHTML, like Gecko) Chrome/145.0.0.0 Safari/537.36 (compatible; meta-externalagent/1.1 (+https://developers.facebook.com/docs/sharing/webmasters/crawler))" 68 **0/68417**
157.245.63.62 - - [04/Aug/2026:08:06:19 -0700] "GET /wp-admin/plugins.php HTTP/1.1" 200 7071 "https://www.salt.gov.jo/wp-login.php" "Mozilla/5.0 (X11; Linux x86_64) AppleWebKit/537.36 (KHTML, like Gecko) Chrome/121.0.0.0 Safari/537.36" 3 **0/3917**
157.245.63.62 - - [04/Aug/2026:08:06:24 -0700] "POST /wp-login.php HTTP/1.1" 200 7056 "https://www.salt.gov.jo/wp-login.php" "Mozilla/5.0 (Macintosh; Intel Mac OS X 13_6_1) AppleWebKit/537.36 (KHTML, like Gecko) Chrome/120.0.0.0 Safari/537.36" 3 **0/3219**
185.191.171.3 - - [04/Aug/2026:08:06:28 -0700] "GET /ocbctogel/report-problem HTTP/1.1" 404 6659 "-" "Mozilla/5.0 (compatible; SemrushBot/7~bl; +http://www.semrush.com/bot.html)" 74 **0/74484**
85.208.96.197 - - [04/Aug/2026:08:06:37 -0700] "GET /oppa88/advertising/Announcement/43 HTTP/1.1" 404 6659 "-" "Mozilla/5.0 (compatible; SemrushBot/7~bl; +http://www.semrush.com/bot.html)" 74 **0/74399**
157.245.63.62 - - [04/Aug/2026:08:06:37 -0700] "GET /wp-admin/index.php HTTP/1.1" 200 7079 "https://www.salt.gov.jo/wp-login.php" "Mozilla/5.0 (Macintosh; Intel Mac OS X 10_15_7; rv:119.0) Gecko/20100101 Firefox/119.0" 3 **0/3528**
43.173.179.112 - - [04/Aug/2026:08:06:40 -0700] "GET /show_news.php?id=1009 HTTP/1.1" 200 7120 "-" "Mozilla/5.0 (Windows NT 10.0; Win64; x64) AppleWebKit/537.36 (KHTML, like Gecko) Chrome/105.0.0.0 Safari/537.3" 3 **0/3796**
85.208.96.197 - - [04/Aug/2026:08:06:40 -0700] "GET /pg168k/advertising/Announcement/39 HTTP/1.1" 404 6659 "-" "Mozilla/5.0 (compatible; SemrushBot/7~bl; +http://www.semrush.com/bot.html)" 70 **0/70078**
85.208.96.197 - - [04/Aug/2026:08:06:47 -0700] "GET /tawar99/advertising/Announcement/137 HTTP/1.1" 404 6659 "-" "Mozilla/5.0 (compatible; SemrushBot/7~bl; +http://www.semrush.com/bot.html)" 69 **0/69373**
185.191.171.4 - - [04/Aug/2026:08:06:48 -0700] "GET /k9/advertising/Announcement/174 HTTP/1.1" 404 6659 "-" "Mozilla/5.0 (compatible; SemrushBot/7~bl; +http://www.semrush.com/bot.html)" 57 **0/57980**
157.245.63.62 - - [04/Aug/2026:08:06:51 -0700] "GET /wp-admin/profile.php HTTP/1.1" 200 7081 "https://www.salt.gov.jo/wp-login.php" "Mozilla/5.0 (Macintosh; Intel Mac OS X 10_15_7; rv:119.0) Gecko/20100101 Firefox/119.0" 3 **0/3228**
185.191.171.14 - - [04/Aug/2026:08:07:00 -0700] "GET /BOS99/advertising/Announcement/162 HTTP/1.1" 404 6659 "-" "Mozilla/5.0 (compatible; SemrushBot/7~bl; +http://www.semrush.com/bot.html)" 69 **0/69052**
185.191.171.3 - - [04/Aug/2026:08:07:12 -0700] "GET /scbet888/advertising/Announcement/181 HTTP/1.1" 404 6659 "-" "Mozilla/5.0 (compatible; SemrushBot/7~bl; +http://www.semrush.com/bot.html)" 68 **0/68269**
157.245.63.62 - - [04/Aug/2026:08:07:13 -0700] "GET /wp-admin/edit.php HTTP/1.1" 200 7012 "https://www.salt.gov.jo/wp-login.php" "Mozilla/5.0 (Macintosh; Intel Mac OS X 10_15_7; rv:119.0) Gecko/20100101 Firefox/119.0" 3 **0/3328**
85.208.96.207 - - [04/Aug/2026:08:07:23 -0700] "GET /4djakarta/advertising/Announcement/110 HTTP/1.1" 404 6659 "-" "Mozilla/5.0 (compatible; SemrushBot/7~bl; +http://www.semrush.com/bot.html)" 76 **0/76645**
157.245.63.62 - - [04/Aug/2026:08:07:25 -0700] "GET /wp-admin/plugins.php HTTP/1.1" 200 6995 "https://www.salt.gov.jo/wp-login.php" "Mozilla/5.0 (Macintosh; Intel Mac OS X 10_15_7; rv:119.0) Gecko/20100101 Firefox/119.0" 3 **0/3116**
185.191.171.12 - - [04/Aug/2026:08:07:27 -0700] "GET /BIRU138/advertising/Announcement/190 HTTP/1.1" 404 6659 "-" "Mozilla/5.0 (compatible; SemrushBot/7~bl; +http://www.semrush.com/bot.html)" 68 **0/68132**
185.191.171.16 - - [04/Aug/2026:08:07:35 -0700] "GET /ric289/advertising/Announcement/63 HTTP/1.1" 404 6659 "-" "Mozilla/5.0 (compatible; SemrushBot/7~bl; +http://www.semrush.com/bot.html)" 64 **0/64632**
157.245.63.62 - - [04/Aug/2026:08:07:38 -0700] "POST /wp-login.php HTTP/1.1" 200 7086 "https://www.salt.gov.jo/wp-login.php" "Mozilla/5.0 (Windows NT 11.0; Win64; x64; rv:119.0) Gecko/20100101 Firefox/119.0" 2 **0/2948**
85.208.96.198 - - [04/Aug/2026:08:07:40 -0700] "GET /BEBTOTO/advertising/Announcement/122 HTTP/1.1" 404 6659 "-" "Mozilla/5.0 (compatible; SemrushBot/7~bl; +http://www.semrush.com/bot.html)" 77 **0/77135**
85.208.96.204 - - [04/Aug/2026:08:07:41 -0700] "GET /BOLAGG88/advertising/Announcement/180 HTTP/1.1" 404 6659 "-" "Mozilla/5.0 (compatible; SemrushBot/7~bl; +http://www.semrush.com/bot.html)" 60 **0/60208**
185.191.171.15 - - [04/Aug/2026:08:07:50 -0700] "GET /slot777/Salt-Area/area/Zay%20Area HTTP/1.1" 404 6659 "-" "Mozilla/5.0 (compatible; SemrushBot/7~bl; +http://www.semrush.com/bot.html)" 73 **0/73682**
85.208.96.200 - - [04/Aug/2026:08:08:01 -0700] "GET /twin66/advertising/Announcement/145 HTTP/1.1" 404 6659 "-" "Mozilla/5.0 (compatible; SemrushBot/7~bl; +http://www.semrush.com/bot.html)" 78 **0/78562**
157.245.63.62 - - [04/Aug/2026:08:08:04 -0700] "GET /wp-admin/index.php HTTP/1.1" 200 7095 "https://www.salt.gov.jo/wp-login.php" "Mozilla/5.0 (Macintosh; Intel Mac OS X 13_6_1; rv:120.0) Gecko/20100101 Firefox/120.0" 3 **0/3445**
40.77.167.132 - - [04/Aug/2026:08:08:06 -0700] "GET /pk69/Salt-Area/area/Um-Jozah%20Area HTTP/2.0" 404 6659 "-" "Mozilla/5.0 AppleWebKit/537.36 (KHTML, like Gecko; compatible; bingbot/2.0; +http://www.bing.com/bingbot.htm) Chrome/116.0.1938.76 Safari/537.36" 64 **0/64818**
157.55.39.53 - - [04/Aug/2026:08:08:16 -0700] "GET /gas33/employee/employee-services HTTP/2.0" 404 6659 "-" "Mozilla/5.0 AppleWebKit/537.36 (KHTML, like Gecko; compatible; bingbot/2.0; +http://www.bing.com/bingbot.htm) Chrome/116.0.1938.76 Safari/537.36" 67 **0/67882**
157.55.39.53 - - [04/Aug/2026:08:08:16 -0700] "GET /bk8thai/Directorates/Municipal-Directorates-page/Building%20and%20Land%20Tax%20Directorate HTTP/2.0" 404 6659 "-" "Mozilla/5.0 AppleWebKit/537.36 (KHTML, like Gecko; compatible; bingbot/2.0; +http://www.bing.com/bingbot.htm) Chrome/116.0.1938.76 Safari/537.36" 64 **0/64074**
