157.245.63.62 - - [04/Aug/2026:08:40:15 -0700] "GET /wp-admin/profile.php HTTP/1.1" 200 6995 "https://www.salt.gov.jo/wp-login.php" "Mozilla/5.0 (Windows NT 10.0; Win64; x64; rv:118.0) Gecko/20100101 Firefox/118.0" 5 **0/5553**
157.245.63.62 - - [04/Aug/2026:08:40:25 -0700] "GET /wp-admin/edit.php HTTP/1.1" 200 7079 "https://www.salt.gov.jo/wp-login.php" "Mozilla/5.0 (Windows NT 10.0; Win64; x64; rv:118.0) Gecko/20100101 Firefox/118.0" 3 **0/3076**
185.191.171.4 - - [04/Aug/2026:08:40:27 -0700] "GET /m4super/advertising/All-Announcements HTTP/1.1" 404 6659 "-" "Mozilla/5.0 (compatible; SemrushBot/7~bl; +http://www.semrush.com/bot.html)" 82 **0/82270**
185.191.171.19 - - [04/Aug/2026:08:40:28 -0700] "GET /567love/advertising/Announcement/112 HTTP/1.1" 404 6659 "-" "Mozilla/5.0 (compatible; SemrushBot/7~bl; +http://www.semrush.com/bot.html)" 60 **0/60571**
157.245.63.62 - - [04/Aug/2026:08:40:34 -0700] "GET /wp-admin/plugins.php HTTP/1.1" 200 6999 "https://www.salt.gov.jo/wp-login.php" "Mozilla/5.0 (Windows NT 10.0; Win64; x64; rv:118.0) Gecko/20100101 Firefox/118.0" 10 **0/10706**
157.245.63.62 - - [04/Aug/2026:08:40:44 -0700] "POST /wp-login.php HTTP/1.1" 200 7061 "https://www.salt.gov.jo/wp-login.php" "Mozilla/5.0 (Macintosh; Intel Mac OS X 13_6_1; rv:119.0) Gecko/20100101 Firefox/119.0" 2 **0/2946**
85.208.96.193 - - [04/Aug/2026:08:40:44 -0700] "GET /2dtogel/advertising/Announcement/100 HTTP/1.1" 404 6659 "-" "Mozilla/5.0 (compatible; SemrushBot/7~bl; +http://www.semrush.com/bot.html)" 71 **0/71999**
85.208.96.200 - - [04/Aug/2026:08:40:47 -0700] "GET /kataktogel/Contact-Us/Complaints-Or-Suggestion HTTP/1.1" 404 6659 "-" "Mozilla/5.0 (compatible; SemrushBot/7~bl; +http://www.semrush.com/bot.html)" 70 **0/70556**
157.245.63.62 - - [04/Aug/2026:08:40:53 -0700] "GET /wp-admin/index.php HTTP/1.1" 200 7009 "https://www.salt.gov.jo/wp-login.php" "Mozilla/5.0 (X11; Linux x86_64) AppleWebKit/537.36 (KHTML, like Gecko) Chrome/121.0.0.0 Safari/537.36" 3 **0/3426**
43.173.176.85 - - [04/Aug/2026:08:40:56 -0700] "GET /show_news.php?id=1083 HTTP/1.1" 200 7105 "-" "Mozilla/5.0 (Windows NT 10.0; Win64; x64) AppleWebKit/537.36 (KHTML, like Gecko) Chrome/106.0.5249.119 Safari/537.36" 8 **0/8614**
157.245.63.62 - - [04/Aug/2026:08:41:04 -0700] "GET /wp-admin/profile.php HTTP/1.1" 200 7072 "https://www.salt.gov.jo/wp-login.php" "Mozilla/5.0 (X11; Linux x86_64) AppleWebKit/537.36 (KHTML, like Gecko) Chrome/121.0.0.0 Safari/537.36" 2 **0/2680**
185.191.171.13 - - [04/Aug/2026:08:41:04 -0700] "GET /tato138/advertising/Announcement/77 HTTP/1.1" 404 6659 "-" "Mozilla/5.0 (compatible; SemrushBot/7~bl; +http://www.semrush.com/bot.html)" 70 **0/70167**
85.208.96.212 - - [04/Aug/2026:08:41:05 -0700] "GET /tangballs/advertising/Announcement/36 HTTP/1.1" 404 6659 "-" "Mozilla/5.0 (compatible; SemrushBot/7~bl; +http://www.semrush.com/bot.html)" 53 **0/53981**
185.191.171.5 - - [04/Aug/2026:08:41:07 -0700] "GET /PALADIN288/advertising/Announcement/82 HTTP/1.1" 404 6659 "-" "Mozilla/5.0 (compatible; SemrushBot/7~bl; +http://www.semrush.com/bot.html)" 76 **0/76962**
157.245.63.62 - - [04/Aug/2026:08:41:15 -0700] "GET /wp-admin/edit.php HTTP/1.1" 200 6998 "https://www.salt.gov.jo/wp-login.php" "Mozilla/5.0 (X11; Linux x86_64) AppleWebKit/537.36 (KHTML, like Gecko) Chrome/121.0.0.0 Safari/537.36" 3 **0/3023**
185.191.171.1 - - [04/Aug/2026:08:41:15 -0700] "GET /BOBA99/advertising/Announcement/119 HTTP/1.1" 404 6659 "-" "Mozilla/5.0 (compatible; SemrushBot/7~bl; +http://www.semrush.com/bot.html)" 63 **0/63228**
85.208.96.195 - - [04/Aug/2026:08:41:16 -0700] "GET /robots.txt HTTP/1.1" 200 24 "-" "Mozilla/5.0 (compatible; SemrushBot/7~bl; +http://www.semrush.com/bot.html)" 8 **0/8381**
185.191.171.2 - - [04/Aug/2026:08:41:16 -0700] "GET /puma138/advertising/Announcement/136 HTTP/1.1" 404 6659 "-" "Mozilla/5.0 (compatible; SemrushBot/7~bl; +http://www.semrush.com/bot.html)" 56 **0/56223**
185.191.171.4 - - [04/Aug/2026:08:41:20 -0700] "GET /wow4d/advertising/Announcement/52 HTTP/1.1" 404 6659 "-" "Mozilla/5.0 (compatible; SemrushBot/7~bl; +http://www.semrush.com/bot.html)" 76 **0/76603**
185.191.171.3 - - [04/Aug/2026:08:41:23 -0700] "GET /ARENA368/advertising/Announcement/19 HTTP/1.1" 404 6659 "-" "Mozilla/5.0 (compatible; SemrushBot/7~bl; +http://www.semrush.com/bot.html)" 72 **0/72421**
157.245.63.62 - - [04/Aug/2026:08:41:26 -0700] "GET /wp-admin/plugins.php HTTP/1.1" 200 7070 "https://www.salt.gov.jo/wp-login.php" "Mozilla/5.0 (X11; Linux x86_64) AppleWebKit/537.36 (KHTML, like Gecko) Chrome/121.0.0.0 Safari/537.36" 3 **0/3536**
157.245.63.62 - - [04/Aug/2026:08:41:36 -0700] "POST /wp-login.php HTTP/1.1" 200 7067 "https://www.salt.gov.jo/wp-login.php" "Mozilla/5.0 (Macintosh; Intel Mac OS X 13_6_1) AppleWebKit/537.36 (KHTML, like Gecko) Chrome/119.0.0.0 Safari/537.36" 3 **0/3297**
85.208.96.199 - - [04/Aug/2026:08:41:41 -0700] "GET /bet88/advertising/Announcement/19 HTTP/1.1" 404 6659 "-" "Mozilla/5.0 (compatible; SemrushBot/7~bl; +http://www.semrush.com/bot.html)" 75 **0/75539**
185.191.171.4 - - [04/Aug/2026:08:41:45 -0700] "GET /binggo99/Knowledge HTTP/1.1" 404 6659 "-" "Mozilla/5.0 (compatible; SemrushBot/7~bl; +http://www.semrush.com/bot.html)" 82 **0/82003**
185.191.171.15 - - [04/Aug/2026:08:41:49 -0700] "GET /thaislot/About-Us/Area_Of_Comittees HTTP/1.1" 404 6659 "-" "Mozilla/5.0 (compatible; SemrushBot/7~bl; +http://www.semrush.com/bot.html)" 76 **0/76197**
157.245.63.62 - - [04/Aug/2026:08:41:50 -0700] "GET /wp-admin/index.php HTTP/1.1" 200 7110 "https://www.salt.gov.jo/wp-login.php" "Mozilla/5.0 (X11; Ubuntu; Linux x86_64) AppleWebKit/537.36 (KHTML, like Gecko) Chrome/119.0.0.0 Safari/537.36" 3 **0/3897**
185.191.171.12 - - [04/Aug/2026:08:41:55 -0700] "GET /BOLA855/advertising/Announcement/186 HTTP/1.1" 404 6659 "-" "Mozilla/5.0 (compatible; SemrushBot/7~bl; +http://www.semrush.com/bot.html)" 70 **0/70959**
185.191.171.7 - - [04/Aug/2026:08:41:57 -0700] "GET /PISCES88/Directorates/Initiatives-And-Events-Regstration HTTP/1.1" 404 6659 "-" "Mozilla/5.0 (compatible; SemrushBot/7~bl; +http://www.semrush.com/bot.html)" 58 **0/58476**
157.245.63.62 - - [04/Aug/2026:08:41:58 -0700] "GET /wp-admin/profile.php HTTP/1.1" 200 7021 "https://www.salt.gov.jo/wp-login.php" "Mozilla/5.0 (X11; Ubuntu; Linux x86_64) AppleWebKit/537.36 (KHTML, like Gecko) Chrome/119.0.0.0 Safari/537.36" 2 **0/2675**
157.245.63.62 - - [04/Aug/2026:08:42:09 -0700] "GET /wp-admin/edit.php HTTP/1.1" 200 7053 "https://www.salt.gov.jo/wp-login.php" "Mozilla/5.0 (X11; Ubuntu; Linux x86_64) AppleWebKit/537.36 (KHTML, like Gecko) Chrome/119.0.0.0 Safari/537.36" 3 **0/3035**
185.191.171.4 - - [04/Aug/2026:08:42:13 -0700] "GET /KENZOTOTO/advertising/All-Announcements HTTP/1.1" 404 6659 "-" "Mozilla/5.0 (compatible; SemrushBot/7~bl; +http://www.semrush.com/bot.html)" 75 **0/75662**
85.208.96.212 - - [04/Aug/2026:08:42:17 -0700] "GET /partai666/advertising/Announcement/18 HTTP/1.1" 404 6659 "-" "Mozilla/5.0 (compatible; SemrushBot/7~bl; +http://www.semrush.com/bot.html)" 73 **0/73232**
85.208.96.199 - - [04/Aug/2026:08:42:20 -0700] "GET /KBO77/advertising/Bid/1 HTTP/1.1" 404 6659 "-" "Mozilla/5.0 (compatible; SemrushBot/7~bl; +http://www.semrush.com/bot.html)" 72 **0/72224**
157.245.63.62 - - [04/Aug/2026:08:42:20 -0700] "GET /wp-admin/plugins.php HTTP/1.1" 200 7117 "https://www.salt.gov.jo/wp-login.php" "Mozilla/5.0 (X11; Ubuntu; Linux x86_64) AppleWebKit/537.36 (KHTML, like Gecko) Chrome/119.0.0.0 Safari/537.36" 3 **0/3103**
185.191.171.5 - - [04/Aug/2026:08:42:27 -0700] "GET /641th/advertising/Announcement/139 HTTP/1.1" 404 6659 "-" "Mozilla/5.0 (compatible; SemrushBot/7~bl; +http://www.semrush.com/bot.html)" 67 **0/67757**
85.208.96.202 - - [04/Aug/2026:08:42:28 -0700] "GET /panda128/advertising/Announcement/106 HTTP/1.1" 404 6659 "-" "Mozilla/5.0 (compatible; SemrushBot/7~bl; +http://www.semrush.com/bot.html)" 64 **0/64800**
157.245.63.62 - - [04/Aug/2026:08:42:29 -0700] "POST /wp-login.php HTTP/1.1" 200 7059 "https://www.salt.gov.jo/wp-login.php" "Mozilla/5.0 (Windows NT 11.0; Win64; x64) AppleWebKit/537.36 (KHTML, like Gecko) Chrome/118.0.0.0 Safari/537.36" 3 **0/3022**
85.208.96.201 - - [04/Aug/2026:08:42:37 -0700] "GET /slotxovip/About-Us/About-Of-Salt HTTP/1.1" 404 6659 "-" "Mozilla/5.0 (compatible; SemrushBot/7~bl; +http://www.semrush.com/bot.html)" 75 **0/75235**
157.245.63.62 - - [04/Aug/2026:08:42:40 -0700] "GET /wp-admin/index.php HTTP/1.1" 200 7029 "https://www.salt.gov.jo/wp-login.php" "Mozilla/5.0 (Macintosh; Intel Mac OS X 13_6_1) AppleWebKit/605.1.15 (KHTML, like Gecko) Version/17.1 Safari/605.1.15" 3 **0/3506**
157.245.63.62 - - [04/Aug/2026:08:42:49 -0700] "GET /wp-admin/profile.php HTTP/1.1" 200 7060 "https://www.salt.gov.jo/wp-login.php" "Mozilla/5.0 (Macintosh; Intel Mac OS X 13_6_1) AppleWebKit/605.1.15 (KHTML, like Gecko) Version/17.1 Safari/605.1.15" 3 **0/3376**
85.208.96.200 - - [04/Aug/2026:08:42:50 -0700] "GET /okb89/advertising/Announcement/145 HTTP/1.1" 404 6659 "-" "Mozilla/5.0 (compatible; SemrushBot/7~bl; +http://www.semrush.com/bot.html)" 69 **0/69088**
68.67.112.159 - - [04/Aug/2026:08:42:51 -0700] "GET /robots.txt HTTP/1.1" 200 7045 "-" "Mozilla/5.0 AppleWebKit/537.36 (KHTML, like Gecko; compatible; YouBot/1.0; +https://docs.you.com/youbot; env:prod) Chrome/142.0.0.0 Safari/537.36" 5 **0/5645**
68.67.112.159 - - [04/Aug/2026:08:42:52 -0700] "GET /ufarider/advertising/Bids HTTP/1.1" 200 6994 "-" "Mozilla/5.0 AppleWebKit/537.36 (KHTML, like Gecko; compatible; YouBot/1.0; +https://docs.you.com/youbot; env:prod) Chrome/142.0.0.0 Safari/537.36" 3 **0/3393**
85.208.96.202 - - [04/Aug/2026:08:42:53 -0700] "GET /ASEANGAME/advertising/Announcement/147 HTTP/1.1" 404 6659 "-" "Mozilla/5.0 (compatible; SemrushBot/7~bl; +http://www.semrush.com/bot.html)" 75 **0/75383**
157.245.63.62 - - [04/Aug/2026:08:43:00 -0700] "GET /wp-admin/edit.php HTTP/1.1" 200 7027 "https://www.salt.gov.jo/wp-login.php" "Mozilla/5.0 (Macintosh; Intel Mac OS X 13_6_1) AppleWebKit/605.1.15 (KHTML, like Gecko) Version/17.1 Safari/605.1.15" 3 **0/3481**
185.191.171.13 - - [04/Aug/2026:08:43:00 -0700] "GET /69pgslot/advertising/Announcement/82 HTTP/1.1" 404 6659 "-" "Mozilla/5.0 (compatible; SemrushBot/7~bl; +http://www.semrush.com/bot.html)" 71 **0/71184**
185.191.171.3 - - [04/Aug/2026:08:43:02 -0700] "GET /BERES69/advertising/Announcement/58 HTTP/1.1" 404 6659 "-" "Mozilla/5.0 (compatible; SemrushBot/7~bl; +http://www.semrush.com/bot.html)" 69 **0/69734**
185.191.171.13 - - [04/Aug/2026:08:43:06 -0700] "GET /77DARUMA/advertising/Announcement/154 HTTP/1.1" 404 6659 "-" "Mozilla/5.0 (compatible; SemrushBot/7~bl; +http://www.semrush.com/bot.html)" 67 **0/67610**
185.191.171.11 - - [04/Aug/2026:08:43:10 -0700] "GET /BOLA2289/advertising/Announcement/152 HTTP/1.1" 404 6659 "-" "Mozilla/5.0 (compatible; SemrushBot/7~bl; +http://www.semrush.com/bot.html)" 68 **0/68550**
157.245.63.62 - - [04/Aug/2026:08:43:12 -0700] "GET /wp-admin/plugins.php HTTP/1.1" 200 7057 "https://www.salt.gov.jo/wp-login.php" "Mozilla/5.0 (Macintosh; Intel Mac OS X 13_6_1) AppleWebKit/605.1.15 (KHTML, like Gecko) Version/17.1 Safari/605.1.15" 3 **0/3354**
185.191.171.10 - - [04/Aug/2026:08:43:12 -0700] "GET /public138/Salt-Area/area/Zay%20Area HTTP/1.1" 404 6659 "-" "Mozilla/5.0 (compatible; SemrushBot/7~bl; +http://www.semrush.com/bot.html)" 56 **0/56968**
185.191.171.5 - - [04/Aug/2026:08:43:12 -0700] "GET /ufaball88/advertising/Announcement/49 HTTP/1.1" 404 6659 "-" "Mozilla/5.0 (compatible; SemrushBot/7~bl; +http://www.semrush.com/bot.html)" 57 **0/57122**
85.208.96.195 - - [04/Aug/2026:08:43:15 -0700] "GET /BEBAS888/advertising/Announcement/160 HTTP/1.1" 404 6659 "-" "Mozilla/5.0 (compatible; SemrushBot/7~bl; +http://www.semrush.com/bot.html)" 72 **0/72061**
37.202.73.106 - - [04/Aug/2026:08:43:19 -0700] "GET /z0f76a1d14fd21a8fb5fd0d03e0fdc3d3cedae52f?wsidchk=10120039&pdata=http%253A%252F%252Fwww.salt.gov.johttp%253A%252F%252Fwww.salt.gov.jo%252Floggin.php%252FDirectorates%252FInitiatives-And-Events-Regstration&id=7fa3b767c460b54a2be4d49030b349c7&ts=1785858188&cttl=0 HTTP/2.0" 302 248 "-" "Mozilla/5.0 (Windows NT 10.0; Win64; x64) AppleWebKit/537.36 (KHTML, like Gecko) Chrome/148.0.0.0 Safari/537.36" 3 **0/3249**
37.202.73.106 - - [04/Aug/2026:08:43:20 -0700] "GET / HTTP/2.0" 302 350 "-" "Mozilla/5.0 (Windows NT 10.0; Win64; x64) AppleWebKit/537.36 (KHTML, like Gecko) Chrome/148.0.0.0 Safari/537.36" 107 **0/107310**
157.245.63.62 - - [04/Aug/2026:08:43:24 -0700] "POST /wp-login.php HTTP/1.1" 200 7126 "https://www.salt.gov.jo/wp-login.php" "Mozilla/5.0 (Macintosh; Intel Mac OS X 13_6_1) AppleWebKit/537.36 (KHTML, like Gecko) Chrome/120.0.0.0 Safari/537.36" 3 **0/3624**
37.202.73.106 - - [04/Aug/2026:08:43:26 -0700] "GET /assets/site/css/main.css HTTP/2.0" 200 2708 "http://www.salt.gov.jo/" "Mozilla/5.0 (Windows NT 10.0; Win64; x64) AppleWebKit/537.36 (KHTML, like Gecko) Chrome/148.0.0.0 Safari/537.36" 9 **0/9986**
185.191.171.17 - - [04/Aug/2026:08:43:26 -0700] "GET /pumajp/advertising/Announcement/74 HTTP/1.1" 404 6659 "-" "Mozilla/5.0 (compatible; SemrushBot/7~bl; +http://www.semrush.com/bot.html)" 67 **0/67773**
37.202.73.106 - - [04/Aug/2026:08:43:26 -0700] "GET /assets/media/logos/logo.png HTTP/2.0" 200 205018 "http://www.salt.gov.jo/" "Mozilla/5.0 (Windows NT 10.0; Win64; x64) AppleWebKit/537.36 (KHTML, like Gecko) Chrome/148.0.0.0 Safari/537.36" 657 **0/657458**
37.202.73.106 - - [04/Aug/2026:08:43:26 -0700] "GET /assets/media/images/site_setting/a7bac7acf2b4310cf5f47e7b56d26b92_1781178460.jpg HTTP/2.0" 200 355403 "http://www.salt.gov.jo/" "Mozilla/5.0 (Windows NT 10.0; Win64; x64) AppleWebKit/537.36 (KHTML, like Gecko) Chrome/148.0.0.0 Safari/537.36" 898 **0/898900**
37.202.73.106 - - [04/Aug/2026:08:43:26 -0700] "GET /assets/site/css/bootstrap.rtl.min.css HTTP/2.0" 200 34509 "http://www.salt.gov.jo/" "Mozilla/5.0 (Windows NT 10.0; Win64; x64) AppleWebKit/537.36 (KHTML, like Gecko) Chrome/148.0.0.0 Safari/537.36" 899 **0/899757**
37.202.73.106 - - [04/Aug/2026:08:43:27 -0700] "GET /assets/media/images/news/7e386ca362adc35b832b75e73e653ae6_1781614185.jpg HTTP/2.0" 200 197036 "http://www.salt.gov.jo/" "Mozilla/5.0 (Windows NT 10.0; Win64; x64) AppleWebKit/537.36 (KHTML, like Gecko) Chrome/148.0.0.0 Safari/537.36" 10 **0/10015**
37.202.73.106 - - [04/Aug/2026:08:43:28 -0700] "GET /assets/media/images/news/14094fb9c148202759fe1c3f0dd015bd_1781558051.jpg HTTP/2.0" 200 140385 "http://www.salt.gov.jo/" "Mozilla/5.0 (Windows NT 10.0; Win64; x64) AppleWebKit/537.36 (KHTML, like Gecko) Chrome/148.0.0.0 Safari/537.36" 10 **0/10911**
37.202.73.106 - - [04/Aug/2026:08:43:28 -0700] "GET /assets/media/images/news/298c0dcf042ac2296a81e1a062e56593_1781557863.jpg HTTP/2.0" 200 142171 "http://www.salt.gov.jo/" "Mozilla/5.0 (Windows NT 10.0; Win64; x64) AppleWebKit/537.36 (KHTML, like Gecko) Chrome/148.0.0.0 Safari/537.36" 10 **0/10990**
37.202.73.106 - - [04/Aug/2026:08:43:28 -0700] "GET /assets/media/images/news/133549d84ba1aa7f0bd5625880bee5e7_1781441604.jpg HTTP/2.0" 200 370691 "http://www.salt.gov.jo/" "Mozilla/5.0 (Windows NT 10.0; Win64; x64) AppleWebKit/537.36 (KHTML, like Gecko) Chrome/148.0.0.0 Safari/537.36" 11 **0/11380**
37.202.73.106 - - [04/Aug/2026:08:43:28 -0700] "GET /assets/media/images/news/5586fc9b87d737bafd525dd457437e67_1781363478.jpg HTTP/2.0" 200 160571 "http://www.salt.gov.jo/" "Mozilla/5.0 (Windows NT 10.0; Win64; x64) AppleWebKit/537.36 (KHTML, like Gecko) Chrome/148.0.0.0 Safari/537.36" 242 **0/242878**
37.202.73.106 - - [04/Aug/2026:08:43:28 -0700] "GET /assets/media/images/news/7014b94fa4dcfb4c184b9b2179afa7ab_1780477862.jpg HTTP/2.0" 200 698282 "http://www.salt.gov.jo/" "Mozilla/5.0 (Windows NT 10.0; Win64; x64) AppleWebKit/537.36 (KHTML, like Gecko) Chrome/148.0.0.0 Safari/537.36" 243 **0/243203**
37.202.73.106 - - [04/Aug/2026:08:43:28 -0700] "GET /assets/media/images/news/4c7b7848926d01bb0dea93d37744d812_1781015016.jpg HTTP/2.0" 200 116477 "http://www.salt.gov.jo/" "Mozilla/5.0 (Windows NT 10.0; Win64; x64) AppleWebKit/537.36 (KHTML, like Gecko) Chrome/148.0.0.0 Safari/537.36" 243 **0/243805**
37.202.73.106 - - [04/Aug/2026:08:43:30 -0700] "GET /assets/fonts/A.Thuluth.ttf HTTP/2.0" 200 98760 "https://www.salt.gov.jo/assets/site/css/main.css" "Mozilla/5.0 (Windows NT 10.0; Win64; x64) AppleWebKit/537.36 (KHTML, like Gecko) Chrome/148.0.0.0 Safari/537.36" 441 **0/441854**
37.202.73.106 - - [04/Aug/2026:08:43:30 -0700] "GET /assets/fonts/DINNextLTArabic-Regular.ttf HTTP/2.0" 200 162978 "http://www.salt.gov.jo/" "Mozilla/5.0 (Windows NT 10.0; Win64; x64) AppleWebKit/537.36 (KHTML, like Gecko) Chrome/148.0.0.0 Safari/537.36" 901 **0/901143**
37.202.73.106 - - [04/Aug/2026:08:43:30 -0700] "GET /assets/fonts/DINNextLTArabic-Bold.ttf HTTP/2.0" 200 159375 "http://www.salt.gov.jo/" "Mozilla/5.0 (Windows NT 10.0; Win64; x64) AppleWebKit/537.36 (KHTML, like Gecko) Chrome/148.0.0.0 Safari/537.36" 901 **0/901581**
37.202.73.106 - - [04/Aug/2026:08:43:31 -0700] "GET /assets/media/images/news/10ab88e068a1788222230d5aee5f6333_1779694763.jpg HTTP/2.0" 200 140501 "http://www.salt.gov.jo/" "Mozilla/5.0 (Windows NT 10.0; Win64; x64) AppleWebKit/537.36 (KHTML, like Gecko) Chrome/148.0.0.0 Safari/537.36" 11 **0/11951**
37.202.73.106 - - [04/Aug/2026:08:43:31 -0700] "GET /assets/media/images/news/bc8510f4c9e016f63c2c203e2e6fc37b_1780343018.jpg HTTP/2.0" 200 427387 "http://www.salt.gov.jo/" "Mozilla/5.0 (Windows NT 10.0; Win64; x64) AppleWebKit/537.36 (KHTML, like Gecko) Chrome/148.0.0.0 Safari/537.36" 13 **0/13938**
37.202.73.106 - - [04/Aug/2026:08:43:31 -0700] "GET /assets/fonts//DINNextLTArabic-Regular.ttf HTTP/2.0" 200 162978 "https://www.salt.gov.jo/assets/site/css/main.css" "Mozilla/5.0 (Windows NT 10.0; Win64; x64) AppleWebKit/537.36 (KHTML, like Gecko) Chrome/148.0.0.0 Safari/537.36" 10 **0/10746**
37.202.73.106 - - [04/Aug/2026:08:43:31 -0700] "GET /assets/fonts//DINNextLTArabic-Bold.ttf HTTP/2.0" 200 159375 "https://www.salt.gov.jo/assets/site/css/main.css" "Mozilla/5.0 (Windows NT 10.0; Win64; x64) AppleWebKit/537.36 (KHTML, like Gecko) Chrome/148.0.0.0 Safari/537.36" 11 **0/11643**
37.202.73.106 - - [04/Aug/2026:08:43:31 -0700] "GET /assets/media/images/news/b2c9159dcb4df01cb9751b5e23a07251_1779385466.jpg HTTP/2.0" 200 142034 "http://www.salt.gov.jo/" "Mozilla/5.0 (Windows NT 10.0; Win64; x64) AppleWebKit/537.36 (KHTML, like Gecko) Chrome/148.0.0.0 Safari/537.36" 10 **0/10118**
37.202.73.106 - - [04/Aug/2026:08:43:31 -0700] "GET /assets/media/images/news/aadba2ca2833069c20eeeb46c7a08d6b_1778757655.jpg HTTP/2.0" 200 353449 "http://www.salt.gov.jo/" "Mozilla/5.0 (Windows NT 10.0; Win64; x64) AppleWebKit/537.36 (KHTML, like Gecko) Chrome/148.0.0.0 Safari/537.36" 15 **0/15208**
37.202.73.106 - - [04/Aug/2026:08:43:31 -0700] "GET /assets/media/images/site_setting/1775719566_bw7dmp0Uh2ouY87G7wQg5IjlF8PJYFBpgTAWNvhm.jpg HTTP/2.0" 200 134514 "http://www.salt.gov.jo/" "Mozilla/5.0 (Windows NT 10.0; Win64; x64) AppleWebKit/537.36 (KHTML, like Gecko) Chrome/148.0.0.0 Safari/537.36" 18 **0/18494**
37.202.73.106 - - [04/Aug/2026:08:43:31 -0700] "GET /assets/media/images/news/a6ba84ab33e9b6c0345f8d4a28f6038e_1779135392.jpg HTTP/2.0" 200 18084 "http://www.salt.gov.jo/" "Mozilla/5.0 (Windows NT 10.0; Win64; x64) AppleWebKit/537.36 (KHTML, like Gecko) Chrome/148.0.0.0 Safari/537.36" 19 **0/19054**
207.46.13.18 - - [04/Aug/2026:08:43:31 -0700] "GET /CEKI138/advertising/Announcement/119 HTTP/2.0" 404 6659 "-" "Mozilla/5.0 AppleWebKit/537.36 (KHTML, like Gecko; compatible; bingbot/2.0; +http://www.bing.com/bingbot.htm) Chrome/116.0.1938.76 Safari/537.36" 72 **0/72893**
157.245.63.62 - - [04/Aug/2026:08:43:38 -0700] "GET /wp-admin/index.php HTTP/1.1" 200 7040 "https://www.salt.gov.jo/wp-login.php" "Mozilla/5.0 (Macintosh; Intel Mac OS X 10_15_7; rv:120.0) Gecko/20100101 Firefox/120.0" 2 **0/2804**
85.208.96.200 - - [04/Aug/2026:08:43:44 -0700] "GET /MERAHTOTO/advertising/All-Announcements HTTP/1.1" 404 6659 "-" "Mozilla/5.0 (compatible; SemrushBot/7~bl; +http://www.semrush.com/bot.html)" 72 **0/72078**
185.191.171.18 - - [04/Aug/2026:08:43:45 -0700] "GET /newtoto/employee/employee-services HTTP/1.1" 404 6659 "-" "Mozilla/5.0 (compatible; SemrushBot/7~bl; +http://www.semrush.com/bot.html)" 57 **0/57334**
185.191.171.10 - - [04/Aug/2026:08:43:46 -0700] "GET /ufa14k/advertising/Announcement/137 HTTP/1.1" 404 6659 "-" "Mozilla/5.0 (compatible; SemrushBot/7~bl; +http://www.semrush.com/bot.html)" 58 **0/58553**
185.191.171.10 - - [04/Aug/2026:08:43:46 -0700] "GET /parlay777/advertising/Announcement/50 HTTP/1.1" 404 6659 "-" "Mozilla/5.0 (compatible; SemrushBot/7~bl; +http://www.semrush.com/bot.html)" 57 **0/57233**
207.46.13.18 - - [04/Aug/2026:08:43:51 -0700] "GET /THOR89/About-Us/Organizational-Chart HTTP/2.0" 404 6659 "-" "Mozilla/5.0 AppleWebKit/537.36 (KHTML, like Gecko; compatible; bingbot/2.0; +http://www.bing.com/bingbot.htm) Chrome/116.0.1938.76 Safari/537.36" 68 **0/68327**
85.208.96.194 - - [04/Aug/2026:08:43:52 -0700] "GET /BOLA389/advertising/Announcement/120 HTTP/1.1" 404 6659 "-" "Mozilla/5.0 (compatible; SemrushBot/7~bl; +http://www.semrush.com/bot.html)" 57 **0/57868**
157.245.63.62 - - [04/Aug/2026:08:43:54 -0700] "GET /wp-admin/profile.php HTTP/1.1" 200 7042 "https://www.salt.gov.jo/wp-login.php" "Mozilla/5.0 (Macintosh; Intel Mac OS X 10_15_7; rv:120.0) Gecko/20100101 Firefox/120.0" 3 **0/3355**
40.77.167.123 - - [04/Aug/2026:08:43:56 -0700] "GET /WANGSIT88/advertising/Announcement/111 HTTP/2.0" 404 6659 "-" "Mozilla/5.0 AppleWebKit/537.36 (KHTML, like Gecko; compatible; bingbot/2.0; +http://www.bing.com/bingbot.htm) Chrome/116.0.1938.76 Safari/537.36" 68 **0/68314**
52.167.144.161 - - [04/Aug/2026:08:43:58 -0700] "GET /LAWAK899/Directorates/Municipal-Directorates-page/Legal%20Department HTTP/2.0" 404 6659 "-" "Mozilla/5.0 AppleWebKit/537.36 (KHTML, like Gecko; compatible; bingbot/2.0; +http://www.bing.com/bingbot.htm) Chrome/116.0.1938.76 Safari/537.36" 62 **0/62802**
52.167.144.161 - - [04/Aug/2026:08:43:58 -0700] "GET /DRAGON222/advertising/Announcement/77 HTTP/2.0" 404 6659 "-" "Mozilla/5.0 AppleWebKit/537.36 (KHTML, like Gecko; compatible; bingbot/2.0; +http://www.bing.com/bingbot.htm) Chrome/116.0.1938.76 Safari/537.36" 53 **0/53568**
43.172.195.25 - - [04/Aug/2026:08:43:58 -0700] "GET /show_news.php?id=1105 HTTP/1.1" 200 7085 "-" "Mozilla/5.0 (Windows NT 10.0; Win64; x64) AppleWebKit/537.36 (KHTML, like Gecko) Chrome/131.0.0.0 Safari/537.36" 4 **0/4616**
85.208.96.193 - - [04/Aug/2026:08:44:01 -0700] "GET /rajabo138/advertising/Announcement/144 HTTP/1.1" 404 6659 "-" "Mozilla/5.0 (compatible; SemrushBot/7~bl; +http://www.semrush.com/bot.html)" 75 **0/75423**
157.55.39.57 - - [04/Aug/2026:08:44:02 -0700] "GET /35786750.html/advertising/Announcement/168 HTTP/2.0" 404 6659 "-" "Mozilla/5.0 AppleWebKit/537.36 (KHTML, like Gecko; compatible; bingbot/2.0; +http://www.bing.com/bingbot.htm) Chrome/116.0.1938.76 Safari/537.36" 58 **0/58375**
207.46.13.124 - - [04/Aug/2026:08:44:02 -0700] "GET /AHLI123/advertising/Announcement/173 HTTP/2.0" 404 6659 "-" "Mozilla/5.0 AppleWebKit/537.36 (KHTML, like Gecko; compatible; bingbot/2.0; +http://www.bing.com/bingbot.htm) Chrome/116.0.1938.76 Safari/537.36" 53 **0/53752**
157.55.39.57 - - [04/Aug/2026:08:44:02 -0700] "GET /gogo777/advertising/Announcement/71 HTTP/2.0" 404 6659 "-" "Mozilla/5.0 AppleWebKit/537.36 (KHTML, like Gecko; compatible; bingbot/2.0; +http://www.bing.com/bingbot.htm) Chrome/116.0.1938.76 Safari/537.36" 54 **0/54887**
157.55.39.57 - - [04/Aug/2026:08:44:02 -0700] "GET /MEDUSA88/advertising/Announcement/121 HTTP/2.0" 404 6659 "-" "Mozilla/5.0 AppleWebKit/537.36 (KHTML, like Gecko; compatible; bingbot/2.0; +http://www.bing.com/bingbot.htm) Chrome/116.0.1938.76 Safari/537.36" 56 **0/56075**
157.55.39.57 - - [04/Aug/2026:08:44:02 -0700] "GET /neko789/advertising/Announcement/183 HTTP/2.0" 404 6659 "-" "Mozilla/5.0 AppleWebKit/537.36 (KHTML, like Gecko; compatible; bingbot/2.0; +http://www.bing.com/bingbot.htm) Chrome/116.0.1938.76 Safari/537.36" 51 **0/51841**
157.245.63.62 - - [04/Aug/2026:08:44:03 -0700] "GET /wp-admin/edit.php HTTP/1.1" 200 7082 "https://www.salt.gov.jo/wp-login.php" "Mozilla/5.0 (Macintosh; Intel Mac OS X 10_15_7; rv:120.0) Gecko/20100101 Firefox/120.0" 2 **0/2963**
157.55.39.57 - - [04/Aug/2026:08:44:03 -0700] "GET /ocean68/About-Us/Relation-Ship HTTP/2.0" 404 6659 "-" "Mozilla/5.0 AppleWebKit/537.36 (KHTML, like Gecko; compatible; bingbot/2.0; +http://www.bing.com/bingbot.htm) Chrome/116.0.1938.76 Safari/537.36" 86 **0/86302**
185.191.171.18 - - [04/Aug/2026:08:44:05 -0700] "GET /BOLAGG88/advertising/Announcement/40 HTTP/1.1" 404 6659 "-" "Mozilla/5.0 (compatible; SemrushBot/7~bl; +http://www.semrush.com/bot.html)" 51 **0/51967**
185.191.171.4 - - [04/Aug/2026:08:44:07 -0700] "GET /OK777/advertising/Announcement/16 HTTP/1.1" 404 6659 "-" "Mozilla/5.0 (compatible; SemrushBot/7~bl; +http://www.semrush.com/bot.html)" 68 **0/68151**
157.55.39.57 - - [04/Aug/2026:08:44:11 -0700] "GET /rajadewa55/advertising/Announcement/72 HTTP/2.0" 404 6659 "-" "Mozilla/5.0 AppleWebKit/537.36 (KHTML, like Gecko; compatible; bingbot/2.0; +http://www.bing.com/bingbot.htm) Chrome/116.0.1938.76 Safari/537.36" 71 **0/71666**
157.55.39.57 - - [04/Aug/2026:08:44:11 -0700] "GET /th8282/advertising/Announcement/127 HTTP/2.0" 404 6659 "-" "Mozilla/5.0 AppleWebKit/537.36 (KHTML, like Gecko; compatible; bingbot/2.0; +http://www.bing.com/bingbot.htm) Chrome/116.0.1938.76 Safari/537.36" 55 **0/55888**
157.55.39.57 - - [04/Aug/2026:08:44:11 -0700] "GET /JET777/advertising/ HTTP/2.0" 301 286 "-" "Mozilla/5.0 AppleWebKit/537.36 (KHTML, like Gecko; compatible; bingbot/2.0; +http://www.bing.com/bingbot.htm) Chrome/116.0.1938.76 Safari/537.36" 10 **0/10163**
157.245.63.62 - - [04/Aug/2026:08:44:14 -0700] "GET /wp-admin/plugins.php HTTP/1.1" 200 7016 "https://www.salt.gov.jo/wp-login.php" "Mozilla/5.0 (Macintosh; Intel Mac OS X 10_15_7; rv:120.0) Gecko/20100101 Firefox/120.0" 3 **0/3332**
57.141.18.37 - - [04/Aug/2026:08:44:15 -0700] "GET /news_sitemap.xml/advertising/Announcement/39 HTTP/2.0" 404 6659 "-" "Mozilla/5.0 (Windows NT 10.0; Win64; x64) AppleWebKit/537.36 (KHTML, like Gecko) Chrome/145.0.0.0 Safari/537.36 (compatible; meta-externalagent/1.1 (+https://developers.facebook.com/docs/sharing/webmasters/crawler))" 67 **0/67248**
207.46.13.18 - - [04/Aug/2026:08:44:15 -0700] "GET /hoki788/About-Us/ HTTP/2.0" 301 284 "-" "Mozilla/5.0 AppleWebKit/537.36 (KHTML, like Gecko; compatible; bingbot/2.0; +http://www.bing.com/bingbot.htm) Chrome/116.0.1938.76 Safari/537.36" 10 **0/10653**
52.167.144.161 - - [04/Aug/2026:08:44:20 -0700] "GET /ARENA678/advertising/Announcement/54 HTTP/2.0" 404 6659 "-" "Mozilla/5.0 AppleWebKit/537.36 (KHTML, like Gecko; compatible; bingbot/2.0; +http://www.bing.com/bingbot.htm) Chrome/116.0.1938.76 Safari/537.36" 70 **0/70129**
52.167.144.161 - - [04/Aug/2026:08:44:21 -0700] "GET /HAHA388/advertising/Announcement/17 HTTP/2.0" 404 6659 "-" "Mozilla/5.0 AppleWebKit/537.36 (KHTML, like Gecko; compatible; bingbot/2.0; +http://www.bing.com/bingbot.htm) Chrome/116.0.1938.76 Safari/537.36" 82 **0/82217**
52.167.144.161 - - [04/Aug/2026:08:44:21 -0700] "GET /popular77/About-Us/ HTTP/2.0" 301 286 "-" "Mozilla/5.0 AppleWebKit/537.36 (KHTML, like Gecko; compatible; bingbot/2.0; +http://www.bing.com/bingbot.htm) Chrome/116.0.1938.76 Safari/537.36" 9 **0/9786**
157.245.63.62 - - [04/Aug/2026:08:44:22 -0700] "POST /wp-login.php HTTP/1.1" 200 7080 "https://www.salt.gov.jo/wp-login.php" "Mozilla/5.0 (Macintosh; Intel Mac OS X 10_15_7) AppleWebKit/537.36 (KHTML, like Gecko) Chrome/118.0.0.0 Safari/537.36" 2 **0/2866**
85.208.96.203 - - [04/Aug/2026:08:44:24 -0700] "GET /ARWANA168/Salt-Area/area/Earaa%20Area HTTP/1.1" 404 6659 "-" "Mozilla/5.0 (compatible; SemrushBot/7~bl; +http://www.semrush.com/bot.html)" 71 **0/71175**
40.77.167.123 - - [04/Aug/2026:08:44:27 -0700] "GET /puas777/Tourism/Tourism-Of-Salt HTTP/2.0" 404 6659 "-" "Mozilla/5.0 AppleWebKit/537.36 (KHTML, like Gecko; compatible; bingbot/2.0; +http://www.bing.com/bingbot.htm) Chrome/116.0.1938.76 Safari/537.36" 67 **0/67475**
185.191.171.15 - - [04/Aug/2026:08:44:29 -0700] "GET /pug5555/advertising/Announcement/138 HTTP/1.1" 404 6659 "-" "Mozilla/5.0 (compatible; SemrushBot/7~bl; +http://www.semrush.com/bot.html)" 60 **0/60330**
157.245.63.62 - - [04/Aug/2026:08:44:35 -0700] "GET /wp-admin/index.php HTTP/1.1" 200 7100 "https://www.salt.gov.jo/wp-login.php" "Mozilla/5.0 (Windows NT 10.0; Win64; x64) AppleWebKit/537.36 (KHTML, like Gecko) Chrome/118.0.0.0 Safari/537.36" 3 **0/3737**
157.245.63.62 - - [04/Aug/2026:08:44:53 -0700] "GET /wp-admin/profile.php HTTP/1.1" 200 7086 "https://www.salt.gov.jo/wp-login.php" "Mozilla/5.0 (Windows NT 10.0; Win64; x64) AppleWebKit/537.36 (KHTML, like Gecko) Chrome/118.0.0.0 Safari/537.36" 3 **0/3336**
85.208.96.211 - - [04/Aug/2026:08:44:58 -0700] "GET /DEPO55/advertising/Circulars HTTP/1.1" 404 6659 "-" "Mozilla/5.0 (compatible; SemrushBot/7~bl; +http://www.semrush.com/bot.html)" 67 **0/67789**
185.191.171.12 - - [04/Aug/2026:08:45:00 -0700] "GET /safarijp/advertising/Announcement/71 HTTP/1.1" 404 6659 "-" "Mozilla/5.0 (compatible; SemrushBot/7~bl; +http://www.semrush.com/bot.html)" 61 **0/61954**
85.208.96.203 - - [04/Aug/2026:08:45:05 -0700] "GET /4djakarta/advertising/Announcement/136 HTTP/1.1" 404 6659 "-" "Mozilla/5.0 (compatible; SemrushBot/7~bl; +http://www.semrush.com/bot.html)" 68 **0/68205**
157.245.63.62 - - [04/Aug/2026:08:45:08 -0700] "GET /wp-admin/edit.php HTTP/1.1" 200 7143 "https://www.salt.gov.jo/wp-login.php" "Mozilla/5.0 (Windows NT 10.0; Win64; x64) AppleWebKit/537.36 (KHTML, like Gecko) Chrome/118.0.0.0 Safari/537.36" 3 **0/3403**
85.208.96.211 - - [04/Aug/2026:08:45:14 -0700] "GET /BO188/advertising/Announcement/200 HTTP/1.1" 404 6659 "-" "Mozilla/5.0 (compatible; SemrushBot/7~bl; +http://www.semrush.com/bot.html)" 71 **0/71586**
157.245.63.62 - - [04/Aug/2026:08:45:20 -0700] "GET /wp-admin/plugins.php HTTP/1.1" 200 6973 "https://www.salt.gov.jo/wp-login.php" "Mozilla/5.0 (Windows NT 10.0; Win64; x64) AppleWebKit/537.36 (KHTML, like Gecko) Chrome/118.0.0.0 Safari/537.36" 3 **0/3298**
85.208.96.205 - - [04/Aug/2026:08:45:22 -0700] "GET /vibes88/advertising/Announcement/160 HTTP/1.1" 404 6659 "-" "Mozilla/5.0 (compatible; SemrushBot/7~bl; +http://www.semrush.com/bot.html)" 66 **0/66706**
85.208.96.200 - - [04/Aug/2026:08:45:22 -0700] "GET /BEETOTO/advertising/Announcement/118 HTTP/1.1" 404 6659 "-" "Mozilla/5.0 (compatible; SemrushBot/7~bl; +http://www.semrush.com/bot.html)" 61 **0/61788**
185.191.171.11 - - [04/Aug/2026:08:45:28 -0700] "GET /BIRUTOTO/advertising/Announcement/184 HTTP/1.1" 404 6659 "-" "Mozilla/5.0 (compatible; SemrushBot/7~bl; +http://www.semrush.com/bot.html)" 68 **0/68377**
157.245.63.62 - - [04/Aug/2026:08:45:30 -0700] "POST /wp-login.php HTTP/1.1" 200 7025 "https://www.salt.gov.jo/wp-login.php" "Mozilla/5.0 (Macintosh; Intel Mac OS X 10_15_7; rv:120.0) Gecko/20100101 Firefox/120.0" 3 **0/3001**
85.208.96.210 - - [04/Aug/2026:08:45:33 -0700] "GET /?history=CANDY99 HTTP/1.1" 302 398 "-" "Mozilla/5.0 (compatible; SemrushBot/7~bl; +http://www.semrush.com/bot.html)" 75 **0/75150**
185.191.171.17 - - [04/Aug/2026:08:45:35 -0700] "GET /ar?history=CANDY99 HTTP/1.1" 200 13616 "-" "Mozilla/5.0 (compatible; SemrushBot/7~bl; +http://www.semrush.com/bot.html)" 86 **0/86066**
85.208.96.198 - - [04/Aug/2026:08:45:35 -0700] "GET /BELUTWIN/advertising/Announcement/25 HTTP/1.1" 404 6659 "-" "Mozilla/5.0 (compatible; SemrushBot/7~bl; +http://www.semrush.com/bot.html)" 57 **0/57367**
157.245.63.62 - - [04/Aug/2026:08:45:39 -0700] "GET /wp-admin/index.php HTTP/1.1" 200 7130 "https://www.salt.gov.jo/wp-login.php" "Mozilla/5.0 (Windows NT 11.0; Win64; x64; rv:119.0) Gecko/20100101 Firefox/119.0" 2 **0/2996**
85.208.96.196 - - [04/Aug/2026:08:45:45 -0700] "GET /BOLA228/advertising/Announcement/137 HTTP/1.1" 404 6659 "-" "Mozilla/5.0 (compatible; SemrushBot/7~bl; +http://www.semrush.com/bot.html)" 70 **0/70783**
157.245.63.62 - - [04/Aug/2026:08:45:47 -0700] "GET /wp-admin/profile.php HTTP/1.1" 200 7102 "https://www.salt.gov.jo/wp-login.php" "Mozilla/5.0 (Windows NT 11.0; Win64; x64; rv:119.0) Gecko/20100101 Firefox/119.0" 3 **0/3509**
85.208.96.200 - - [04/Aug/2026:08:45:50 -0700] "GET /BOSKODE/advertising/Announcement/158 HTTP/1.1" 404 6659 "-" "Mozilla/5.0 (compatible; SemrushBot/7~bl; +http://www.semrush.com/bot.html)" 79 **0/79793**
207.46.13.18 - - [04/Aug/2026:08:45:52 -0700] "GET /NAGAAIR88/Directorates/Municipal-Directorates HTTP/2.0" 404 6659 "-" "Mozilla/5.0 AppleWebKit/537.36 (KHTML, like Gecko; compatible; bingbot/2.0; +http://www.bing.com/bingbot.htm) Chrome/116.0.1938.76 Safari/537.36" 59 **0/59736**
68.67.112.15 - - [04/Aug/2026:08:45:54 -0700] "GET /ufarider/importent-Link HTTP/1.1" 404 6659 "-" "Mozilla/5.0 AppleWebKit/537.36 (KHTML, like Gecko; compatible; YouBot/1.0; +https://docs.you.com/youbot; env:prod) Chrome/142.0.0.0 Safari/537.36" 66 **0/66854**
185.191.171.14 - - [04/Aug/2026:08:45:56 -0700] "GET /BONEKA88/advertising/Announcement/166 HTTP/1.1" 404 6659 "-" "Mozilla/5.0 (compatible; SemrushBot/7~bl; +http://www.semrush.com/bot.html)" 58 **0/58686**
157.245.63.62 - - [04/Aug/2026:08:45:56 -0700] "GET /wp-admin/edit.php HTTP/1.1" 200 7059 "https://www.salt.gov.jo/wp-login.php" "Mozilla/5.0 (Windows NT 11.0; Win64; x64; rv:119.0) Gecko/20100101 Firefox/119.0" 2 **0/2876**
185.191.171.11 - - [04/Aug/2026:08:46:03 -0700] "GET /BIGDEWA/advertising/Announcement/33 HTTP/1.1" 404 6659 "-" "Mozilla/5.0 (compatible; SemrushBot/7~bl; +http://www.semrush.com/bot.html)" 78 **0/78475**
207.46.13.18 - - [04/Aug/2026:08:46:04 -0700] "GET /RTP777/advertising/Announcement/185 HTTP/2.0" 404 6659 "-" "Mozilla/5.0 AppleWebKit/537.36 (KHTML, like Gecko; compatible; bingbot/2.0; +http://www.bing.com/bingbot.htm) Chrome/116.0.1938.76 Safari/537.36" 55 **0/55426**
85.208.96.198 - - [04/Aug/2026:08:46:04 -0700] "GET /BIDADARI22/advertising/Announcement/12 HTTP/1.1" 404 6659 "-" "Mozilla/5.0 (compatible; SemrushBot/7~bl; +http://www.semrush.com/bot.html)" 55 **0/55119**
157.245.63.62 - - [04/Aug/2026:08:46:06 -0700] "GET /wp-admin/plugins.php HTTP/1.1" 200 6981 "https://www.salt.gov.jo/wp-login.php" "Mozilla/5.0 (Windows NT 11.0; Win64; x64; rv:119.0) Gecko/20100101 Firefox/119.0" 3 **0/3448**
207.46.13.18 - - [04/Aug/2026:08:46:06 -0700] "GET /LAE138/Directorates/Initiatives-And-Events/15 HTTP/2.0" 404 6659 "-" "Mozilla/5.0 AppleWebKit/537.36 (KHTML, like Gecko; compatible; bingbot/2.0; +http://www.bing.com/bingbot.htm) Chrome/116.0.1938.76 Safari/537.36" 73 **0/73771**
52.167.144.161 - - [04/Aug/2026:08:46:09 -0700] "GET /OPELGAMING/advertising/Announcement/160 HTTP/2.0" 404 6659 "-" "Mozilla/5.0 AppleWebKit/537.36 (KHTML, like Gecko; compatible; bingbot/2.0; +http://www.bing.com/bingbot.htm) Chrome/116.0.1938.76 Safari/537.36" 74 **0/74134**
52.167.144.161 - - [04/Aug/2026:08:46:09 -0700] "GET /selingkuhbet/advertising/Announcement/199 HTTP/2.0" 404 6659 "-" "Mozilla/5.0 AppleWebKit/537.36 (KHTML, like Gecko; compatible; bingbot/2.0; +http://www.bing.com/bingbot.htm) Chrome/116.0.1938.76 Safari/537.36" 63 **0/63873**
52.167.144.161 - - [04/Aug/2026:08:46:09 -0700] "GET /bela88/Directorates/Municipal-Directorates-page/Public%20Relations%20Directorate HTTP/2.0" 404 6659 "-" "Mozilla/5.0 AppleWebKit/537.36 (KHTML, like Gecko; compatible; bingbot/2.0; +http://www.bing.com/bingbot.htm) Chrome/116.0.1938.76 Safari/537.36" 65 **0/65498**
52.167.144.161 - - [04/Aug/2026:08:46:09 -0700] "GET /ufamvp999/Directorates/Initiatives-And-Events HTTP/2.0" 404 6659 "-" "Mozilla/5.0 AppleWebKit/537.36 (KHTML, like Gecko; compatible; bingbot/2.0; +http://www.bing.com/bingbot.htm) Chrome/116.0.1938.76 Safari/537.36" 57 **0/57937**
52.167.144.161 - - [04/Aug/2026:08:46:09 -0700] "GET /putra123/advertising/Announcement/163 HTTP/2.0" 404 6659 "-" "Mozilla/5.0 AppleWebKit/537.36 (KHTML, like Gecko; compatible; bingbot/2.0; +http://www.bing.com/bingbot.htm) Chrome/116.0.1938.76 Safari/537.36" 76 **0/76868**
157.55.39.57 - - [04/Aug/2026:08:46:13 -0700] "GET /mitoswin/advertising/Announcement/45 HTTP/2.0" 404 6659 "-" "Mozilla/5.0 AppleWebKit/537.36 (KHTML, like Gecko; compatible; bingbot/2.0; +http://www.bing.com/bingbot.htm) Chrome/116.0.1938.76 Safari/537.36" 66 **0/66286**
157.245.63.62 - - [04/Aug/2026:08:46:15 -0700] "POST /wp-login.php HTTP/1.1" 200 7076 "https://www.salt.gov.jo/wp-login.php" "Mozilla/5.0 (Macintosh; Intel Mac OS X 10_15_7) AppleWebKit/537.36 (KHTML, like Gecko) Chrome/118.0.0.0 Safari/537.36" 3 **0/3942**
52.167.144.161 - - [04/Aug/2026:08:46:18 -0700] "GET /hati999/advertising/Announcement/87 HTTP/2.0" 404 6659 "-" "Mozilla/5.0 AppleWebKit/537.36 (KHTML, like Gecko; compatible; bingbot/2.0; +http://www.bing.com/bingbot.htm) Chrome/116.0.1938.76 Safari/537.36" 80 **0/80892**
52.167.144.161 - - [04/Aug/2026:08:46:18 -0700] "GET /rotal9999/advertising/Announcement/62 HTTP/2.0" 404 6659 "-" "Mozilla/5.0 AppleWebKit/537.36 (KHTML, like Gecko; compatible; bingbot/2.0; +http://www.bing.com/bingbot.htm) Chrome/116.0.1938.76 Safari/537.36" 56 **0/56011**
52.167.144.161 - - [04/Aug/2026:08:46:18 -0700] "GET /formula99/Services/9 HTTP/2.0" 404 6659 "-" "Mozilla/5.0 AppleWebKit/537.36 (KHTML, like Gecko; compatible; bingbot/2.0; +http://www.bing.com/bingbot.htm) Chrome/116.0.1938.76 Safari/537.36" 98 **0/98610**
52.167.144.161 - - [04/Aug/2026:08:46:18 -0700] "GET /jutawan777/advertising/Announcement/48 HTTP/2.0" 404 6659 "-" "Mozilla/5.0 AppleWebKit/537.36 (KHTML, like Gecko; compatible; bingbot/2.0; +http://www.bing.com/bingbot.htm) Chrome/116.0.1938.76 Safari/537.36" 51 **0/51208**
52.167.144.161 - - [04/Aug/2026:08:46:19 -0700] "GET /DANA188/advertising/Announcement/182 HTTP/2.0" 404 6659 "-" "Mozilla/5.0 AppleWebKit/537.36 (KHTML, like Gecko; compatible; bingbot/2.0; +http://www.bing.com/bingbot.htm) Chrome/116.0.1938.76 Safari/537.36" 58 **0/58021**
157.55.39.57 - - [04/Aug/2026:08:46:21 -0700] "GET /BIMOIN88/About-Us/ HTTP/2.0" 301 285 "-" "Mozilla/5.0 AppleWebKit/537.36 (KHTML, like Gecko; compatible; bingbot/2.0; +http://www.bing.com/bingbot.htm) Chrome/116.0.1938.76 Safari/537.36" 9 **0/9913**
185.191.171.17 - - [04/Aug/2026:08:46:21 -0700] "GET /rajampo138/advertising/Announcement/32 HTTP/1.1" 404 6659 "-" "Mozilla/5.0 (compatible; SemrushBot/7~bl; +http://www.semrush.com/bot.html)" 77 **0/77359**
157.245.63.62 - - [04/Aug/2026:08:46:23 -0700] "GET /wp-admin/index.php HTTP/1.1" 200 7084 "https://www.salt.gov.jo/wp-login.php" "Mozilla/5.0 (Macintosh; Intel Mac OS X 10_15_7) AppleWebKit/537.36 (KHTML, like Gecko) Chrome/121.0.0.0 Safari/537.36" 3 **0/3169**
207.46.13.18 - - [04/Aug/2026:08:46:23 -0700] "GET /categoryindex/a/ HTTP/2.0" 301 283 "-" "Mozilla/5.0 AppleWebKit/537.36 (KHTML, like Gecko; compatible; bingbot/2.0; +http://www.bing.com/bingbot.htm) Chrome/116.0.1938.76 Safari/537.36" 9 **0/9413**
207.46.13.18 - - [04/Aug/2026:08:46:24 -0700] "GET /ALFA888/Contact-Us/Complaints-Or-Suggestion HTTP/2.0" 404 6659 "-" "Mozilla/5.0 AppleWebKit/537.36 (KHTML, like Gecko; compatible; bingbot/2.0; +http://www.bing.com/bingbot.htm) Chrome/116.0.1938.76 Safari/537.36" 71 **0/71730**
207.46.13.18 - - [04/Aug/2026:08:46:25 -0700] "GET /ford88/advertising/Announcement/124 HTTP/2.0" 404 6659 "-" "Mozilla/5.0 AppleWebKit/537.36 (KHTML, like Gecko; compatible; bingbot/2.0; +http://www.bing.com/bingbot.htm) Chrome/116.0.1938.76 Safari/537.36" 56 **0/56005**
207.46.13.18 - - [04/Aug/2026:08:46:27 -0700] "GET /padi55/advertising/ HTTP/2.0" 301 286 "-" "Mozilla/5.0 AppleWebKit/537.36 (KHTML, like Gecko; compatible; bingbot/2.0; +http://www.bing.com/bingbot.htm) Chrome/116.0.1938.76 Safari/537.36" 9 **0/9126**
52.167.144.161 - - [04/Aug/2026:08:46:28 -0700] "GET /46011104.html/Contact-Us/Complaints-Or-Suggestion HTTP/2.0" 404 6659 "-" "Mozilla/5.0 AppleWebKit/537.36 (KHTML, like Gecko; compatible; bingbot/2.0; +http://www.bing.com/bingbot.htm) Chrome/116.0.1938.76 Safari/537.36" 69 **0/69223**
52.167.144.161 - - [04/Aug/2026:08:46:28 -0700] "GET /gameinter88/Directorates/Initiatives-And-Events/14 HTTP/2.0" 404 6659 "-" "Mozilla/5.0 AppleWebKit/537.36 (KHTML, like Gecko; compatible; bingbot/2.0; +http://www.bing.com/bingbot.htm) Chrome/116.0.1938.76 Safari/537.36" 63 **0/63814**
52.167.144.161 - - [04/Aug/2026:08:46:28 -0700] "GET /ARGAMING/advertising/Announcement/145 HTTP/2.0" 404 6659 "-" "Mozilla/5.0 AppleWebKit/537.36 (KHTML, like Gecko; compatible; bingbot/2.0; +http://www.bing.com/bingbot.htm) Chrome/116.0.1938.76 Safari/537.36" 60 **0/60425**
52.167.144.161 - - [04/Aug/2026:08:46:29 -0700] "GET /dayak888/About-Us/ HTTP/2.0" 301 285 "-" "Mozilla/5.0 AppleWebKit/537.36 (KHTML, like Gecko; compatible; bingbot/2.0; +http://www.bing.com/bingbot.htm) Chrome/116.0.1938.76 Safari/537.36" 8 **0/8897**
207.46.13.18 - - [04/Aug/2026:08:46:29 -0700] "GET /rajadewa55/advertising/Announcement/91 HTTP/2.0" 404 6659 "-" "Mozilla/5.0 AppleWebKit/537.36 (KHTML, like Gecko; compatible; bingbot/2.0; +http://www.bing.com/bingbot.htm) Chrome/116.0.1938.76 Safari/537.36" 54 **0/54737**
185.191.171.9 - - [04/Aug/2026:08:46:30 -0700] "GET /HIT77/advertising/Announcement/96 HTTP/1.1" 404 6659 "-" "Mozilla/5.0 (compatible; SemrushBot/7~bl; +http://www.semrush.com/bot.html)" 58 **0/58482**
85.208.96.198 - - [04/Aug/2026:08:46:31 -0700] "GET /MAWAR189/Services/8 HTTP/1.1" 404 6659 "-" "Mozilla/5.0 (compatible; SemrushBot/7~bl; +http://www.semrush.com/bot.html)" 67 **0/67335**
157.245.63.62 - - [04/Aug/2026:08:46:32 -0700] "GET /wp-admin/profile.php HTTP/1.1" 200 7000 "https://www.salt.gov.jo/wp-login.php" "Mozilla/5.0 (Macintosh; Intel Mac OS X 10_15_7) AppleWebKit/537.36 (KHTML, like Gecko) Chrome/121.0.0.0 Safari/537.36" 3 **0/3617**
157.55.39.57 - - [04/Aug/2026:08:46:33 -0700] "GET /hati999/advertising/Announcement/26 HTTP/2.0" 404 6659 "-" "Mozilla/5.0 AppleWebKit/537.36 (KHTML, like Gecko; compatible; bingbot/2.0; +http://www.bing.com/bingbot.htm) Chrome/116.0.1938.76 Safari/537.36" 89 **0/89326**
157.55.39.57 - - [04/Aug/2026:08:46:33 -0700] "GET /DEWA808/advertising/Announcement/175 HTTP/2.0" 404 6659 "-" "Mozilla/5.0 AppleWebKit/537.36 (KHTML, like Gecko; compatible; bingbot/2.0; +http://www.bing.com/bingbot.htm) Chrome/116.0.1938.76 Safari/537.36" 56 **0/56638**
157.55.39.57 - - [04/Aug/2026:08:46:33 -0700] "GET /KOMBO88/advertising/Announcement/59 HTTP/2.0" 404 6659 "-" "Mozilla/5.0 AppleWebKit/537.36 (KHTML, like Gecko; compatible; bingbot/2.0; +http://www.bing.com/bingbot.htm) Chrome/116.0.1938.76 Safari/537.36" 63 **0/63293**
185.191.171.9 - - [04/Aug/2026:08:46:36 -0700] "GET /ufanew/advertising/All-Announcements HTTP/1.1" 404 6659 "-" "Mozilla/5.0 (compatible; SemrushBot/7~bl; +http://www.semrush.com/bot.html)" 68 **0/68882**
85.208.96.197 - - [04/Aug/2026:08:46:38 -0700] "GET /sp777/Services/8 HTTP/1.1" 404 6659 "-" "Mozilla/5.0 (compatible; SemrushBot/7~bl; +http://www.semrush.com/bot.html)" 56 **0/56423**
157.245.63.62 - - [04/Aug/2026:08:46:40 -0700] "GET /wp-admin/edit.php HTTP/1.1" 200 7028 "https://www.salt.gov.jo/wp-login.php" "Mozilla/5.0 (Macintosh; Intel Mac OS X 10_15_7) AppleWebKit/537.36 (KHTML, like Gecko) Chrome/121.0.0.0 Safari/537.36" 3 **0/3726**
185.191.171.16 - - [04/Aug/2026:08:46:42 -0700] "GET /BENDRA138/advertising/Announcement/111 HTTP/1.1" 404 6659 "-" "Mozilla/5.0 (compatible; SemrushBot/7~bl; +http://www.semrush.com/bot.html)" 72 **0/72614**
207.46.13.18 - - [04/Aug/2026:08:46:43 -0700] "GET /TOPCER33/advertising/ HTTP/2.0" 301 288 "-" "Mozilla/5.0 AppleWebKit/537.36 (KHTML, like Gecko; compatible; bingbot/2.0; +http://www.bing.com/bingbot.htm) Chrome/116.0.1938.76 Safari/537.36" 10 **0/10658**
207.46.13.18 - - [04/Aug/2026:08:46:43 -0700] "GET /pragmatic128/advertising/Announcement/109 HTTP/2.0" 404 6659 "-" "Mozilla/5.0 AppleWebKit/537.36 (KHTML, like Gecko; compatible; bingbot/2.0; +http://www.bing.com/bingbot.htm) Chrome/116.0.1938.76 Safari/537.36" 55 **0/55420**
207.46.13.18 - - [04/Aug/2026:08:46:43 -0700] "GET /d55/Salt-Area HTTP/2.0" 404 6659 "-" "Mozilla/5.0 AppleWebKit/537.36 (KHTML, like Gecko; compatible; bingbot/2.0; +http://www.bing.com/bingbot.htm) Chrome/116.0.1938.76 Safari/537.36" 60 **0/60969**
185.191.171.12 - - [04/Aug/2026:08:46:48 -0700] "GET /rusia77/advertising/Announcement/110 HTTP/1.1" 404 6659 "-" "Mozilla/5.0 (compatible; SemrushBot/7~bl; +http://www.semrush.com/bot.html)" 68 **0/68647**
157.245.63.62 - - [04/Aug/2026:08:46:49 -0700] "GET /wp-admin/plugins.php HTTP/1.1" 200 7061 "https://www.salt.gov.jo/wp-login.php" "Mozilla/5.0 (Macintosh; Intel Mac OS X 10_15_7) AppleWebKit/537.36 (KHTML, like Gecko) Chrome/121.0.0.0 Safari/537.36" 3 **0/3751**
57.141.18.37 - - [04/Aug/2026:08:46:56 -0700] "GET /sitemap-index.xml/advertising/Announcement/108 HTTP/2.0" 404 6659 "-" "Mozilla/5.0 (Windows NT 10.0; Win64; x64) AppleWebKit/537.36 (KHTML, like Gecko) Chrome/145.0.0.0 Safari/537.36 (compatible; meta-externalagent/1.1 (+https://developers.facebook.com/docs/sharing/webmasters/crawler))" 65 **0/65633**
157.245.63.62 - - [04/Aug/2026:08:46:58 -0700] "POST /wp-login.php HTTP/1.1" 200 7107 "https://www.salt.gov.jo/wp-login.php" "Mozilla/5.0 (X11; Linux x86_64) AppleWebKit/537.36 (KHTML, like Gecko) Chrome/121.0.0.0 Safari/537.36" 7 **0/7933**
85.208.96.210 - - [04/Aug/2026:08:47:01 -0700] "GET /candi4d/advertising/Bid/3 HTTP/1.1" 404 6659 "-" "Mozilla/5.0 (compatible; SemrushBot/7~bl; +http://www.semrush.com/bot.html)" 80 **0/80877**
185.191.171.16 - - [04/Aug/2026:08:47:07 -0700] "GET /en?history=ACE88 HTTP/1.1" 200 13345 "-" "Mozilla/5.0 (compatible; SemrushBot/7~bl; +http://www.semrush.com/bot.html)" 106 **0/106407**
157.245.63.62 - - [04/Aug/2026:08:47:08 -0700] "GET /wp-admin/index.php HTTP/1.1" 200 7054 "https://www.salt.gov.jo/wp-login.php" "Mozilla/5.0 (Windows NT 11.0; Win64; x64) AppleWebKit/537.36 (KHTML, like Gecko) Chrome/121.0.0.0 Safari/537.36" 4 **0/4191**
85.208.96.210 - - [04/Aug/2026:08:47:12 -0700] "GET /ABOT88/Knowledge HTTP/1.1" 404 6659 "-" "Mozilla/5.0 (compatible; SemrushBot/7~bl; +http://www.semrush.com/bot.html)" 69 **0/69497**
85.208.96.200 - - [04/Aug/2026:08:47:14 -0700] "GET /BOLAXX/advertising/Announcement/114 HTTP/1.1" 404 6659 "-" "Mozilla/5.0 (compatible; SemrushBot/7~bl; +http://www.semrush.com/bot.html)" 70 **0/70378**
85.208.96.208 - - [04/Aug/2026:08:47:14 -0700] "GET /takohoki168/Services HTTP/1.1" 404 6659 "-" "Mozilla/5.0 (compatible; SemrushBot/7~bl; +http://www.semrush.com/bot.html)" 58 **0/58450**
157.245.63.62 - - [04/Aug/2026:08:47:16 -0700] "GET /wp-admin/profile.php HTTP/1.1" 200 7067 "https://www.salt.gov.jo/wp-login.php" "Mozilla/5.0 (Windows NT 11.0; Win64; x64) AppleWebKit/537.36 (KHTML, like Gecko) Chrome/121.0.0.0 Safari/537.36" 3 **0/3325**
85.208.96.200 - - [04/Aug/2026:08:47:16 -0700] "GET /saham69/advertising/Announcement/64 HTTP/1.1" 404 6659 "-" "Mozilla/5.0 (compatible; SemrushBot/7~bl; +http://www.semrush.com/bot.html)" 71 **0/71548**
157.245.63.62 - - [04/Aug/2026:08:47:24 -0700] "GET /wp-admin/edit.php HTTP/1.1" 200 7068 "https://www.salt.gov.jo/wp-login.php" "Mozilla/5.0 (Windows NT 11.0; Win64; x64) AppleWebKit/537.36 (KHTML, like Gecko) Chrome/121.0.0.0 Safari/537.36" 3 **0/3790**
157.245.63.62 - - [04/Aug/2026:08:47:32 -0700] "GET /wp-admin/plugins.php HTTP/1.1" 200 6975 "https://www.salt.gov.jo/wp-login.php" "Mozilla/5.0 (Windows NT 11.0; Win64; x64) AppleWebKit/537.36 (KHTML, like Gecko) Chrome/121.0.0.0 Safari/537.36" 3 **0/3343**
85.208.96.193 - - [04/Aug/2026:08:47:33 -0700] "GET /BOLA81/advertising/Announcement/155 HTTP/1.1" 404 6659 "-" "Mozilla/5.0 (compatible; SemrushBot/7~bl; +http://www.semrush.com/bot.html)" 83 **0/83007**
85.208.96.197 - - [04/Aug/2026:08:47:36 -0700] "GET /pstoto69/advertising/Announcement/168 HTTP/1.1" 404 6659 "-" "Mozilla/5.0 (compatible; SemrushBot/7~bl; +http://www.semrush.com/bot.html)" 73 **0/73252**
157.245.63.62 - - [04/Aug/2026:08:47:40 -0700] "POST /wp-login.php HTTP/1.1" 200 7051 "https://www.salt.gov.jo/wp-login.php" "Mozilla/5.0 (Macintosh; Intel Mac OS X 13_6_1) AppleWebKit/605.1.15 (KHTML, like Gecko) Version/17.0 Safari/605.1.15" 3 **0/3958**
185.191.171.11 - - [04/Aug/2026:08:47:47 -0700] "GET /odin928/advertising/Announcement/9 HTTP/1.1" 404 6659 "-" "Mozilla/5.0 (compatible; SemrushBot/7~bl; +http://www.semrush.com/bot.html)" 78 **0/78685**
157.245.63.62 - - [04/Aug/2026:08:47:48 -0700] "GET /wp-admin/index.php HTTP/1.1" 200 7094 "https://www.salt.gov.jo/wp-login.php" "Mozilla/5.0 (X11; Linux x86_64) AppleWebKit/537.36 (KHTML, like Gecko) Chrome/118.0.0.0 Safari/537.36" 3 **0/3972**
185.191.171.16 - - [04/Aug/2026:08:47:50 -0700] "GET /55legacy/advertising/Announcement/120 HTTP/1.1" 404 6659 "-" "Mozilla/5.0 (compatible; SemrushBot/7~bl; +http://www.semrush.com/bot.html)" 62 **0/62871**
157.245.63.62 - - [04/Aug/2026:08:47:56 -0700] "GET /wp-admin/profile.php HTTP/1.1" 200 7127 "https://www.salt.gov.jo/wp-login.php" "Mozilla/5.0 (X11; Linux x86_64) AppleWebKit/537.36 (KHTML, like Gecko) Chrome/118.0.0.0 Safari/537.36" 3 **0/3154**
85.208.96.197 - - [04/Aug/2026:08:48:01 -0700] "GET /ADUJP/advertising/Announcement/82 HTTP/1.1" 404 6659 "-" "Mozilla/5.0 (compatible; SemrushBot/7~bl; +http://www.semrush.com/bot.html)" 98 **0/98287**
85.208.96.207 - - [04/Aug/2026:08:48:02 -0700] "GET /400bet/advertising/Announcement/58 HTTP/1.1" 404 6659 "-" "Mozilla/5.0 (compatible; SemrushBot/7~bl; +http://www.semrush.com/bot.html)" 64 **0/64151**
185.191.171.18 - - [04/Aug/2026:08:48:03 -0700] "GET /BOCA777/advertising/Announcement/182 HTTP/1.1" 404 6659 "-" "Mozilla/5.0 (compatible; SemrushBot/7~bl; +http://www.semrush.com/bot.html)" 60 **0/60396**
