52.167.144.213 - - [05/Aug/2026:11:53:39 -0700] "GET /en/news/%D8%A7%D9%84%D8%AD%D8%AF%D9%8A%D8%AF%D9%8A-%D9%8A%D9%84%D8%AA%D9%82%D9%8A-%D9%88%D8%B2%D9%8A%D8%B1-%D8%A7%D9%84%D8%B4%D8%A8%D8%A7%D8%A8-%D9%88%D8%A7%D9%84%D8%B1%D9%8A%D8%A7%D8%B6%D8%A9-%D8%A7%D9%84%D8%B9%D8%B1%D8%A7%D9%82%D9%8A-%D8%A3%D8%AD%D9%85%D8%AF-%D8%A7%D9%84%D9%85%D8%A8%D8%B1%D9%82%D8%B9-%D9%88%D8%B1%D8%A6%D9%8A%D8%B3-%D8%A7%D9%84%D9%84%D8%AC%D9%86%D8%A9-%D8%A7%D9%84%D8%A3%D9%88%D9%84%D9%85%D8%A8%D9%8A%D8%A9-%D8%A7%D9%84%D8%B9%D8%B1%D8%A7%D9%82%D9%8A%D8%A9-%D8%B1%D8%B9%D8%AF-%D8%AD%D9%85%D9%88%D8%AF%D9%8A-%D9%84%D9%85%D9%86%D8%A7%D9%82%D8%B4%D8%A9-%D9%85%D9%84%D9%81-%D9%85%D9%83%D8%A7%D9%81%D8%AD%D8%A9-%D8%A7%D9%84%D9%85%D9%86%D8%B4%D8%B7%D8%A7%D8%AA HTTP/1.1" 404 6603 "-" "Mozilla/5.0 AppleWebKit/537.36 (KHTML, like Gecko; compatible; bingbot/2.0; +http://www.bing.com/bingbot.htm) Chrome/116.0.1938.76 Safari/537.36" 65 **0/65914**
144.76.32.120 - - [05/Aug/2026:11:53:40 -0700] "GET /en/news/Part-of-the-community-service-lecture-held-by-the-Jordan-Anti-Doping-Organization HTTP/1.1" 200 7194 "-" "Mozilla/5.0 (compatible; SERankingBacklinksBot/1.0; +https://seranking.com/backlinks-crawler)" 3 **0/3655**
216.244.66.248 - - [05/Aug/2026:11:54:14 -0700] "GET /robots.txt HTTP/1.1" 404 6603 "-" "Mozilla/5.0 (compatible; DotBot/1.2; +https://opensiteexplorer.org/dotbot; help@moz.com)" 64 **0/64664**
216.244.66.248 - - [05/Aug/2026:11:54:14 -0700] "GET /robots.txt HTTP/1.1" 404 6603 "-" "Mozilla/5.0 (compatible; DotBot/1.2; +https://opensiteexplorer.org/dotbot; help@moz.com)" 55 **0/55970**
144.76.32.120 - - [05/Aug/2026:11:54:43 -0700] "GET /ar/news?page=8 HTTP/1.1" 200 7081 "-" "Mozilla/5.0 (compatible; SERankingBacklinksBot/1.0; +https://seranking.com/backlinks-crawler)" 2 **0/2800**
216.244.66.248 - - [05/Aug/2026:11:56:47 -0700] "GET /en/gallery/image HTTP/1.1" 200 33089 "-" "Mozilla/5.0 (compatible; DotBot/1.2; +https://opensiteexplorer.org/dotbot; help@moz.com)" 70 **0/70947**
144.76.32.120 - - [05/Aug/2026:11:56:52 -0700] "GET /ar/news?page=9 HTTP/1.1" 200 7034 "-" "Mozilla/5.0 (compatible; SERankingBacklinksBot/1.0; +https://seranking.com/backlinks-crawler)" 3 **0/3123**
216.244.66.248 - - [05/Aug/2026:11:56:52 -0700] "GET /en/resources?page=1 HTTP/1.1" 200 29925 "-" "Mozilla/5.0 (compatible; DotBot/1.2; +https://opensiteexplorer.org/dotbot; help@moz.com)" 64 **0/64057**
144.76.32.120 - - [05/Aug/2026:12:00:03 -0700] "GET /en/news/Part-of-the-training-course-convene-by-the-West-Asia-Regional-Anti-Doping-Organization HTTP/1.1" 200 7128 "-" "Mozilla/5.0 (compatible; SERankingBacklinksBot/1.0; +https://seranking.com/backlinks-crawler)" 5 **0/5510**
144.76.32.120 - - [05/Aug/2026:12:01:08 -0700] "GET /en/about/jado HTTP/1.1" 200 7032 "-" "Mozilla/5.0 (compatible; SERankingBacklinksBot/1.0; +https://seranking.com/backlinks-crawler)" 3 **0/3434**
144.76.32.120 - - [05/Aug/2026:12:04:25 -0700] "GET /en/news/The-Jordan-Anti-Doping-Organization,-in-cooperation-with-the-Jordan-Football-Association HTTP/1.1" 200 7126 "-" "Mozilla/5.0 (compatible; SERankingBacklinksBot/1.0; +https://seranking.com/backlinks-crawler)" 3 **0/3606**
144.76.32.120 - - [05/Aug/2026:12:07:41 -0700] "GET /en/about/wada HTTP/1.1" 200 7076 "-" "Mozilla/5.0 (compatible; SERankingBacklinksBot/1.0; +https://seranking.com/backlinks-crawler)" 3 **0/3027**
144.76.32.120 - - [05/Aug/2026:12:08:46 -0700] "GET /en/news/The-Jordan-Anti-Doping-Organization,-in-cooperation-with-the-Jordan-Taekwondo-Federation HTTP/1.1" 200 7137 "-" "Mozilla/5.0 (compatible; SERankingBacklinksBot/1.0; +https://seranking.com/backlinks-crawler)" 3 **0/3801**
144.76.32.120 - - [05/Aug/2026:12:09:50 -0700] "GET /en/news?page=2 HTTP/1.1" 200 7005 "-" "Mozilla/5.0 (compatible; SERankingBacklinksBot/1.0; +https://seranking.com/backlinks-crawler)" 3 **0/3813**
144.76.32.120 - - [05/Aug/2026:12:13:06 -0700] "GET /en/news/The-Jordan-Anti-Doping-Organization-convenes-a-course-entitled-%22Doping-Control-Officers%22 HTTP/1.1" 200 7052 "-" "Mozilla/5.0 (compatible; SERankingBacklinksBot/1.0; +https://seranking.com/backlinks-crawler)" 3 **0/3580**
144.76.32.120 - - [05/Aug/2026:12:14:09 -0700] "GET /en/news?page=3 HTTP/1.1" 200 7020 "-" "Mozilla/5.0 (compatible; SERankingBacklinksBot/1.0; +https://seranking.com/backlinks-crawler)" 3 **0/3288**
216.244.66.248 - - [05/Aug/2026:12:15:10 -0700] "GET /index.php/en/news/The-Jordan-Anti-Doping-Organization,-in-cooperation-with-the-Jordan-Football-Association HTTP/1.1" 200 16848 "-" "Mozilla/5.0 (compatible; DotBot/1.2; +https://opensiteexplorer.org/dotbot; help@moz.com)" 87 **0/87821**
144.76.32.120 - - [05/Aug/2026:12:15:16 -0700] "GET /en/news/The-Jordan-Anti-Doping-Organization,-in-cooperation-with-The-Jordan-Paralympic-Committee,-convene HTTP/1.1" 200 7093 "-" "Mozilla/5.0 (compatible; SERankingBacklinksBot/1.0; +https://seranking.com/backlinks-crawler)" 3 **0/3720**
144.76.32.120 - - [05/Aug/2026:12:18:19 -0700] "GET /en/news?page=5 HTTP/1.1" 200 7060 "-" "Mozilla/5.0 (compatible; SERankingBacklinksBot/1.0; +https://seranking.com/backlinks-crawler)" 3 **0/3655**
144.76.32.120 - - [05/Aug/2026:12:19:17 -0700] "GET /en/news/The-Jordan-Anti-Doping-Organization-held-a-course-%22Doping-Control-Officers%22-on-Saturday-16/11/2024 HTTP/1.1" 200 7113 "-" "Mozilla/5.0 (compatible; SERankingBacklinksBot/1.0; +https://seranking.com/backlinks-crawler)" 3 **0/3102**
144.76.32.120 - - [05/Aug/2026:12:22:18 -0700] "GET /en/news?page=7 HTTP/1.1" 200 7004 "-" "Mozilla/5.0 (compatible; SERankingBacklinksBot/1.0; +https://seranking.com/backlinks-crawler)" 3 **0/3366**
144.76.32.120 - - [05/Aug/2026:12:25:18 -0700] "GET /en/news/Jordan-Anti-Doping-Organization-organized-Training-Course-for-%E2%80%9CDoping-Control-Chaperones%E2%80%9D HTTP/1.1" 200 7114 "-" "Mozilla/5.0 (compatible; SERankingBacklinksBot/1.0; +https://seranking.com/backlinks-crawler)" 8 **0/8126**
144.76.32.120 - - [05/Aug/2026:12:26:19 -0700] "GET /ar/news?page=10 HTTP/1.1" 200 7101 "-" "Mozilla/5.0 (compatible; SERankingBacklinksBot/1.0; +https://seranking.com/backlinks-crawler)" 3 **0/3798**
144.76.32.120 - - [05/Aug/2026:12:29:17 -0700] "GET /en/news/Jordan-Anti%E2%80%91Doping-Organization-Joins-%E2%80%9CJunior-Falcons%E2%80%9D-to-Train-Basketball-Coaches HTTP/1.1" 200 7165 "-" "Mozilla/5.0 (compatible; SERankingBacklinksBot/1.0; +https://seranking.com/backlinks-crawler)" 3 **0/3148**
144.76.32.120 - - [05/Aug/2026:12:32:14 -0700] "GET /ar/news?page=11 HTTP/1.1" 200 6986 "-" "Mozilla/5.0 (compatible; SERankingBacklinksBot/1.0; +https://seranking.com/backlinks-crawler)" 3 **0/3477**
144.76.32.120 - - [05/Aug/2026:12:33:12 -0700] "GET /en/news/Jordan-Anti-Doping-Organization-Signs-Cooperation-Memorandum-of-Understanding-with-Korea-Anti-Doping-Agency HTTP/1.1" 200 7169 "-" "Mozilla/5.0 (compatible; SERankingBacklinksBot/1.0; +https://seranking.com/backlinks-crawler)" 3 **0/3279**
144.76.32.120 - - [05/Aug/2026:12:36:07 -0700] "GET /ar/news?page=12 HTTP/1.1" 200 6982 "-" "Mozilla/5.0 (compatible; SERankingBacklinksBot/1.0; +https://seranking.com/backlinks-crawler)" 3 **0/3191**
43.164.190.124 - - [05/Aug/2026:12:36:52 -0700] "GET / HTTP/1.1" 302 314 "-" "Mozilla/5.0 (iPhone; CPU iPhone OS 13_2_3 like Mac OS X) AppleWebKit/605.1.15 (KHTML, like Gecko) Version/13.0.3 Mobile/15E148 Safari/604.1" 58 **0/58017**
43.164.190.124 - - [05/Aug/2026:12:36:54 -0700] "GET /en HTTP/1.1" 200 5200 "http://jado.jo" "Mozilla/5.0 (iPhone; CPU iPhone OS 13_2_3 like Mac OS X) AppleWebKit/605.1.15 (KHTML, like Gecko) Version/13.0.3 Mobile/15E148 Safari/604.1" 59 **0/59191**
144.76.32.120 - - [05/Aug/2026:12:37:06 -0700] "GET /en/news/JADO-Implements-a-Series-of-Awareness-Sessions-for-Athletes-and-Coaches-Participating-in-the-2025-Asian-Youth-Games HTTP/1.1" 200 7138 "-" "Mozilla/5.0 (compatible; SERankingBacklinksBot/1.0; +https://seranking.com/backlinks-crawler)" 2 **0/2985**
144.24.14.47 - - [05/Aug/2026:12:38:01 -0700] "GET /ar/galleries/Doping%20Control%20Officers%20Course HTTP/1.1" 200 7118 "-" "Scrapy/2.16.0 (+https://scrapy.org)" 2 **0/2589**
144.76.32.120 - - [05/Aug/2026:12:38:05 -0700] "GET /ar/news?page=13 HTTP/1.1" 200 6955 "-" "Mozilla/5.0 (compatible; SERankingBacklinksBot/1.0; +https://seranking.com/backlinks-crawler)" 3 **0/3811**
144.76.32.120 - - [05/Aug/2026:12:39:01 -0700] "GET /en/news/The-Jordan-Anti-Doping-Organization-convenes-a-course-entitled-%E2%80%9CDoping-Control-Officers%E2%80%9D-%28DCO%29-on-Saturday-28/12/2024 HTTP/1.1" 200 7204 "-" "Mozilla/5.0 (compatible; SERankingBacklinksBot/1.0; +https://seranking.com/backlinks-crawler)" 4 **0/4084**
144.76.32.120 - - [05/Aug/2026:12:41:56 -0700] "GET /en/news?page=11 HTTP/1.1" 200 7081 "-" "Mozilla/5.0 (compatible; SERankingBacklinksBot/1.0; +https://seranking.com/backlinks-crawler)" 3 **0/3428**
144.76.32.120 - - [05/Aug/2026:12:42:54 -0700] "GET /en/news/Jordan-Anti-Doping-Organization-Selected-for-Training-Project-by-Korea-Anti-Doping-Agency;-Strategic-Partnership-Signed-Between-West-Asia-Regional-Anti-Doping-Organization-and-Korea-Anti-Doping-Agency-in-Seoul HTTP/1.1" 200 7244 "-" "Mozilla/5.0 (compatible; SERankingBacklinksBot/1.0; +https://seranking.com/backlinks-crawler)" 2 **0/2992**
14.173.10.187 - - [05/Aug/2026:12:43:42 -0700] "GET /ar/news/The-Jordan-Anti-Doping-Organization,-in-cooperation-with-the-Jordanian-Swimming-Federation HTTP/1.1" 404 6603 "-" "Mozilla/5.0 (Macintosh; Intel Mac OS X 10_15_7) AppleWebKit/537.36 (KHTML, like Gecko) Chrome/145.0.0.0 Safari/537.36" 51 **0/51937**
105.214.75.121 - - [05/Aug/2026:12:43:43 -0700] "GET /ar/news/The-Jordan-Anti-Doping-Organization,-in-cooperation-with-the-Jordanian-Football-Association HTTP/1.1" 404 6603 "-" "Mozilla/5.0 (Macintosh; Intel Mac OS X 10_15_7) AppleWebKit/537.36 (KHTML, like Gecko) Chrome/145.0.0.0 Safari/537.36" 49 **0/49054**
197.234.147.223 - - [05/Aug/2026:12:43:43 -0700] "GET /ar/news/part-of-the-community-service-lecture-held-by-the-Jordan-Anti-Doping-Organization-in-cooperation-with-Al-Ahliyya-Amman-University HTTP/1.1" 404 6603 "-" "Mozilla/5.0 (Macintosh; Intel Mac OS X 10_15_7) AppleWebKit/537.36 (KHTML, like Gecko) Chrome/145.0.0.0 Safari/537.36" 47 **0/47492**
179.189.76.43 - - [05/Aug/2026:12:43:44 -0700] "GET /ar/news/Jordan-Anti-Doping-Organization-Selected-for-Training-Project-by-Korea-Anti-Doping-Agency;-Strategic-Partnership-Signed-Between-West-Asia-Regional-Anti-Doping-Organization-and-Korea-Anti-Doping-Agency-in-Seoul HTTP/1.1" 404 6603 "-" "Mozilla/5.0 (Macintosh; Intel Mac OS X 10_15_7) AppleWebKit/537.36 (KHTML, like Gecko) Chrome/145.0.0.0 Safari/537.36" 51 **0/51011**
51.39.244.164 - - [05/Aug/2026:12:43:44 -0700] "GET /ar/news/The-Jordan-Anti-Doping-Organization-participated-in-the-open-day-activity-held-in-the-Jubilee-schools HTTP/1.1" 404 6603 "-" "Mozilla/5.0 (Macintosh; Intel Mac OS X 10_15_7) AppleWebKit/537.36 (KHTML, like Gecko) Chrome/145.0.0.0 Safari/537.36" 46 **0/46130**
91.106.34.207 - - [05/Aug/2026:12:43:45 -0700] "GET /ar/news/The-Jordan-Anti-Doping-Organization,-in-cooperation-with-the-Jordanian-Jiu-Jitsu-Federation HTTP/1.1" 404 6603 "-" "Mozilla/5.0 (Macintosh; Intel Mac OS X 10_15_7) AppleWebKit/537.36 (KHTML, like Gecko) Chrome/145.0.0.0 Safari/537.36" 67 **0/67338**
95.25.167.197 - - [05/Aug/2026:12:43:45 -0700] "GET /ar/news/The-Jordan-Anti-Doping-Organization,-in-cooperation-with-the-UNRWA-Amman-Training-College HTTP/1.1" 404 6603 "-" "Mozilla/5.0 (Macintosh; Intel Mac OS X 10_15_7) AppleWebKit/537.36 (KHTML, like Gecko) Chrome/145.0.0.0 Safari/537.36" 55 **0/55827**
200.4.117.121 - - [05/Aug/2026:12:43:45 -0700] "GET /ar/news/%D8%A7%D9%84%D8%A3%D9%85%D9%8A%D8%B1-%D9%81%D9%8A%D8%B5%D9%84-%D8%A8%D9%86-%D8%A7%D9%84%D8%AD%D8%B3%D9%8A%D9%86-%D9%8A%D9%84%D8%AA%D9%82%D9%8A-%D8%A8%D8%B1%D8%A6%D9%8A%D8%B3-%D8%A7%D9%84%D9%88%D9%83%D8%A7%D9%84%D8%A9-%D8%A7%D9%84%D8%B9%D8%A7%D9%84%D9%85%D9%8A%D8%A9-%D9%84%D9%85%D9%83%D8%A7%D9%81%D8%AD%D8%A9-%D8%A7%D9%84%D9%85%D9%86%D8%B4%D8%B7%D8%A7%D8%AA-%D8%A7%D9%84%D8%B5%D9%81%D8%AD%D8%A9-%D8%A7%D9%84%D8%B1%D8%A6%D9%8A%D8%B3%D9%8A%D8%A9 HTTP/1.1" 200 4886 "-" "Mozilla/5.0 (Macintosh; Intel Mac OS X 10_15_7) AppleWebKit/537.36 (KHTML, like Gecko) Chrome/145.0.0.0 Safari/537.36" 54 **0/54969**
39.63.86.80 - - [05/Aug/2026:12:43:46 -0700] "GET /ar/news/training-course-was-held-in-Amman-by-the-West-Asia-Regional-Anti-Doping-Organization,-in-cooperation-with-the-Jordan-Anti-Doping-Organization,-aimed-at-training-and-accrediting-Doping-Control-Officers-from-the-Syrian-Arab-Republic. HTTP/1.1" 404 6603 "-" "Mozilla/5.0 (Macintosh; Intel Mac OS X 10_15_7) AppleWebKit/537.36 (KHTML, like Gecko) Chrome/145.0.0.0 Safari/537.36" 53 **0/53082**
213.136.119.249 - - [05/Aug/2026:12:43:46 -0700] "GET /ar/news/The-Jordan-Anti-Doping-Organization-Holds-Awareness-Lecture-at-the-American-University-of-Madaba HTTP/1.1" 404 6603 "-" "Mozilla/5.0 (Macintosh; Intel Mac OS X 10_15_7) AppleWebKit/537.36 (KHTML, like Gecko) Chrome/145.0.0.0 Safari/537.36" 47 **0/47395**
47.82.201.227 - - [05/Aug/2026:12:43:46 -0700] "GET /assets/css/customstyle.css HTTP/1.1" 200 1218 "http://www.jado.jo/ar/news/%D8%A7%D9%84%D8%A3%D9%85%D9%8A%D8%B1-%D9%81%D9%8A%D8%B5%D9%84-%D8%A8%D9%86-%D8%A7%D9%84%D8%AD%D8%B3%D9%8A%D9%86-%D9%8A%D9%84%D8%AA%D9%82%D9%8A-%D8%A8%D8%B1%D8%A6%D9%8A%D8%B3-%D8%A7%D9%84%D9%88%D9%83%D8%A7%D9%84%D8%A9-%D8%A7%D9%84%D8%B9%D8%A7%D9%84%D9%85%D9%8A%D8%A9-%D9%84%D9%85%D9%83%D8%A7%D9%81%D8%AD%D8%A9-%D8%A7%D9%84%D9%85%D9%86%D8%B4%D8%B7%D8%A7%D8%AA-%D8%A7%D9%84%D8%B5%D9%81%D8%AD%D8%A9-%D8%A7%D9%84%D8%B1%D8%A6%D9%8A%D8%B3%D9%8A%D8%A9" "Mozilla/5.0 (Macintosh; Intel Mac OS X 10_15_7) AppleWebKit/537.36 (KHTML, like Gecko) Chrome/145.0.0.0 Safari/537.36" 8 **0/8865**
39.34.172.14 - - [05/Aug/2026:12:43:47 -0700] "GET /ar/news/%D8%B1%D8%A6%D9%8A%D8%B3-%D8%A7%D9%84%D9%88%D8%B2%D8%B1%D8%A7%D8%A1-%D9%8A%D9%84%D8%AA%D9%82%D9%8A-%D8%B1%D8%A6%D9%8A%D8%B3-%D8%A7%D9%84%D9%88%D9%83%D8%A7%D9%84%D8%A9-%D8%A7%D9%84%D8%B9%D8%A7%D9%84%D9%85%D9%8A%D8%A9-%D9%84%D9%85%D9%83%D8%A7%D9%81%D8%AD%D8%A9-%D8%A7%D9%84%D9%85%D9%86%D8%B4%D8%B7%D8%A7%D8%AA HTTP/1.1" 200 5104 "-" "Mozilla/5.0 (Macintosh; Intel Mac OS X 10_15_7) AppleWebKit/537.36 (KHTML, like Gecko) Chrome/145.0.0.0 Safari/537.36" 61 **0/61094**
43.119.100.26 - - [05/Aug/2026:12:43:52 -0700] "GET /assets/css/customstyle.css HTTP/1.1" 200 1218 "http://www.jado.jo/ar/news/%D8%B1%D8%A6%D9%8A%D8%B3-%D8%A7%D9%84%D9%88%D8%B2%D8%B1%D8%A7%D8%A1-%D9%8A%D9%84%D8%AA%D9%82%D9%8A-%D8%B1%D8%A6%D9%8A%D8%B3-%D8%A7%D9%84%D9%88%D9%83%D8%A7%D9%84%D8%A9-%D8%A7%D9%84%D8%B9%D8%A7%D9%84%D9%85%D9%8A%D8%A9-%D9%84%D9%85%D9%83%D8%A7%D9%81%D8%AD%D8%A9-%D8%A7%D9%84%D9%85%D9%86%D8%B4%D8%B7%D8%A7%D8%AA" "Mozilla/5.0 (Macintosh; Intel Mac OS X 10_15_7) AppleWebKit/537.36 (KHTML, like Gecko) Chrome/145.0.0.0 Safari/537.36" 10 **0/10545**
45.165.23.104 - - [05/Aug/2026:12:43:54 -0700] "GET /ar/news/The-Jordan-Anti-Doping-Organization,-in-cooperation-with-the-Jordanian-Football-Association HTTP/1.1" 404 6603 "-" "Mozilla/5.0 (Macintosh; Intel Mac OS X 10_15_7) AppleWebKit/537.36 (KHTML, like Gecko) Chrome/145.0.0.0 Safari/537.36" 63 **0/63764**
187.18.215.194 - - [05/Aug/2026:12:44:39 -0700] "GET /ar/news/Part-of-the-training-course-convene-by-the-West-Asia-Regional-Anti-Doping-Organization HTTP/1.1" 404 6603 "-" "Mozilla/5.0 (Macintosh; Intel Mac OS X 10_15_7) AppleWebKit/537.36 (KHTML, like Gecko) Chrome/145.0.0.0 Safari/537.36" 61 **0/61059**
45.6.34.111 - - [05/Aug/2026:12:44:41 -0700] "GET /ar/news/The-Jordan-Anti-Doping-Organization,-in-cooperation-with-the-Jordanian HTTP/1.1" 404 6603 "-" "Mozilla/5.0 (Macintosh; Intel Mac OS X 10_15_7) AppleWebKit/537.36 (KHTML, like Gecko) Chrome/145.0.0.0 Safari/537.36" 51 **0/51701**
144.76.32.120 - - [05/Aug/2026:12:46:46 -0700] "GET /ar/news/%D8%B9%D9%82%D8%AF%D8%AA-%D8%A7%D9%84%D9%85%D9%86%D8%B8%D9%85%D8%A9-%D8%A7%D9%84%D8%A3%D8%B1%D8%AF%D9%86%D9%8A%D8%A9-%D9%84%D9%85%D9%83%D8%A7%D9%81%D8%AD%D8%A9-%D8%A7%D9%84%D9%85%D9%86%D8%B4%D8%B7%D8%A7%D8%AA-%D8%A8%D8%A7%D9%84%D8%AA%D8%B9%D8%A7%D9%88%D9%86-%D9%85%D8%B9-%D8%A7%D9%84%D8%A7%D8%AA%D8%AD%D8%A7%D8%AF-%D8%A7%D9%84%D8%A7%D8%B1%D8%AF%D9%86%D9%8A HTTP/1.1" 200 7651 "-" "Mozilla/5.0 (compatible; SERankingBacklinksBot/1.0; +https://seranking.com/backlinks-crawler)" 3 **0/3661**
144.76.32.120 - - [05/Aug/2026:12:47:45 -0700] "GET /en/news?page=12 HTTP/1.1" 200 7117 "-" "Mozilla/5.0 (compatible; SERankingBacklinksBot/1.0; +https://seranking.com/backlinks-crawler)" 3 **0/3376**
109.106.153.116 - - [05/Aug/2026:12:48:43 -0700] "GET /ar/news/Jordan-Anti-Doping-Organization-organized-Training-Course-for-%E2%80%9CDoping-Control-Chaperones%E2%80%9D HTTP/1.1" 404 6603 "-" "Mozilla/5.0 (Macintosh; Intel Mac OS X 10_15_7) AppleWebKit/537.36 (KHTML, like Gecko) Chrome/145.0.0.0 Safari/537.36" 75 **0/75734**
45.232.95.196 - - [05/Aug/2026:12:48:44 -0700] "GET /ar/news/Jordan-Anti-Doping-Organization-Concludes-ADEL-Educational-Sessions-for-2026-Asian-Beach-Games HTTP/1.1" 200 7079 "-" "Mozilla/5.0 (Macintosh; Intel Mac OS X 10_15_7) AppleWebKit/537.36 (KHTML, like Gecko) Chrome/145.0.0.0 Safari/537.36" 3 **0/3347**
176.45.40.139 - - [05/Aug/2026:12:48:47 -0700] "GET /z0f76a1d14fd21a8fb5fd0d03e0fdc3d3cedae52f?wsidchk=9934486&pdata=http%253A%252F%252Fwww.jado.jo%252Far%252Fnews%252FJordan-Anti-Doping-Organization-Concludes-ADEL-Educational-Sessions-for-2026-Asian-Beach-Games&id=7fa3b767c460b54a2be4d49030b349c7&ts=1785959324&cttl=0 HTTP/1.1" 302 243 "http://www.jado.jo/ar/news/Jordan-Anti-Doping-Organization-Concludes-ADEL-Educational-Sessions-for-2026-Asian-Beach-Games" "Mozilla/5.0 (Macintosh; Intel Mac OS X 10_15_7) AppleWebKit/537.36 (KHTML, like Gecko) Chrome/145.0.0.0 Safari/537.36" 3 **0/3866**
41.83.97.11 - - [05/Aug/2026:12:48:49 -0700] "GET / HTTP/1.1" 302 330 "http://www.jado.jo/ar/news/Jordan-Anti-Doping-Organization-Concludes-ADEL-Educational-Sessions-for-2026-Asian-Beach-Games" "Mozilla/5.0 (Macintosh; Intel Mac OS X 10_15_7) AppleWebKit/537.36 (KHTML, like Gecko) Chrome/145.0.0.0 Safari/537.36" 50 **0/50956**
92.167.222.171 - - [05/Aug/2026:12:48:50 -0700] "GET /en HTTP/1.1" 200 5199 "http://www.jado.jo/ar/news/Jordan-Anti-Doping-Organization-Concludes-ADEL-Educational-Sessions-for-2026-Asian-Beach-Games" "Mozilla/5.0 (Macintosh; Intel Mac OS X 10_15_7) AppleWebKit/537.36 (KHTML, like Gecko) Chrome/145.0.0.0 Safari/537.36" 204 **0/204918**
144.76.32.120 - - [05/Aug/2026:12:49:37 -0700] "GET /en/news?page=13 HTTP/1.1" 200 7082 "-" "Mozilla/5.0 (compatible; SERankingBacklinksBot/1.0; +https://seranking.com/backlinks-crawler)" 2 **0/2855**
144.76.32.120 - - [05/Aug/2026:12:50:33 -0700] "GET /en/news/%D8%A7%D8%AA%D8%AD%D8%A7%D8%AF-%D8%BA%D8%B1%D8%A8-%D8%A7%D8%B3%D9%8A%D8%A7-%D9%8A%D8%B3%D9%84%D8%B7-%D8%A7%D9%84%D8%B6%D9%88%D8%A1-%D8%B9%D9%84%D9%89-%D8%A7%D9%84%D9%85%D9%86%D8%B4%D8%B7%D8%A7%D8%AA-%D9%88%D8%B7%D8%B1%D9%82-%D9%85%D9%83%D8%A7%D9%81%D8%AD%D8%AA%D9%87%D8%A7-%D9%88%D8%A7%D9%84%D8%AA%D9%88%D8%B9%D9%8A%D8%A9-%D8%A8%D9%85%D8%AE%D8%A7%D8%B7%D8%B1%D9%87%D8%A7 HTTP/1.1" 200 7561 "-" "Mozilla/5.0 (compatible; SERankingBacklinksBot/1.0; +https://seranking.com/backlinks-crawler)" 3 **0/3538**
144.76.32.120 - - [05/Aug/2026:12:53:19 -0700] "GET /ar/about/mission HTTP/1.1" 200 6994 "-" "Mozilla/5.0 (compatible; SERankingBacklinksBot/1.0; +https://seranking.com/backlinks-crawler)" 4 **0/4126**
144.76.32.120 - - [05/Aug/2026:12:54:14 -0700] "GET /ar/news/%D8%B9%D9%82%D8%AF%D8%AA-%D8%A7%D9%84%D9%85%D9%86%D8%B8%D9%85%D8%A9-%D8%A7%D9%84%D8%A3%D8%B1%D8%AF%D9%86%D9%8A%D8%A9-%D9%84%D9%85%D9%83%D8%A7%D9%81%D8%AD%D8%A9-%D8%A7%D9%84%D9%85%D9%86%D8%B4%D8%B7%D8%A7%D8%AA-%D8%A8%D8%A7%D9%84%D8%AA%D8%B9%D8%A7%D9%88%D9%86-%D9%85%D8%B9-%D8%A7%D9%84%D8%A7%D8%AA%D8%AD%D8%A7%D8%AF-%D8%A7%D9%84%D8%A7%D8%B1%D8%AF%D9%86%D9%8A-%D9%84%D9%84%D8%B3%D8%A8%D8%A7%D8%AD%D8%A9 HTTP/1.1" 200 7731 "-" "Mozilla/5.0 (compatible; SERankingBacklinksBot/1.0; +https://seranking.com/backlinks-crawler)" 3 **0/3520**
144.76.32.120 - - [05/Aug/2026:12:57:05 -0700] "GET /ar/about/ourteam HTTP/1.1" 200 7045 "-" "Mozilla/5.0 (compatible; SERankingBacklinksBot/1.0; +https://seranking.com/backlinks-crawler)" 8 **0/8354**
144.76.32.120 - - [05/Aug/2026:12:59:54 -0700] "GET /ar/news/%D8%B9%D9%82%D8%AF%D8%AA-%D8%A7%D9%84%D9%85%D9%86%D8%B8%D9%85%D8%A9-%D8%A7%D9%84%D8%A7%D8%B1%D8%AF%D9%86%D9%8A%D8%A9-%D9%84%D9%85%D9%83%D8%A7%D9%81%D8%AD%D8%A9-%D8%A7%D9%84%D9%85%D9%86%D8%B4%D8%B7%D8%A7%D8%AA-%D8%A8%D8%A7%D9%84%D8%AA%D8%B9%D8%A7%D9%88%D9%86-%D9%85%D8%B9-%D8%A7%D8%AA%D8%AD%D8%A7%D8%AF-%D8%A7%D9%84%D8%AC%D9%88%D8%AC%D9%8A%D8%AA%D8%B3%D9%88-%D8%A7%D9%84%D8%A7%D8%B1%D8%AF%D9%86%D9%8A HTTP/1.1" 200 7642 "-" "Mozilla/5.0 (compatible; SERankingBacklinksBot/1.0; +https://seranking.com/backlinks-crawler)" 3 **0/3809**
144.76.32.120 - - [05/Aug/2026:13:01:51 -0700] "GET /ar/news/%D8%B9%D9%82%D8%AF%D8%AA-%D8%A7%D9%84%D9%85%D9%86%D8%B8%D9%85%D8%A9-%D8%A7%D9%84%D8%A7%D8%B1%D8%AF%D9%86%D9%8A%D8%A9-%D9%84%D9%85%D9%83%D8%A7%D9%81%D8%AD%D8%A9-%D8%A7%D9%84%D9%85%D9%86%D8%B4%D8%B7%D8%A7%D8%AA-%D8%A8%D8%A7%D9%84%D8%AA%D8%B9%D8%A7%D9%88%D9%86-%D9%85%D8%B9-%D8%A7%D9%84%D8%A7%D8%AA%D8%AD%D8%A7%D8%AF-%D8%A7%D9%84%D8%A7%D8%B1%D8%AF%D9%86%D9%8A-%D9%84%D9%83%D8%B1%D8%A9-%D8%A7%D9%84%D9%82%D8%AF%D9%85 HTTP/1.1" 200 7773 "-" "Mozilla/5.0 (compatible; SERankingBacklinksBot/1.0; +https://seranking.com/backlinks-crawler)" 3 **0/3086**
144.76.32.120 - - [05/Aug/2026:13:02:49 -0700] "GET /ar/gallery/image HTTP/1.1" 200 7026 "-" "Mozilla/5.0 (compatible; SERankingBacklinksBot/1.0; +https://seranking.com/backlinks-crawler)" 3 **0/3388**
144.76.32.120 - - [05/Aug/2026:13:04:42 -0700] "GET /en/about/mission HTTP/1.1" 200 6996 "-" "Mozilla/5.0 (compatible; SERankingBacklinksBot/1.0; +https://seranking.com/backlinks-crawler)" 4 **0/4144**
144.76.32.120 - - [05/Aug/2026:13:05:40 -0700] "GET /ar/news/%D8%B9%D9%82%D8%AF%D8%AA-%D8%A7%D9%84%D9%85%D9%86%D8%B8%D9%85%D8%A9-%D8%A7%D9%84%D8%A7%D8%B1%D8%AF%D9%86%D9%8A%D8%A9-%D9%84%D9%85%D9%83%D8%A7%D9%81%D8%AD%D8%A9-%D8%A7%D9%84%D9%85%D9%86%D8%B4%D8%B7%D8%A7%D8%AA-%D8%AF%D9%88%D8%B1%D8%A9-%D8%AA%D8%AF%D8%B1%D9%8A%D8%A8%D9%8A%D8%A9-%D8%A8%D8%B9%D9%86%D9%88%D8%A7%D9%86-%E2%80%9C%D9%85%D8%B1%D8%A7%D9%81%D9%82%D9%8A-%D9%81%D8%AD%D8%B5-%D8%A7%D9%84%D9%85%D9%86%D8%B4%D8%B7%D8%A7%D8%AA%22 HTTP/1.1" 200 7712 "-" "Mozilla/5.0 (compatible; SERankingBacklinksBot/1.0; +https://seranking.com/backlinks-crawler)" 3 **0/3078**
52.167.144.173 - - [05/Aug/2026:13:07:37 -0700] "GET /en?_g=937342 HTTP/1.1" 200 5208 "-" "Mozilla/5.0 AppleWebKit/537.36 (KHTML, like Gecko; compatible; bingbot/2.0; +http://www.bing.com/bingbot.htm) Chrome/116.0.1938.76 Safari/537.36" 78 **0/78228**
144.76.32.120 - - [05/Aug/2026:13:08:30 -0700] "GET /en/gallery/image HTTP/1.1" 200 7019 "-" "Mozilla/5.0 (compatible; SERankingBacklinksBot/1.0; +https://seranking.com/backlinks-crawler)" 3 **0/3949**
144.76.32.120 - - [05/Aug/2026:13:09:25 -0700] "GET /ar/news/%D8%B9%D9%82%D8%AF%D8%AA-%D8%A7%D9%84%D9%85%D9%86%D8%B8%D9%85%D8%A9-%D8%A7%D9%84%D8%A7%D8%B1%D8%AF%D9%86%D9%8A%D8%A9-%D9%84%D9%85%D9%83%D8%A7%D9%81%D8%AD%D8%A9-%D8%A7%D9%84%D9%85%D9%86%D8%B4%D8%B7%D8%A7%D8%AA-%D8%A8%D8%A7%D9%84%D8%AA%D8%B9%D8%A7%D9%88%D9%86-%D9%85%D8%B9-%D8%A7%D8%A7%D9%84%D8%AC%D8%A7%D9%85%D8%B9%D8%A9-%D8%A7%D9%84%D8%A7%D9%85%D8%B1%D9%8A%D9%83%D9%8A%D8%A9-%D9%81%D9%8A-%D9%85%D8%A7%D8%AF%D8%A8%D8%A7-%D9%85%D8%AD%D8%A7%D8%B6%D8%B1%D8%A9-%D8%AA%D9%88%D8%B9%D9%88%D9%8A%D8%A9 HTTP/1.1" 200 7874 "-" "Mozilla/5.0 (compatible; SERankingBacklinksBot/1.0; +https://seranking.com/backlinks-crawler)" 3 **0/3838**
144.76.32.120 - - [05/Aug/2026:13:14:13 -0700] "GET /en/gallery/video HTTP/1.1" 200 7059 "-" "Mozilla/5.0 (compatible; SERankingBacklinksBot/1.0; +https://seranking.com/backlinks-crawler)" 3 **0/3897**
144.76.32.120 - - [05/Aug/2026:13:15:13 -0700] "GET /en/news/%D8%A7%D9%84%D9%85%D9%86%D8%B8%D9%85%D8%A9-%D8%A7%D9%84%D8%A7%D8%B1%D8%AF%D9%86%D9%8A%D8%A9-%D9%84%D9%85%D9%83%D8%A7%D9%81%D8%AD%D8%A9-%D8%A7%D9%84%D9%85%D9%86%D8%B4%D8%B7%D8%A7%D8%AA-%D8%AA%D8%B9%D9%82%D8%AF-%D8%AF%D9%88%D8%B1%D8%A9-%D8%AA%D8%AF%D8%B1%D9%8A%D8%A8%D9%8A%D8%A9-%D8%A8%D8%B9%D9%86%D9%88%D8%A7%D9%86-%D9%85%D8%B1%D8%A7%D9%81%D9%82%D9%8A-%D9%81%D8%AD%D8%B5-%D8%A7%D9%84%D9%85%D9%86%D8%B4%D8%B7%D8%A7%D8%AA-%D8%B6%D9%85%D9%86-%D8%A3%D9%86%D8%B4%D8%B7%D8%AA%D9%87%D8%A7-%D8%A7%D9%84%D8%AA%D8%AB%D9%82%D9%81%D9%8A%D8%A9-%D8%A7%D9%84%D8%B3%D9%86%D9%88%D9%8A%D8%A9 HTTP/1.1" 200 7874 "-" "Mozilla/5.0 (compatible; SERankingBacklinksBot/1.0; +https://seranking.com/backlinks-crawler)" 3 **0/3690**
144.76.32.120 - - [05/Aug/2026:13:18:04 -0700] "GET /en/resources?page=2 HTTP/1.1" 200 7120 "-" "Mozilla/5.0 (compatible; SERankingBacklinksBot/1.0; +https://seranking.com/backlinks-crawler)" 3 **0/3268**
144.76.32.120 - - [05/Aug/2026:13:19:00 -0700] "GET /ar/news/%D8%B9%D9%8F%D9%82%D8%AF%D8%AA-%D9%81%D9%8A-%D8%B9%D9%85%D8%A7%D9%86-%D8%AF%D9%88%D8%B1%D8%A9-%D8%AA%D8%AF%D8%B1%D9%8A%D8%A8%D9%8A%D8%A9-%D9%84%D9%85%D9%86%D8%B8%D9%85%D8%A9-%D8%A5%D9%82%D9%84%D9%8A%D9%85-%D8%BA%D8%B1%D8%A8-%D8%A2%D8%B3%D9%8A%D8%A7-%D9%84%D9%85%D9%83%D8%A7%D9%81%D8%AD%D8%A9-%D8%A7%D9%84%D9%85%D9%86%D8%B4%D8%B7%D8%A7%D8%AA-%D8%A8%D8%A7%D9%84%D8%AA%D8%B9%D8%A7%D9%88%D9%86-%D9%85%D8%B9-%D8%A7%D9%84%D9%85%D9%86%D8%B8%D9%85%D8%A9-%D8%A7%D9%84%D8%A7%D8%B1%D8%AF%D9%86%D9%8A%D8%A9-%D9%84%D9%85%D9%83%D8%A7%D9%81%D8%AD%D8%A9-%D8%A7%D9%84%D9%85%D9%86%D8%B4%D8%B7%D8%A7%D8%AA%D8%8C-%D9%84%D8%BA%D8%A7%D9%8A%D8%A7%D8%AA-%D8%AA%D8%AF%D8%B1%D9%8A%D8%A8-%D9%88%D8%A7%D8%B9%D8%AA%D9%85%D8%A7%D8%AF-%D9%85%D8%B3%D8%A4%D9%88%D9%84%D9%8A-%D9%81%D8%AD%D8%B5-%D8%A7%D9%84%D9%85%D9%86%D8%B4%D8%B7%D8%A7%D8%AA-%D9%81%D9%8A-%D8%A7%D9%84%D8%AC%D9%85%D9%87%D9%88%D8%B1%D9%8A%D8%A9-%D8%A7%D9%84%D8%B9%D8%B1%D8%A8%D9%8A%D8%A9-%D8%A7%D9%84%D8%B3%D9%88%D8%B1%D9%8A%D8%A9. HTTP/1.1" 200 8655 "-" "Mozilla/5.0 (compatible; SERankingBacklinksBot/1.0; +https://seranking.com/backlinks-crawler)" 4 **0/4306**
144.76.32.120 - - [05/Aug/2026:13:20:02 -0700] "GET /en/resources?page=3 HTTP/1.1" 200 7059 "-" "Mozilla/5.0 (compatible; SERankingBacklinksBot/1.0; +https://seranking.com/backlinks-crawler)" 7 **0/7951**
144.76.32.120 - - [05/Aug/2026:13:23:27 -0700] "GET /ar/news/%D8%B4%D8%A7%D8%B1%D9%83%D8%AA-%D8%A7%D9%84%D9%85%D9%86%D8%B8%D9%85%D8%A9-%D8%A7%D9%84%D8%A3%D8%B1%D8%AF%D9%86%D9%8A%D8%A9-%D9%84%D9%85%D9%83%D8%A7%D9%81%D8%AD%D8%A9-%D8%A7%D9%84%D9%85%D9%86%D8%B4%D8%B7%D8%A7%D8%AA%D8%8C-%D9%85%D9%85%D8%AB%D9%91%D9%8E%D9%84%D8%A9%D9%8B-%D8%A8%D8%A7%D9%84%D8%A2%D9%86%D8%B3%D8%A9-%D9%83%D9%81%D8%A7%D8%AD-%D8%B7%D9%87%D8%8C-%D8%B1%D8%A6%D9%8A%D8%B3%D8%A9-%D8%A7%D9%84%D9%82%D8%B3%D9%85-%D8%A7%D9%84%D8%B9%D9%84%D9%85%D9%8A-%D9%81%D9%8A-%D8%A7%D9%84%D9%85%D9%86%D8%B8%D9%85%D8%A9%D8%8C-%D9%81%D9%8A-%D8%A7%D9%84%D9%86%D8%AF%D9%88%D8%A9-%D8%A7%D9%84%D8%B3%D9%86%D9%88%D9%8A%D8%A9-%D9%84%D9%85%D9%83%D8%A7%D9%81%D8%AD%D8%A9-%D8%A7%D9%84%D9%85%D9%86%D8%B4%D8%B7%D8%A7%D8%AA-%D8%A7%D9%84%D8%AA%D9%8A-%D9%86%D8%B8%D9%91%D9%85%D8%AA%D9%87%D8%A7-%D8%A7%D9%84%D9%88%D9%83%D8%A7%D9%84%D8%A9-%D8%A7%D9%84%D9%83%D9%88%D8%B1%D9%8A%D8%A9-%D9%84%D9%85%D9%83%D8%A7%D9%81%D8%AD%D8%A9-%D8%A7%D9%84%D9%85%D9%86%D8%B4%D8%B7%D8%A7%D8%AA-%28KADA%29-%D9%81%D9%8A-%D9%85%D8%AF%D9%8A%D9%86%D8%A9-%D8%A8%D9%88%D8%B3%D8%A7%D9%86-%E2%80%93-%D9%83%D9%88%D8%B1%D9%8A%D8%A7-%D8%A7%D9%84%D8%AC%D9%86%D9%88%D8%A8%D9%8A%D8%A9 HTTP/1.1" 200 8948 "-" "Mozilla/5.0 (compatible; SERankingBacklinksBot/1.0; +https://seranking.com/backlinks-crawler)" 3 **0/3557**
52.167.144.219 - - [05/Aug/2026:13:23:39 -0700] "GET /index.php/ar/news/The-Jordan-Anti-Doping-Organization-held-a-course-Doping-Control-Officers-on-Saturday HTTP/1.1" 404 6603 "-" "Mozilla/5.0 AppleWebKit/537.36 (KHTML, like Gecko; compatible; bingbot/2.0; +http://www.bing.com/bingbot.htm) Chrome/116.0.1938.76 Safari/537.36" 66 **0/66668**
144.76.32.120 - - [05/Aug/2026:13:24:31 -0700] "GET /ar/science/globaldro HTTP/1.1" 200 7039 "-" "Mozilla/5.0 (compatible; SERankingBacklinksBot/1.0; +https://seranking.com/backlinks-crawler)" 4 **0/4280**
144.76.32.120 - - [05/Aug/2026:13:26:41 -0700] "GET /ar/testing/whereabouts HTTP/1.1" 200 6992 "-" "Mozilla/5.0 (compatible; SERankingBacklinksBot/1.0; +https://seranking.com/backlinks-crawler)" 4 **0/4182**
216.244.66.248 - - [05/Aug/2026:13:29:13 -0700] "GET /robots.txt HTTP/1.1" 404 6603 "-" "Mozilla/5.0 (compatible; DotBot/1.2; +https://opensiteexplorer.org/dotbot; help@moz.com)" 70 **0/70101**
144.76.32.120 - - [05/Aug/2026:13:29:53 -0700] "GET /en/testing/whereabouts HTTP/1.1" 200 7052 "-" "Mozilla/5.0 (compatible; SERankingBacklinksBot/1.0; +https://seranking.com/backlinks-crawler)" 2 **0/2991**
144.76.32.120 - - [05/Aug/2026:13:30:59 -0700] "GET /ar/sanctions/resultmanagment HTTP/1.1" 200 7006 "-" "Mozilla/5.0 (compatible; SERankingBacklinksBot/1.0; +https://seranking.com/backlinks-crawler)" 3 **0/3276**
103.131.71.22 - - [05/Aug/2026:13:31:19 -0700] "GET /robots.txt HTTP/1.1" 404 6603 "-" "Mozilla/5.0 (compatible; coccocbot-image/1.0; +http://help.coccoc.com/searchengine)" 52 **0/52015**
216.244.66.248 - - [05/Aug/2026:13:32:07 -0700] "GET /ar/news HTTP/1.1" 200 29011 "-" "Mozilla/5.0 (compatible; DotBot/1.2; +https://opensiteexplorer.org/dotbot; help@moz.com)" 66 **0/66187**
144.76.32.120 - - [05/Aug/2026:13:33:10 -0700] "GET /ar/science/wadarohibitedlist HTTP/1.1" 200 7052 "-" "Mozilla/5.0 (compatible; SERankingBacklinksBot/1.0; +https://seranking.com/backlinks-crawler)" 3 **0/3516**
144.76.32.120 - - [05/Aug/2026:13:35:18 -0700] "GET /ar/testing/testingstatistics HTTP/1.1" 200 7123 "-" "Mozilla/5.0 (compatible; SERankingBacklinksBot/1.0; +https://seranking.com/backlinks-crawler)" 3 **0/3198**
40.88.21.235 - - [05/Aug/2026:13:35:55 -0700] "GET / HTTP/1.1" 302 330 "-" "DuckDuckBot/1.1; (+http://duckduckgo.com/duckduckbot.html)" 64 **0/64997**
40.88.21.235 - - [05/Aug/2026:13:35:55 -0700] "GET /en HTTP/1.1" 200 5196 "http://www.jado.jo" "DuckDuckBot/1.1; (+http://duckduckgo.com/duckduckbot.html)" 68 **0/68881**
40.88.21.235 - - [05/Aug/2026:13:35:55 -0700] "GET /favicon.ico HTTP/1.1" 200 - "-" "DuckDuckBot/1.1; (+http://duckduckgo.com/duckduckbot.html)" 7 **0/7701**
167.172.95.10 - - [05/Aug/2026:13:36:13 -0700] "GET /uploads/news/image/1784544371.jpeg HTTP/1.1" 200 2840035 "http://www.jado.jo/ar/news?page=1" "Mozilla/5.0 (Macintosh; Intel Mac OS X 10_15_7) AppleWebKit/537.36 (KHTML, like Gecko) Chrome/145.0.0.0 Safari/537.36" 2308 **2/2308850**
50.18.8.240 - - [05/Aug/2026:13:37:15 -0700] "GET /robots.txt HTTP/1.1" 404 6603 "-" "TerraCotta 0.2 https://www.github.com/ceramicTeam/CeramicTerracotta" 61 **0/61560**
144.76.32.120 - - [05/Aug/2026:13:37:28 -0700] "GET /en/sanctions/resultmanagment HTTP/1.1" 200 7012 "-" "Mozilla/5.0 (compatible; SERankingBacklinksBot/1.0; +https://seranking.com/backlinks-crawler)" 3 **0/3342**
144.76.32.120 - - [05/Aug/2026:13:39:39 -0700] "GET /en/science/wadarohibitedlist HTTP/1.1" 200 6930 "-" "Mozilla/5.0 (compatible; SERankingBacklinksBot/1.0; +https://seranking.com/backlinks-crawler)" 4 **0/4422**
66.249.73.131 - - [05/Aug/2026:13:40:14 -0700] "GET / HTTP/1.1" 302 314 "-" "Mozilla/5.0 (Linux; Android 6.0.1; Nexus 5X Build/MMB29P) AppleWebKit/537.36 (KHTML, like Gecko) Chrome/150.0.7871.186 Mobile Safari/537.36 (compatible; Googlebot/2.1; +http://www.google.com/bot.html)" 65 **0/65856**
66.249.73.129 - - [05/Aug/2026:13:40:15 -0700] "GET /en HTTP/1.1" 200 5196 "-" "Mozilla/5.0 (Linux; Android 6.0.1; Nexus 5X Build/MMB29P) AppleWebKit/537.36 (KHTML, like Gecko) Chrome/150.0.7871.186 Mobile Safari/537.36 (compatible; Googlebot/2.1; +http://www.google.com/bot.html)" 57 **0/57733**
144.76.32.120 - - [05/Aug/2026:13:43:07 -0700] "GET /ar/sanctions/sanctionedathletes HTTP/1.1" 200 7060 "-" "Mozilla/5.0 (compatible; SERankingBacklinksBot/1.0; +https://seranking.com/backlinks-crawler)" 2 **0/2702**
144.76.32.120 - - [05/Aug/2026:13:44:11 -0700] "GET /en/sanctions/sanctionedathletes HTTP/1.1" 200 7070 "-" "Mozilla/5.0 (compatible; SERankingBacklinksBot/1.0; +https://seranking.com/backlinks-crawler)" 3 **0/3304**
144.76.32.120 - - [05/Aug/2026:13:46:23 -0700] "GET /ar/science/theraputicuseexemption HTTP/1.1" 200 7058 "-" "Mozilla/5.0 (compatible; SERankingBacklinksBot/1.0; +https://seranking.com/backlinks-crawler)" 9 **0/9618**
66.249.65.198 - - [05/Aug/2026:13:50:04 -0700] "GET /robots.txt HTTP/1.1" 404 6603 "-" "Mozilla/5.0 (compatible; Googlebot/2.1; +http://www.google.com/bot.html)" 62 **0/62496**
66.249.65.198 - - [05/Aug/2026:13:50:05 -0700] "GET /ads.txt HTTP/1.1" 404 6603 "-" "Mozilla/5.0 (compatible; Googlebot/2.1; +http://www.google.com/bot.html)" 56 **0/56007**
144.76.32.120 - - [05/Aug/2026:13:51:03 -0700] "GET /robots.txt HTTP/1.1" 200 7038 "-" "Mozilla/5.0 (compatible; SERankingBacklinksBot/1.0; +https://seranking.com/backlinks-crawler)" 3 **0/3076**
144.76.32.120 - - [05/Aug/2026:13:51:04 -0700] "GET / HTTP/1.1" 200 6976 "-" "Mozilla/5.0 (compatible; SERankingBacklinksBot/1.0; +https://seranking.com/backlinks-crawler)" 3 **0/3546**
185.191.171.2 - - [05/Aug/2026:13:52:06 -0700] "GET /index.php/en/resources?page=1 HTTP/1.1" 200 4289 "-" "Mozilla/5.0 (compatible; SemrushBot/7~bl; +http://www.semrush.com/bot.html)" 54 **0/54821**
144.76.32.120 - - [05/Aug/2026:13:52:09 -0700] "GET /ar HTTP/1.1" 200 6966 "-" "Mozilla/5.0 (compatible; SERankingBacklinksBot/1.0; +https://seranking.com/backlinks-crawler)" 3 **0/3769**
144.76.32.120 - - [05/Aug/2026:13:54:07 -0700] "GET /robots.txt HTTP/1.1" 200 7084 "-" "Mozilla/5.0 (compatible; SERankingBacklinksBot/1.0; +https://seranking.com/backlinks-crawler)" 4 **0/4544**
144.76.32.120 - - [05/Aug/2026:13:54:07 -0700] "GET /en/news HTTP/1.1" 200 7083 "-" "Mozilla/5.0 (compatible; SERankingBacklinksBot/1.0; +https://seranking.com/backlinks-crawler)" 3 **0/3287**
31.6.46.47 - - [05/Aug/2026:13:55:06 -0700] "GET /wp-json/wp/v2/users HTTP/1.1" 404 6603 "-" "Mozilla/5.0 (Windows NT 10.0; Win64; x64) AppleWebKit/537.36 (KHTML, like Gecko) Chrome/148.0.0.0 Safari/537.36" 74 **0/74349**
144.76.32.120 - - [05/Aug/2026:13:56:03 -0700] "GET /robots.txt HTTP/1.1" 200 7074 "-" "Mozilla/5.0 (compatible; SERankingBacklinksBot/1.0; +https://seranking.com/backlinks-crawler)" 3 **0/3110**
144.76.32.120 - - [05/Aug/2026:13:56:03 -0700] "GET /ar/values HTTP/1.1" 200 7075 "-" "Mozilla/5.0 (compatible; SERankingBacklinksBot/1.0; +https://seranking.com/backlinks-crawler)" 3 **0/3119**
144.76.32.120 - - [05/Aug/2026:13:58:01 -0700] "GET /robots.txt HTTP/1.1" 200 7090 "-" "Mozilla/5.0 (compatible; SERankingBacklinksBot/1.0; +https://seranking.com/backlinks-crawler)" 4 **0/4754**
144.76.32.120 - - [05/Aug/2026:13:58:01 -0700] "GET /en/warado HTTP/1.1" 200 7091 "-" "Mozilla/5.0 (compatible; SERankingBacklinksBot/1.0; +https://seranking.com/backlinks-crawler)" 3 **0/3651**
144.76.32.120 - - [05/Aug/2026:14:00:01 -0700] "GET /robots.txt HTTP/1.1" 200 7057 "-" "Mozilla/5.0 (compatible; SERankingBacklinksBot/1.0; +https://seranking.com/backlinks-crawler)" 4 **0/4452**
144.76.32.120 - - [05/Aug/2026:14:00:01 -0700] "GET /en/contact HTTP/1.1" 200 7059 "-" "Mozilla/5.0 (compatible; SERankingBacklinksBot/1.0; +https://seranking.com/backlinks-crawler)" 8 **0/8863**
177.71.78.152 - - [05/Aug/2026:14:00:25 -0700] "GET /index.php/ar/testing/testingstatistics HTTP/1.1" 200 4104 "http://www.jado.jo" "Mozilla/5.0 (Windows NT 10.0; Win64; x64) AppleWebKit/537.36 (KHTML, like Gecko) Chrome/145.0.0.0 Safari/537.36 Edg/145.0.0.0" 82 **0/82974**
50.18.8.240 - - [05/Aug/2026:14:00:53 -0700] "GET /robots.txt HTTP/1.1" 404 6603 "-" "TerraCotta 0.2 https://www.github.com/ceramicTeam/CeramicTerracotta" 61 **0/61908**
144.76.32.120 - - [05/Aug/2026:14:03:13 -0700] "GET /robots.txt HTTP/1.1" 200 6988 "-" "Mozilla/5.0 (compatible; SERankingBacklinksBot/1.0; +https://seranking.com/backlinks-crawler)" 11 **0/11971**
144.76.32.120 - - [05/Aug/2026:14:03:14 -0700] "GET /en/athletes HTTP/1.1" 200 7028 "-" "Mozilla/5.0 (compatible; SERankingBacklinksBot/1.0; +https://seranking.com/backlinks-crawler)" 3 **0/3030**
144.76.32.120 - - [05/Aug/2026:14:05:16 -0700] "GET /robots.txt HTTP/1.1" 200 7059 "-" "Mozilla/5.0 (compatible; SERankingBacklinksBot/1.0; +https://seranking.com/backlinks-crawler)" 3 **0/3530**
144.76.32.120 - - [05/Aug/2026:14:05:16 -0700] "GET /en/about/jado HTTP/1.1" 200 7066 "-" "Mozilla/5.0 (compatible; SERankingBacklinksBot/1.0; +https://seranking.com/backlinks-crawler)" 3 **0/3374**
144.76.32.120 - - [05/Aug/2026:14:06:18 -0700] "GET /en/about/wada HTTP/1.1" 200 7041 "-" "Mozilla/5.0 (compatible; SERankingBacklinksBot/1.0; +https://seranking.com/backlinks-crawler)" 3 **0/3721**
66.249.73.131 - - [05/Aug/2026:14:06:32 -0700] "GET / HTTP/1.1" 302 314 "-" "Mozilla/5.0 (compatible; Googlebot/2.1; +http://www.google.com/bot.html)" 68 **0/68056**
66.249.73.130 - - [05/Aug/2026:14:06:32 -0700] "GET /en HTTP/1.1" 200 5197 "-" "Mozilla/5.0 (compatible; Googlebot/2.1; +http://www.google.com/bot.html)" 62 **0/62458**
66.249.73.129 - - [05/Aug/2026:14:06:36 -0700] "GET /assets/css/customstyle.css HTTP/1.1" 200 1218 "http://jado.jo/en" "Mozilla/5.0 (compatible; Googlebot/2.1; +http://www.google.com/bot.html)" 8 **0/8691**
144.76.32.120 - - [05/Aug/2026:14:08:18 -0700] "GET /en/about/mission HTTP/1.1" 200 7034 "-" "Mozilla/5.0 (compatible; SERankingBacklinksBot/1.0; +https://seranking.com/backlinks-crawler)" 3 **0/3839**
43.159.138.217 - - [05/Aug/2026:14:09:09 -0700] "GET / HTTP/1.1" 302 330 "-" "Mozilla/5.0 (iPhone; CPU iPhone OS 13_2_3 like Mac OS X) AppleWebKit/605.1.15 (KHTML, like Gecko) Version/13.0.3 Mobile/15E148 Safari/604.1" 63 **0/63668**
43.159.138.217 - - [05/Aug/2026:14:09:09 -0700] "GET /en HTTP/1.1" 200 5198 "http://www.jado.jo" "Mozilla/5.0 (iPhone; CPU iPhone OS 13_2_3 like Mac OS X) AppleWebKit/605.1.15 (KHTML, like Gecko) Version/13.0.3 Mobile/15E148 Safari/604.1" 58 **0/58353**
144.76.32.120 - - [05/Aug/2026:14:10:20 -0700] "GET /en/about/ourteam HTTP/1.1" 200 6978 "-" "Mozilla/5.0 (compatible; SERankingBacklinksBot/1.0; +https://seranking.com/backlinks-crawler)" 3 **0/3505**
46.32.101.6 - - [05/Aug/2026:14:11:59 -0700] "GET /21 HTTP/1.1" 404 6603 "-" "Mozilla/5.0 (Windows NT 10.0; Win64; x64) AppleWebKit/537.36 (KHTML, like Gecko) Chrome/147.0.0.0 Safari/537.36" 64 **0/64602**
46.32.101.6 - - [05/Aug/2026:14:11:59 -0700] "GET /favicon.ico HTTP/1.1" 200 - "http://jado.jo/21" "Mozilla/5.0 (Windows NT 10.0; Win64; x64) AppleWebKit/537.36 (KHTML, like Gecko) Chrome/147.0.0.0 Safari/537.36" 9 **0/9837**
43.165.198.144 - - [05/Aug/2026:14:12:49 -0700] "GET /assetsimagesJADO HTTP/1.1" 200 6959 "-" "Mozilla/5.0 (iPhone; CPU iPhone OS 13_2_3 like Mac OS X) AppleWebKit/605.1.15 (KHTML, like Gecko) Version/13.0.3 Mobile/15E148 Safari/604.1" 3 **0/3164**
144.76.32.120 - - [05/Aug/2026:14:13:29 -0700] "GET /en/gallery/image HTTP/1.1" 200 6968 "-" "Mozilla/5.0 (compatible; SERankingBacklinksBot/1.0; +https://seranking.com/backlinks-crawler)" 4 **0/4004**
144.76.32.120 - - [05/Aug/2026:14:15:37 -0700] "GET /en/testing/consequences HTTP/1.1" 200 7067 "-" "Mozilla/5.0 (compatible; SERankingBacklinksBot/1.0; +https://seranking.com/backlinks-crawler)" 3 **0/3956**
68.178.222.166 - - [05/Aug/2026:14:17:16 -0700] "GET /.well-known/acme-challenge/O0CW2D5_RK5SFFCNILB9BR1FVYAN8R7T HTTP/1.1" 200 64 "-" "Cpanel-HTTP-Client/1.0" 12 **0/12570**
68.178.222.166 - - [05/Aug/2026:14:17:16 -0700] "GET /.well-known/acme-challenge/ER0MW0Q-WWUVHLCVQXUVFFPCRG756WHG HTTP/1.1" 200 64 "-" "Cpanel-HTTP-Client/1.0" 8 **0/8324**
68.178.222.166 - - [05/Aug/2026:14:17:16 -0700] "GET /.well-known/acme-challenge/DZ0B1BM2PRCFDY6BI9HDC37KQ65M_678 HTTP/1.1" 200 64 "-" "Cpanel-HTTP-Client/1.0" 8 **0/8704**
68.178.222.166 - - [05/Aug/2026:14:17:16 -0700] "GET /.well-known/acme-challenge/PLF1XQ2XI2AJTY2ZEQGJ-VE_WYX4QVBJ HTTP/1.1" 200 64 "-" "Cpanel-HTTP-Client/1.0" 8 **0/8365**
144.76.32.120 - - [05/Aug/2026:14:17:48 -0700] "GET /en/sanctions/resultmanagment HTTP/1.1" 200 7052 "-" "Mozilla/5.0 (compatible; SERankingBacklinksBot/1.0; +https://seranking.com/backlinks-crawler)" 3 **0/3363**
144.76.32.120 - - [05/Aug/2026:14:18:53 -0700] "GET /en/science/wadarohibitedlist HTTP/1.1" 200 7022 "-" "Mozilla/5.0 (compatible; SERankingBacklinksBot/1.0; +https://seranking.com/backlinks-crawler)" 3 **0/3432**
144.76.32.120 - - [05/Aug/2026:14:21:10 -0700] "GET /en/testing/testingstatistics HTTP/1.1" 200 7097 "-" "Mozilla/5.0 (compatible; SERankingBacklinksBot/1.0; +https://seranking.com/backlinks-crawler)" 4 **0/4091**
144.76.32.120 - - [05/Aug/2026:14:23:19 -0700] "GET /en/science/dieterysupplements HTTP/1.1" 200 7108 "-" "Mozilla/5.0 (compatible; SERankingBacklinksBot/1.0; +https://seranking.com/backlinks-crawler)" 3 **0/3337**
43.135.186.135 - - [05/Aug/2026:14:23:53 -0700] "GET /en/values HTTP/1.1" 200 4085 "-" "Mozilla/5.0 (iPhone; CPU iPhone OS 13_2_3 like Mac OS X) AppleWebKit/605.1.15 (KHTML, like Gecko) Version/13.0.3 Mobile/15E148 Safari/604.1" 53 **0/53651**
4.16.252.228 - - [05/Aug/2026:14:25:07 -0700] "GET /21 HTTP/1.1" 404 6603 "-" "Mozilla/5.0 (Windows NT 6.3; Win64; x64; rv:109.0) Gecko/20100101 Firefox/110.0" 91 **0/91259**
4.16.252.228 - - [05/Aug/2026:14:25:08 -0700] "GET /21 HTTP/1.1" 404 6603 "-" "Mozilla/5.0 (Windows NT 6.3; Win64; x64; rv:109.0) Gecko/20100101 Firefox/110.0" 65 **0/65723**
52.11.171.106 - - [05/Aug/2026:14:25:19 -0700] "GET /21 HTTP/1.1" 404 6603 "-" "Mozilla/5.0 (Windows NT 10.0; Win64; x64; rv:128.0) Gecko/20100101 Firefox/128.0" 65 **0/65171**
52.11.171.106 - - [05/Aug/2026:14:25:20 -0700] "GET /21 HTTP/1.1" 404 6603 "-" "Mozilla/5.0 (Windows NT 10.0; Win64; x64; rv:128.0) Gecko/20100101 Firefox/128.0" 54 **0/54884**
144.76.32.120 - - [05/Aug/2026:14:25:30 -0700] "GET /en/sanctions/sanctionedathletes HTTP/1.1" 200 7115 "-" "Mozilla/5.0 (compatible; SERankingBacklinksBot/1.0; +https://seranking.com/backlinks-crawler)" 3 **0/3611**
90.187.238.157 - - [05/Aug/2026:14:26:11 -0700] "GET /21 HTTP/1.1" 404 6603 "" "Mozilla/5.0 (Windows NT 10.0; Win64; x64) AppleWebKit/537.36 (KHTML, like Gecko) Chrome/128.0.0.0 Safari/537.36" 58 **0/58680**
90.187.238.157 - - [05/Aug/2026:14:26:15 -0700] "GET /21 HTTP/1.1" 404 6603 "-" "Mozilla/5.0 (Windows NT 10.0; Win64; x64) AppleWebKit/537.36 (KHTML, like Gecko) Chrome/79.0.3945.130 Safari/537.36" 65 **0/65292**
90.187.238.157 - - [05/Aug/2026:14:26:15 -0700] "GET / HTTP/1.1" 302 314 "-" "Mozilla/5.0 (Windows NT 10.0; Win64; x64) AppleWebKit/537.36 (KHTML, like Gecko) Chrome/79.0.3945.130 Safari/537.36" 54 **0/54687**
90.187.238.157 - - [05/Aug/2026:14:26:15 -0700] "GET /en HTTP/1.1" 200 5197 "-" "Mozilla/5.0 (Windows NT 10.0; Win64; x64) AppleWebKit/537.36 (KHTML, like Gecko) Chrome/79.0.3945.130 Safari/537.36" 59 **0/59898**
144.76.32.120 - - [05/Aug/2026:14:27:44 -0700] "GET /en/science/theraputicuseexemption HTTP/1.1" 200 7047 "-" "Mozilla/5.0 (compatible; SERankingBacklinksBot/1.0; +https://seranking.com/backlinks-crawler)" 3 **0/3735**
144.76.32.120 - - [05/Aug/2026:14:31:06 -0700] "GET /en/department/Science%20Department HTTP/1.1" 200 7009 "-" "Mozilla/5.0 (compatible; SERankingBacklinksBot/1.0; +https://seranking.com/backlinks-crawler)" 2 **0/2995**
43.157.168.43 - - [05/Aug/2026:14:32:21 -0700] "GET /en/athletes HTTP/1.1" 200 7046 "-" "Mozilla/5.0 (iPhone; CPU iPhone OS 13_2_3 like Mac OS X) AppleWebKit/605.1.15 (KHTML, like Gecko) Version/13.0.3 Mobile/15E148 Safari/604.1" 66 **0/66574**
144.76.32.120 - - [05/Aug/2026:14:33:22 -0700] "GET /en/testing/samplecollectionprocess HTTP/1.1" 200 7053 "-" "Mozilla/5.0 (compatible; SERankingBacklinksBot/1.0; +https://seranking.com/backlinks-crawler)" 2 **0/2624**
146.56.197.150 - - [05/Aug/2026:14:33:24 -0700] "GET / HTTP/1.1" 302 330 "-" "Mozilla/5.0 (iPhone; CPU iPhone OS 13_2_3 like Mac OS X) AppleWebKit/605.1.15 (KHTML, like Gecko) Version/13.0.3 Mobile/15E148 Safari/604.1" 65 **0/65859**
146.56.197.150 - - [05/Aug/2026:14:33:25 -0700] "GET /en HTTP/1.1" 200 5198 "http://www.jado.jo" "Mozilla/5.0 (iPhone; CPU iPhone OS 13_2_3 like Mac OS X) AppleWebKit/605.1.15 (KHTML, like Gecko) Version/13.0.3 Mobile/15E148 Safari/604.1" 55 **0/55053**
144.76.32.120 - - [05/Aug/2026:14:34:30 -0700] "GET /en/department/Education%20Department HTTP/1.1" 200 7162 "-" "Mozilla/5.0 (compatible; SERankingBacklinksBot/1.0; +https://seranking.com/backlinks-crawler)" 7 **0/7388**
144.76.32.120 - - [05/Aug/2026:14:38:02 -0700] "GET /en/department/Testing%20&%20Investigation%20Department HTTP/1.1" 200 7149 "-" "Mozilla/5.0 (compatible; SERankingBacklinksBot/1.0; +https://seranking.com/backlinks-crawler)" 3 **0/3010**
104.210.140.129 - - [05/Aug/2026:14:38:12 -0700] "GET /robots.txt HTTP/1.1" 404 6603 "-" "Mozilla/5.0 (Macintosh; Intel Mac OS X 10_15_7) AppleWebKit/537.36 (KHTML, like Gecko) Chrome/131.0.0.0 Safari/537.36; compatible; OAI-SearchBot/1.0; +https://openai.com/searchbot" 53 **0/53237**
144.76.32.120 - - [05/Aug/2026:14:39:13 -0700] "GET /robots.txt HTTP/1.1" 200 7019 "-" "Mozilla/5.0 (compatible; SERankingBacklinksBot/1.0; +https://seranking.com/backlinks-crawler)" 3 **0/3170**
144.76.32.120 - - [05/Aug/2026:14:39:13 -0700] "GET /sitemap.xml HTTP/1.1" 200 7020 "-" "Mozilla/5.0 (compatible; SERankingBacklinksBot/1.0; +https://seranking.com/backlinks-crawler)" 3 **0/3907**
77.75.76.167 - - [05/Aug/2026:14:42:32 -0700] "GET /en/testing/whereabouts HTTP/1.1" 200 4785 "-" "Mozilla/5.0 (compatible; SeznamBot/4.0; +https://o-seznam.cz/napoveda/vyhledavani/en/seznambot-crawler/)" 71 **0/71489**
144.76.32.120 - - [05/Aug/2026:14:42:52 -0700] "GET /sitemap.xml HTTP/1.1" 200 6960 "-" "Mozilla/5.0 (compatible; SERankingBacklinksBot/1.0; +https://seranking.com/backlinks-crawler)" 3 **0/3704**
66.249.65.198 - - [05/Aug/2026:14:50:30 -0700] "GET /index.php/en/science/wadarohibitedlist HTTP/1.1" 200 4110 "-" "Mozilla/5.0 (Linux; Android 6.0.1; Nexus 5X Build/MMB29P) AppleWebKit/537.36 (KHTML, like Gecko) Chrome/150.0.7871.186 Mobile Safari/537.36 (compatible; Googlebot/2.1; +http://www.google.com/bot.html)" 65 **0/65688**
13.229.165.132 - - [05/Aug/2026:14:50:52 -0700] "GET /robots.txt HTTP/1.1" 404 6603 "-" "Go-http-client/1.1" 60 **0/60015**
52.167.144.147 - - [05/Aug/2026:14:52:25 -0700] "GET /index.php/ar/news?page=12 HTTP/1.1" 200 5661 "-" "Mozilla/5.0 AppleWebKit/537.36 (KHTML, like Gecko; compatible; bingbot/2.0; +http://www.bing.com/bingbot.htm) Chrome/116.0.1938.76 Safari/537.36" 64 **0/64771**
185.191.171.17 - - [05/Aug/2026:15:08:42 -0700] "GET /en/science/wadarohibitedlist HTTP/1.1" 200 4101 "-" "Mozilla/5.0 (compatible; SemrushBot/7~bl; +http://www.semrush.com/bot.html)" 61 **0/61709**
43.173.178.219 - - [05/Aug/2026:15:16:22 -0700] "GET / HTTP/1.1" 302 314 "-" "Mozilla/5.0 (Windows NT 10.0; Win64; x64) AppleWebKit/537.36 (KHTML, like Gecko) Chrome/106.0.5249.119 Safari/537.36" 48 **0/48826**
43.173.182.4 - - [05/Aug/2026:15:16:23 -0700] "GET /en HTTP/1.1" 200 5198 "-" "Mozilla/5.0 (Windows NT 10.0; Win64; x64) AppleWebKit/537.36 (KHTML, like Gecko) Chrome/106.0.5249.119 Safari/537.36" 53 **0/53330**
89.244.95.86 - - [05/Aug/2026:15:22:39 -0700] "GET /21 HTTP/1.1" 404 6603 "-" "Mozilla/5.0 (Windows NT 10.0; Win64; x64) AppleWebKit/537.36 (KHTML, like Gecko) Chrome/143.0.0.0 Safari/537.36" 61 **0/61866**
69.171.230.50 - - [05/Aug/2026:15:23:32 -0700] "GET /robots.txt HTTP/1.1" 404 6603 "-" "facebookexternalhit/1.1 (+http://www.facebook.com/externalhit_uatext.php)" 56 **0/56792**
128.79.118.44 - - [05/Aug/2026:15:25:57 -0700] "GET /21 HTTP/1.1" 200 7016 "-" "Mozilla/5.0 (Linux; Android 10; K) AppleWebKit/537.36 (KHTML, like Gecko) Chrome/140.0.0.0 Mobile Safari/537.36" 3 **0/3123**
128.79.118.44 - - [05/Aug/2026:15:27:38 -0700] "GET /favicon.ico HTTP/1.1" 200 7076 "-" "Mozilla/5.0 (Linux; Android 10; K) AppleWebKit/537.36 (KHTML, like Gecko) Chrome/140.0.0.0 Mobile Safari/537.36" 3 **0/3441**
128.79.118.44 - - [05/Aug/2026:15:30:37 -0700] "GET /21 HTTP/1.1" 200 7012 "-" "Mozilla/5.0 (Linux; Android 10; K) AppleWebKit/537.36 (KHTML, like Gecko) Chrome/140.0.0.0 Mobile Safari/537.36" 3 **0/3040**
128.79.118.44 - - [05/Aug/2026:15:30:41 -0700] "GET /z0f76a1d14fd21a8fb5fd0d03e0fdc3d3cedae52f?wsidchk=6580118&pdata=http%253A%252F%252Fjado.jo%252F21&id=7fa3b767c460b54a2be4d49030b349c7&ts=1785969037&cttl=0 HTTP/1.1" 302 241 "http://jado.jo/21" "Mozilla/5.0 (Linux; Android 10; K) AppleWebKit/537.36 (KHTML, like Gecko) Chrome/140.0.0.0 Mobile Safari/537.36" 3 **0/3046**
128.79.118.44 - - [05/Aug/2026:15:30:43 -0700] "GET /21 HTTP/1.1" 404 6603 "http://jado.jo/21" "Mozilla/5.0 (Linux; Android 10; K) AppleWebKit/537.36 (KHTML, like Gecko) Chrome/140.0.0.0 Mobile Safari/537.36" 61 **0/61192**
128.79.118.44 - - [05/Aug/2026:15:30:44 -0700] "GET /favicon.ico HTTP/1.1" 200 - "http://jado.jo/21" "Mozilla/5.0 (Linux; Android 10; K) AppleWebKit/537.36 (KHTML, like Gecko) Chrome/140.0.0.0 Mobile Safari/537.36" 7 **0/7826**
38.130.107.43 - - [05/Aug/2026:15:35:11 -0700] "GET /21 HTTP/1.1" 404 6603 "-" "Mozilla/5.0 (Windows NT 6.1; Win64; x64) AppleWebKit/537.36 (KHTML, like Gecko) Chrome/40.0.2214.85 Safari/537.36" 60 **0/60939**
85.208.96.199 - - [05/Aug/2026:15:41:56 -0700] "GET /en/news/The-Jordan-Anti-Doping-Organization,-in-cooperation-with-The-Jordan-Paralympic-Committee,-convene HTTP/1.1" 200 3783 "-" "Mozilla/5.0 (compatible; SemrushBot/7~bl; +http://www.semrush.com/bot.html)" 74 **0/74340**
216.244.66.248 - - [05/Aug/2026:15:51:15 -0700] "GET /robots.txt HTTP/1.1" 404 6603 "-" "Mozilla/5.0 (compatible; DotBot/1.2; +https://opensiteexplorer.org/dotbot; help@moz.com)" 51 **0/51163**
216.244.66.248 - - [05/Aug/2026:15:53:45 -0700] "GET /ar/warado HTTP/1.1" 200 18407 "-" "Mozilla/5.0 (compatible; DotBot/1.2; +https://opensiteexplorer.org/dotbot; help@moz.com)" 61 **0/61640**
216.244.66.248 - - [05/Aug/2026:15:53:49 -0700] "GET /en/testing/consequences HTTP/1.1" 200 20111 "-" "Mozilla/5.0 (compatible; DotBot/1.2; +https://opensiteexplorer.org/dotbot; help@moz.com)" 61 **0/61397**
216.244.66.248 - - [05/Aug/2026:15:53:54 -0700] "GET /ar/gallery/image HTTP/1.1" 200 36566 "-" "Mozilla/5.0 (compatible; DotBot/1.2; +https://opensiteexplorer.org/dotbot; help@moz.com)" 61 **0/61653**
