66.249.73.130 - - [05/Aug/2026:05:18:49 -0700] "GET /?prizes/36502016%20%20%20%20%20%20%20%20%20%20%20%20%20%20%20%20%20%20%20%20%20%20%20%20%20%20%20%20%20%20%20%20class= HTTP/1.1" 302 866 "-" "Mozilla/5.0 (Linux; Android 6.0.1; Nexus 5X Build/MMB29P) AppleWebKit/537.36 (KHTML, like Gecko) Chrome/150.0.7871.186 Mobile Safari/537.36 (compatible; Googlebot/2.1; +http://www.google.com/bot.html)" 883 **0/883529**
66.249.73.132 - - [05/Aug/2026:05:18:50 -0700] "GET /en?prizes%2F36502016%20%20%20%20%20%20%20%20%20%20%20%20%20%20%20%20%20%20%20%20%20%20%20%20%20%20%20%20%20%20%20%20class= HTTP/1.1" 200 5852 "-" "Mozilla/5.0 (Linux; Android 6.0.1; Nexus 5X Build/MMB29P) AppleWebKit/537.36 (KHTML, like Gecko) Chrome/150.0.7871.186 Mobile Safari/537.36 (compatible; Googlebot/2.1; +http://www.google.com/bot.html)" 106 **0/106612**
202.76.187.29 - - [05/Aug/2026:05:21:46 -0700] "GET /ar/cart HTTP/1.1" 200 4063 "-" "Mozilla/5.0 (Macintosh; Intel Mac OS X 15_4_0) AppleWebKit/537.36 (KHTML, like Gecko) Chrome/131.0.6778.265 Safari/537.36" 67 **0/67816**
213.180.203.17 - - [05/Aug/2026:05:32:19 -0700] "GET /DEPO4D HTTP/1.1" 404 6603 "-" "Mozilla/5.0 (compatible; YandexBot/3.0; +http://yandex.com/bots) AppleWebKit/537.36 (KHTML, like Gecko) Chrome/108.0.0.0" 65 **0/65656**
95.108.213.96 - - [05/Aug/2026:05:35:32 -0700] "GET /en?network=ego99 HTTP/1.1" 200 5834 "-" "Mozilla/5.0 (compatible; YandexBot/3.0; +http://yandex.com/bots) AppleWebKit/537.36 (KHTML, like Gecko) Chrome/108.0.0.0" 76 **0/76761**
66.249.65.38 - - [05/Aug/2026:05:40:30 -0700] "GET /?prizes/74462107 HTTP/1.1" 302 446 "-" "Mozilla/5.0 (Linux; Android 6.0.1; Nexus 5X Build/MMB29P) AppleWebKit/537.36 (KHTML, like Gecko) Chrome/150.0.7871.186 Mobile Safari/537.36 (compatible; Googlebot/2.1; +http://www.google.com/bot.html)" 76 **0/76252**
66.249.65.39 - - [05/Aug/2026:05:40:31 -0700] "GET /en?prizes%2F74462107= HTTP/1.1" 200 5839 "-" "Mozilla/5.0 (Linux; Android 6.0.1; Nexus 5X Build/MMB29P) AppleWebKit/537.36 (KHTML, like Gecko) Chrome/150.0.7871.186 Mobile Safari/537.36 (compatible; Googlebot/2.1; +http://www.google.com/bot.html)" 80 **0/80862**
66.249.73.131 - - [05/Aug/2026:05:45:48 -0700] "GET /?prizes/152420985 HTTP/1.1" 302 466 "-" "Mozilla/5.0 (Linux; Android 6.0.1; Nexus 5X Build/MMB29P) AppleWebKit/537.36 (KHTML, like Gecko) Chrome/150.0.7871.186 Mobile Safari/537.36 (compatible; Googlebot/2.1; +http://www.google.com/bot.html)" 844 **0/844272**
66.249.73.131 - - [05/Aug/2026:05:45:49 -0700] "GET /en?prizes%2F152420985= HTTP/1.1" 200 5842 "-" "Mozilla/5.0 (Linux; Android 6.0.1; Nexus 5X Build/MMB29P) AppleWebKit/537.36 (KHTML, like Gecko) Chrome/150.0.7871.186 Mobile Safari/537.36 (compatible; Googlebot/2.1; +http://www.google.com/bot.html)" 89 **0/89703**
213.180.203.17 - - [05/Aug/2026:05:46:12 -0700] "GET /en?network=MISTERWIN77 HTTP/1.1" 200 5843 "-" "Mozilla/5.0 (compatible; YandexBot/3.0; +http://yandex.com/bots) AppleWebKit/537.36 (KHTML, like Gecko) Chrome/108.0.0.0" 80 **0/80002**
95.108.213.119 - - [05/Aug/2026:05:46:12 -0700] "GET /monyet99 HTTP/1.1" 404 6603 "-" "Mozilla/5.0 (compatible; YandexBot/3.0; +http://yandex.com/bots) AppleWebKit/537.36 (KHTML, like Gecko) Chrome/108.0.0.0" 54 **0/54759**
213.180.203.88 - - [05/Aug/2026:05:46:13 -0700] "GET /monyet99 HTTP/1.1" 404 6603 "-" "Mozilla/5.0 (compatible; YandexBot/3.0; +http://yandex.com/bots) AppleWebKit/537.36 (KHTML, like Gecko) Chrome/108.0.0.0" 46 **0/46772**
95.108.213.233 - - [05/Aug/2026:05:46:14 -0700] "GET /monyet99 HTTP/1.1" 404 6603 "-" "Mozilla/5.0 (iPhone; CPU iPhone OS 18_7 like Mac OS X) AppleWebKit/605.1.15 (KHTML, like Gecko) Version/26.2 Mobile/15E148 Safari/604.1 (compatible; YandexBot/3.0; +http://yandex.com/bots)" 49 **0/49273**
66.249.73.130 - - [05/Aug/2026:05:47:58 -0700] "GET /?prizes/179542046 HTTP/1.1" 302 466 "-" "Mozilla/5.0 (Linux; Android 6.0.1; Nexus 5X Build/MMB29P) AppleWebKit/537.36 (KHTML, like Gecko) Chrome/150.0.7871.186 Mobile Safari/537.36 (compatible; Googlebot/2.1; +http://www.google.com/bot.html)" 70 **0/70585**
66.249.73.130 - - [05/Aug/2026:05:47:58 -0700] "GET /en?prizes%2F179542046= HTTP/1.1" 200 5843 "-" "Mozilla/5.0 (Linux; Android 6.0.1; Nexus 5X Build/MMB29P) AppleWebKit/537.36 (KHTML, like Gecko) Chrome/150.0.7871.186 Mobile Safari/537.36 (compatible; Googlebot/2.1; +http://www.google.com/bot.html)" 63 **0/63732**
66.249.73.131 - - [05/Aug/2026:05:49:29 -0700] "GET /?prizes/137415521 HTTP/1.1" 302 466 "-" "Mozilla/5.0 (Linux; Android 6.0.1; Nexus 5X Build/MMB29P) AppleWebKit/537.36 (KHTML, like Gecko) Chrome/150.0.7871.186 Mobile Safari/537.36 (compatible; Googlebot/2.1; +http://www.google.com/bot.html)" 71 **0/71664**
66.249.73.130 - - [05/Aug/2026:05:49:30 -0700] "GET /ar?prizes%2F37520137= HTTP/1.1" 200 5854 "-" "Mozilla/5.0 (Linux; Android 6.0.1; Nexus 5X Build/MMB29P) AppleWebKit/537.36 (KHTML, like Gecko) Chrome/150.0.7871.186 Mobile Safari/537.36 (compatible; Googlebot/2.1; +http://www.google.com/bot.html)" 102 **0/102106**
66.249.73.130 - - [05/Aug/2026:05:49:30 -0700] "GET /en?prizes%2F137415521= HTTP/1.1" 200 5842 "-" "Mozilla/5.0 (Linux; Android 6.0.1; Nexus 5X Build/MMB29P) AppleWebKit/537.36 (KHTML, like Gecko) Chrome/150.0.7871.186 Mobile Safari/537.36 (compatible; Googlebot/2.1; +http://www.google.com/bot.html)" 83 **0/83211**
95.108.213.110 - - [05/Aug/2026:05:51:19 -0700] "GET /en?network=starwin33 HTTP/1.1" 200 5838 "-" "Mozilla/5.0 (compatible; YandexBot/3.0; +http://yandex.com/bots) AppleWebKit/537.36 (KHTML, like Gecko) Chrome/108.0.0.0" 102 **0/102433**
44.220.110.235 - - [05/Aug/2026:05:52:16 -0700] "GET /robots.txt HTTP/1.1" 404 6603 "-" "Mozilla/5.0 (Macintosh; Intel Mac OS X 10_10_1) AppleWebKit/600.2.5 (KHTML, like Gecko) Version/8.0.2 Safari/600.2.5 (Gort)" 59 **0/59877**
66.249.65.39 - - [05/Aug/2026:05:57:33 -0700] "GET /?prizes/143191157 HTTP/1.1" 302 450 "-" "Mozilla/5.0 (Linux; Android 6.0.1; Nexus 5X Build/MMB29P) AppleWebKit/537.36 (KHTML, like Gecko) Chrome/150.0.7871.186 Mobile Safari/537.36 (compatible; Googlebot/2.1; +http://www.google.com/bot.html)" 64 **0/64611**
66.249.65.38 - - [05/Aug/2026:05:57:34 -0700] "GET /en?prizes%2F143191157= HTTP/1.1" 200 5839 "-" "Mozilla/5.0 (Linux; Android 6.0.1; Nexus 5X Build/MMB29P) AppleWebKit/537.36 (KHTML, like Gecko) Chrome/150.0.7871.186 Mobile Safari/537.36 (compatible; Googlebot/2.1; +http://www.google.com/bot.html)" 77 **0/77263**
95.108.213.95 - - [05/Aug/2026:05:58:35 -0700] "GET /en?network=ATM189 HTTP/1.1" 200 5837 "-" "Mozilla/5.0 (compatible; YandexBot/3.0; +http://yandex.com/bots) AppleWebKit/537.36 (KHTML, like Gecko) Chrome/108.0.0.0" 81 **0/81117**
213.180.203.121 - - [05/Aug/2026:06:00:01 -0700] "GET /tafsir-mimpi-makam+tafsir-mimpi-lampu-merah+buku-tafsir-mimpi-bebek.html HTTP/1.1" 404 6603 "-" "Mozilla/5.0 (compatible; YandexBot/3.0; +http://yandex.com/bots) AppleWebKit/537.36 (KHTML, like Gecko) Chrome/108.0.0.0" 115 **0/115304**
213.180.203.3 - - [05/Aug/2026:06:00:28 -0700] "GET /en?network=ATTAPLAY HTTP/1.1" 200 5840 "-" "Mozilla/5.0 (compatible; YandexBot/3.0; +http://yandex.com/bots) AppleWebKit/537.36 (KHTML, like Gecko) Chrome/108.0.0.0" 91 **0/91895**
95.108.213.160 - - [05/Aug/2026:06:02:28 -0700] "GET /robots.txt HTTP/1.1" 404 6603 "-" "Mozilla/5.0 (compatible; YandexBot/3.0; +http://yandex.com/bots)" 60 **0/60373**
66.249.73.130 - - [05/Aug/2026:06:03:16 -0700] "GET /?prizes/98080238 HTTP/1.1" 302 462 "-" "Mozilla/5.0 (Linux; Android 6.0.1; Nexus 5X Build/MMB29P) AppleWebKit/537.36 (KHTML, like Gecko) Chrome/150.0.7871.186 Mobile Safari/537.36 (compatible; Googlebot/2.1; +http://www.google.com/bot.html)" 68 **0/68545**
66.249.73.131 - - [05/Aug/2026:06:03:17 -0700] "GET /en?prizes%2F98080238= HTTP/1.1" 200 5844 "-" "Mozilla/5.0 (Linux; Android 6.0.1; Nexus 5X Build/MMB29P) AppleWebKit/537.36 (KHTML, like Gecko) Chrome/150.0.7871.186 Mobile Safari/537.36 (compatible; Googlebot/2.1; +http://www.google.com/bot.html)" 68 **0/68288**
213.180.203.17 - - [05/Aug/2026:06:15:13 -0700] "GET /en?network=elang99 HTTP/1.1" 200 5835 "-" "Mozilla/5.0 (compatible; YandexBot/3.0; +http://yandex.com/bots) AppleWebKit/537.36 (KHTML, like Gecko) Chrome/108.0.0.0" 78 **0/78356**
66.249.65.37 - - [05/Aug/2026:06:15:34 -0700] "GET /?prizes/257624925 HTTP/1.1" 302 450 "-" "Mozilla/5.0 (Linux; Android 6.0.1; Nexus 5X Build/MMB29P) AppleWebKit/537.36 (KHTML, like Gecko) Chrome/150.0.7871.186 Mobile Safari/537.36 (compatible; Googlebot/2.1; +http://www.google.com/bot.html)" 60 **0/60735**
66.249.65.37 - - [05/Aug/2026:06:15:35 -0700] "GET /en?prizes%2F257624925= HTTP/1.1" 200 5842 "-" "Mozilla/5.0 (Linux; Android 6.0.1; Nexus 5X Build/MMB29P) AppleWebKit/537.36 (KHTML, like Gecko) Chrome/150.0.7871.186 Mobile Safari/537.36 (compatible; Googlebot/2.1; +http://www.google.com/bot.html)" 73 **0/73136**
66.249.65.39 - - [05/Aug/2026:06:23:20 -0700] "GET /?prizes/68975703 HTTP/1.1" 302 446 "-" "Mozilla/5.0 (Linux; Android 6.0.1; Nexus 5X Build/MMB29P) AppleWebKit/537.36 (KHTML, like Gecko) Chrome/150.0.7871.186 Mobile Safari/537.36 (compatible; Googlebot/2.1; +http://www.google.com/bot.html)" 66 **0/66378**
66.249.65.38 - - [05/Aug/2026:06:23:21 -0700] "GET /en?prizes%2F68975703= HTTP/1.1" 200 5841 "-" "Mozilla/5.0 (Linux; Android 6.0.1; Nexus 5X Build/MMB29P) AppleWebKit/537.36 (KHTML, like Gecko) Chrome/150.0.7871.186 Mobile Safari/537.36 (compatible; Googlebot/2.1; +http://www.google.com/bot.html)" 80 **0/80832**
66.249.73.131 - - [05/Aug/2026:06:25:25 -0700] "GET /?prizes/143951218 HTTP/1.1" 302 466 "-" "Mozilla/5.0 (Linux; Android 6.0.1; Nexus 5X Build/MMB29P) AppleWebKit/537.36 (KHTML, like Gecko) Chrome/150.0.7871.186 Mobile Safari/537.36 (compatible; Googlebot/2.1; +http://www.google.com/bot.html)" 61 **0/61685**
66.249.73.132 - - [05/Aug/2026:06:25:25 -0700] "GET /en?prizes%2F143951218= HTTP/1.1" 200 5843 "-" "Mozilla/5.0 (Linux; Android 6.0.1; Nexus 5X Build/MMB29P) AppleWebKit/537.36 (KHTML, like Gecko) Chrome/150.0.7871.186 Mobile Safari/537.36 (compatible; Googlebot/2.1; +http://www.google.com/bot.html)" 66 **0/66369**
66.249.65.39 - - [05/Aug/2026:06:27:45 -0700] "GET /?prizes/53570167 HTTP/1.1" 302 446 "-" "Mozilla/5.0 (Linux; Android 6.0.1; Nexus 5X Build/MMB29P) AppleWebKit/537.36 (KHTML, like Gecko) Chrome/150.0.7871.186 Mobile Safari/537.36 (compatible; Googlebot/2.1; +http://www.google.com/bot.html)" 67 **0/67017**
66.249.65.39 - - [05/Aug/2026:06:27:46 -0700] "GET /en?prizes%2F53570167= HTTP/1.1" 200 5839 "-" "Mozilla/5.0 (Linux; Android 6.0.1; Nexus 5X Build/MMB29P) AppleWebKit/537.36 (KHTML, like Gecko) Chrome/150.0.7871.186 Mobile Safari/537.36 (compatible; Googlebot/2.1; +http://www.google.com/bot.html)" 95 **0/95041**
144.76.32.241 - - [05/Aug/2026:06:38:21 -0700] "GET /robots.txt HTTP/1.1" 200 7017 "-" "Mozilla/5.0 (compatible; SERankingBacklinksBot/1.0; +https://seranking.com/backlinks-crawler)" 3 **0/3910**
144.76.32.241 - - [05/Aug/2026:06:38:22 -0700] "GET / HTTP/1.1" 200 7061 "-" "Mozilla/5.0 (compatible; SERankingBacklinksBot/1.0; +https://seranking.com/backlinks-crawler)" 12 **0/12038**
66.249.65.38 - - [05/Aug/2026:06:38:55 -0700] "GET /?prizes/125627329 HTTP/1.1" 302 450 "-" "Mozilla/5.0 (Linux; Android 6.0.1; Nexus 5X Build/MMB29P) AppleWebKit/537.36 (KHTML, like Gecko) Chrome/150.0.7871.186 Mobile Safari/537.36 (compatible; Googlebot/2.1; +http://www.google.com/bot.html)" 64 **0/64138**
66.249.65.37 - - [05/Aug/2026:06:38:55 -0700] "GET /en?prizes%2F125627329= HTTP/1.1" 200 5842 "-" "Mozilla/5.0 (Linux; Android 6.0.1; Nexus 5X Build/MMB29P) AppleWebKit/537.36 (KHTML, like Gecko) Chrome/150.0.7871.186 Mobile Safari/537.36 (compatible; Googlebot/2.1; +http://www.google.com/bot.html)" 72 **0/72223**
95.108.213.226 - - [05/Aug/2026:06:41:47 -0700] "GET /en?network=hiwin77 HTTP/1.1" 200 5833 "-" "Mozilla/5.0 (compatible; YandexBot/3.0; +http://yandex.com/bots) AppleWebKit/537.36 (KHTML, like Gecko) Chrome/108.0.0.0" 69 **0/69463**
66.249.73.131 - - [05/Aug/2026:06:55:56 -0700] "GET /?prizes/124652844 HTTP/1.1" 302 466 "-" "Mozilla/5.0 (Linux; Android 6.0.1; Nexus 5X Build/MMB29P) AppleWebKit/537.36 (KHTML, like Gecko) Chrome/150.0.7871.186 Mobile Safari/537.36 (compatible; Googlebot/2.1; +http://www.google.com/bot.html)" 890 **0/890898**
66.249.73.132 - - [05/Aug/2026:06:55:58 -0700] "GET /en?prizes%2F124652844= HTTP/1.1" 200 5838 "-" "Mozilla/5.0 (Linux; Android 6.0.1; Nexus 5X Build/MMB29P) AppleWebKit/537.36 (KHTML, like Gecko) Chrome/150.0.7871.186 Mobile Safari/537.36 (compatible; Googlebot/2.1; +http://www.google.com/bot.html)" 93 **0/93090**
213.180.203.111 - - [05/Aug/2026:07:03:51 -0700] "GET /en?network=ROMO88 HTTP/1.1" 200 5836 "-" "Mozilla/5.0 (compatible; YandexBot/3.0; +http://yandex.com/bots) AppleWebKit/537.36 (KHTML, like Gecko) Chrome/108.0.0.0" 79 **0/79253**
66.249.73.132 - - [05/Aug/2026:07:07:38 -0700] "GET /?prizes/283440177 HTTP/1.1" 302 466 "-" "Mozilla/5.0 (Linux; Android 6.0.1; Nexus 5X Build/MMB29P) AppleWebKit/537.36 (KHTML, like Gecko) Chrome/150.0.7871.186 Mobile Safari/537.36 (compatible; Googlebot/2.1; +http://www.google.com/bot.html)" 68 **0/68960**
66.249.73.132 - - [05/Aug/2026:07:07:39 -0700] "GET /en?prizes%2F283440177= HTTP/1.1" 200 5841 "-" "Mozilla/5.0 (Linux; Android 6.0.1; Nexus 5X Build/MMB29P) AppleWebKit/537.36 (KHTML, like Gecko) Chrome/150.0.7871.186 Mobile Safari/537.36 (compatible; Googlebot/2.1; +http://www.google.com/bot.html)" 66 **0/66664**
66.249.73.132 - - [05/Aug/2026:07:14:23 -0700] "GET /?prizes/171874046 HTTP/1.1" 302 466 "-" "Mozilla/5.0 (Linux; Android 6.0.1; Nexus 5X Build/MMB29P) AppleWebKit/537.36 (KHTML, like Gecko) Chrome/150.0.7871.186 Mobile Safari/537.36 (compatible; Googlebot/2.1; +http://www.google.com/bot.html)" 66 **0/66026**
66.249.73.130 - - [05/Aug/2026:07:14:24 -0700] "GET /en?prizes%2F171874046= HTTP/1.1" 200 5840 "-" "Mozilla/5.0 (Linux; Android 6.0.1; Nexus 5X Build/MMB29P) AppleWebKit/537.36 (KHTML, like Gecko) Chrome/150.0.7871.186 Mobile Safari/537.36 (compatible; Googlebot/2.1; +http://www.google.com/bot.html)" 68 **0/68537**
66.249.73.132 - - [05/Aug/2026:07:24:30 -0700] "GET /?prizes/173962723 HTTP/1.1" 302 466 "-" "Mozilla/5.0 (Linux; Android 6.0.1; Nexus 5X Build/MMB29P) AppleWebKit/537.36 (KHTML, like Gecko) Chrome/150.0.7871.186 Mobile Safari/537.36 (compatible; Googlebot/2.1; +http://www.google.com/bot.html)" 69 **0/69394**
66.249.73.130 - - [05/Aug/2026:07:24:31 -0700] "GET /en?prizes%2F173962723= HTTP/1.1" 200 5843 "-" "Mozilla/5.0 (Linux; Android 6.0.1; Nexus 5X Build/MMB29P) AppleWebKit/537.36 (KHTML, like Gecko) Chrome/150.0.7871.186 Mobile Safari/537.36 (compatible; Googlebot/2.1; +http://www.google.com/bot.html)" 69 **0/69669**
66.249.73.130 - - [05/Aug/2026:07:27:29 -0700] "GET /?prizes/74874854 HTTP/1.1" 302 462 "-" "Mozilla/5.0 (Linux; Android 6.0.1; Nexus 5X Build/MMB29P) AppleWebKit/537.36 (KHTML, like Gecko) Chrome/150.0.7871.186 Mobile Safari/537.36 (compatible; Googlebot/2.1; +http://www.google.com/bot.html)" 63 **0/63932**
66.249.73.132 - - [05/Aug/2026:07:27:29 -0700] "GET /en?prizes%2F74874854= HTTP/1.1" 200 5840 "-" "Mozilla/5.0 (Linux; Android 6.0.1; Nexus 5X Build/MMB29P) AppleWebKit/537.36 (KHTML, like Gecko) Chrome/150.0.7871.186 Mobile Safari/537.36 (compatible; Googlebot/2.1; +http://www.google.com/bot.html)" 68 **0/68305**
66.249.65.38 - - [05/Aug/2026:07:29:41 -0700] "GET /?prizes/263309107 HTTP/1.1" 302 450 "-" "Mozilla/5.0 (Linux; Android 6.0.1; Nexus 5X Build/MMB29P) AppleWebKit/537.36 (KHTML, like Gecko) Chrome/150.0.7871.186 Mobile Safari/537.36 (compatible; Googlebot/2.1; +http://www.google.com/bot.html)" 61 **0/61696**
66.249.65.39 - - [05/Aug/2026:07:29:42 -0700] "GET /en?prizes%2F263309107= HTTP/1.1" 200 5841 "-" "Mozilla/5.0 (Linux; Android 6.0.1; Nexus 5X Build/MMB29P) AppleWebKit/537.36 (KHTML, like Gecko) Chrome/150.0.7871.186 Mobile Safari/537.36 (compatible; Googlebot/2.1; +http://www.google.com/bot.html)" 74 **0/74006**
66.249.73.131 - - [05/Aug/2026:07:30:30 -0700] "GET /ar?prizes%2F155472228= HTTP/1.1" 200 5851 "-" "Mozilla/5.0 (Linux; Android 6.0.1; Nexus 5X Build/MMB29P) AppleWebKit/537.36 (KHTML, like Gecko) Chrome/150.0.7871.186 Mobile Safari/537.36 (compatible; Googlebot/2.1; +http://www.google.com/bot.html)" 87 **0/87762**
69.171.231.24 - - [05/Aug/2026:07:35:28 -0700] "GET /robots.txt HTTP/2.0" 404 6603 "-" "facebookexternalhit/1.1 (+http://www.facebook.com/externalhit_uatext.php)" 63 **0/63025**
66.249.65.37 - - [05/Aug/2026:07:44:01 -0700] "GET /?prizes/99678288 HTTP/1.1" 302 446 "-" "Mozilla/5.0 (Linux; Android 6.0.1; Nexus 5X Build/MMB29P) AppleWebKit/537.36 (KHTML, like Gecko) Chrome/150.0.7871.186 Mobile Safari/537.36 (compatible; Googlebot/2.1; +http://www.google.com/bot.html)" 76 **0/76836**
66.249.65.37 - - [05/Aug/2026:07:44:02 -0700] "GET /en?prizes%2F99678288= HTTP/1.1" 200 5839 "-" "Mozilla/5.0 (Linux; Android 6.0.1; Nexus 5X Build/MMB29P) AppleWebKit/537.36 (KHTML, like Gecko) Chrome/150.0.7871.186 Mobile Safari/537.36 (compatible; Googlebot/2.1; +http://www.google.com/bot.html)" 74 **0/74325**
95.108.213.240 - - [05/Aug/2026:07:44:47 -0700] "GET /en?network=WIN77 HTTP/1.1" 200 5836 "-" "Mozilla/5.0 (compatible; YandexBot/3.0; +http://yandex.com/bots) AppleWebKit/537.36 (KHTML, like Gecko) Chrome/108.0.0.0" 80 **0/80458**
66.132.195.97 - - [05/Aug/2026:07:51:38 -0700] "GET / HTTP/1.1" 200 7037 "-" "Mozilla/5.0 (compatible; CensysInspect/1.1; +https://about.censys.io/)" 3 **0/3255**
66.249.73.132 - - [05/Aug/2026:07:57:13 -0700] "GET /?prizes/310232389 HTTP/1.1" 302 466 "-" "Mozilla/5.0 (Linux; Android 6.0.1; Nexus 5X Build/MMB29P) AppleWebKit/537.36 (KHTML, like Gecko) Chrome/150.0.7871.186 Mobile Safari/537.36 (compatible; Googlebot/2.1; +http://www.google.com/bot.html)" 837 **0/837368**
66.249.73.131 - - [05/Aug/2026:07:57:13 -0700] "GET /?prizes/192242167 HTTP/1.1" 302 466 "-" "Mozilla/5.0 (Linux; Android 6.0.1; Nexus 5X Build/MMB29P) AppleWebKit/537.36 (KHTML, like Gecko) Chrome/150.0.7871.186 Mobile Safari/537.36 (compatible; Googlebot/2.1; +http://www.google.com/bot.html)" 53 **0/53957**
66.249.73.131 - - [05/Aug/2026:07:57:15 -0700] "GET /en?prizes%2F310232389= HTTP/1.1" 200 5842 "-" "Mozilla/5.0 (Linux; Android 6.0.1; Nexus 5X Build/MMB29P) AppleWebKit/537.36 (KHTML, like Gecko) Chrome/150.0.7871.186 Mobile Safari/537.36 (compatible; Googlebot/2.1; +http://www.google.com/bot.html)" 83 **0/83776**
66.249.73.130 - - [05/Aug/2026:07:57:16 -0700] "GET /en?prizes%2F192242167= HTTP/1.1" 200 5843 "-" "Mozilla/5.0 (Linux; Android 6.0.1; Nexus 5X Build/MMB29P) AppleWebKit/537.36 (KHTML, like Gecko) Chrome/150.0.7871.186 Mobile Safari/537.36 (compatible; Googlebot/2.1; +http://www.google.com/bot.html)" 79 **0/79067**
87.250.224.219 - - [05/Aug/2026:08:02:28 -0700] "GET /robots.txt HTTP/1.1" 404 6603 "-" "Mozilla/5.0 (compatible; YandexBot/3.0; +http://yandex.com/bots)" 68 **0/68588**
66.249.65.37 - - [05/Aug/2026:08:03:35 -0700] "GET /?prizes/269292288 HTTP/1.1" 302 450 "-" "Mozilla/5.0 (Linux; Android 6.0.1; Nexus 5X Build/MMB29P) AppleWebKit/537.36 (KHTML, like Gecko) Chrome/150.0.7871.186 Mobile Safari/537.36 (compatible; Googlebot/2.1; +http://www.google.com/bot.html)" 64 **0/64906**
66.249.65.39 - - [05/Aug/2026:08:03:36 -0700] "GET /en?prizes%2F269292288= HTTP/1.1" 200 5839 "-" "Mozilla/5.0 (Linux; Android 6.0.1; Nexus 5X Build/MMB29P) AppleWebKit/537.36 (KHTML, like Gecko) Chrome/150.0.7871.186 Mobile Safari/537.36 (compatible; Googlebot/2.1; +http://www.google.com/bot.html)" 67 **0/67002**
66.249.65.38 - - [05/Aug/2026:08:06:38 -0700] "GET /?prizes/88971228 HTTP/1.1" 302 446 "-" "Mozilla/5.0 (Linux; Android 6.0.1; Nexus 5X Build/MMB29P) AppleWebKit/537.36 (KHTML, like Gecko) Chrome/150.0.7871.186 Mobile Safari/537.36 (compatible; Googlebot/2.1; +http://www.google.com/bot.html)" 59 **0/59166**
66.249.65.37 - - [05/Aug/2026:08:06:39 -0700] "GET /en?prizes%2F88971228= HTTP/1.1" 200 5842 "-" "Mozilla/5.0 (Linux; Android 6.0.1; Nexus 5X Build/MMB29P) AppleWebKit/537.36 (KHTML, like Gecko) Chrome/150.0.7871.186 Mobile Safari/537.36 (compatible; Googlebot/2.1; +http://www.google.com/bot.html)" 100 **0/100019**
95.108.213.122 - - [05/Aug/2026:08:13:05 -0700] "GET /keluaran-gitar-hk+keluaran-hari-ini-hk+keluaran-hari-ini-hongkong.html HTTP/1.1" 404 6603 "-" "Mozilla/5.0 (compatible; YandexBot/3.0; +http://yandex.com/bots) AppleWebKit/537.36 (KHTML, like Gecko) Chrome/108.0.0.0" 61 **0/61343**
95.108.213.95 - - [05/Aug/2026:08:16:39 -0700] "GET /en?network=nasibet HTTP/1.1" 200 5835 "-" "Mozilla/5.0 (compatible; YandexBot/3.0; +http://yandex.com/bots) AppleWebKit/537.36 (KHTML, like Gecko) Chrome/108.0.0.0" 77 **0/77648**
66.249.73.131 - - [05/Aug/2026:08:18:07 -0700] "GET /en?prizes%2F269691006= HTTP/1.1" 200 5841 "-" "Mozilla/5.0 (Linux; Android 6.0.1; Nexus 5X Build/MMB29P) AppleWebKit/537.36 (KHTML, like Gecko) Chrome/150.0.7871.186 Mobile Safari/537.36 (compatible; Googlebot/2.1; +http://www.google.com/bot.html)" 75 **0/75584**
181.115.61.12 - - [05/Aug/2026:08:23:26 -0700] "GET / HTTP/1.1" 302 370 "https://semalt.com/" "Mozilla/5.0 (Windows NT 6.1; Win64; x64) AppleWebKit/537.36 (KHTML, like Gecko) Chrome/97.0.4692.71 Safari/537.36" 67 **0/67406**
181.115.61.12 - - [05/Aug/2026:08:23:27 -0700] "GET /en HTTP/1.1" 200 5821 "https://semalt.com/" "Mozilla/5.0 (Windows NT 6.1; Win64; x64) AppleWebKit/537.36 (KHTML, like Gecko) Chrome/97.0.4692.71 Safari/537.36" 70 **0/70842**
181.115.61.12 - - [05/Aug/2026:08:23:27 -0700] "GET /admin/plugins/material/css/materialdesignicons.min.css HTTP/1.1" 200 25784 "https://alsheikh-company.com/en" "Mozilla/5.0 (Windows NT 6.1; Win64; x64) AppleWebKit/537.36 (KHTML, like Gecko) Chrome/97.0.4692.71 Safari/537.36" 12 **0/12672**
181.115.61.12 - - [05/Aug/2026:08:23:27 -0700] "GET /assets/css/style.css HTTP/1.1" 200 1122 "https://alsheikh-company.com/en" "Mozilla/5.0 (Windows NT 6.1; Win64; x64) AppleWebKit/537.36 (KHTML, like Gecko) Chrome/97.0.4692.71 Safari/537.36" 8 **0/8936**
66.249.73.131 - - [05/Aug/2026:08:30:00 -0700] "GET /?prizes/93081066 HTTP/1.1" 302 462 "-" "Mozilla/5.0 (Linux; Android 6.0.1; Nexus 5X Build/MMB29P) AppleWebKit/537.36 (KHTML, like Gecko) Chrome/150.0.7871.186 Mobile Safari/537.36 (compatible; Googlebot/2.1; +http://www.google.com/bot.html)" 72 **0/72418**
66.249.73.130 - - [05/Aug/2026:08:30:01 -0700] "GET /en?prizes%2F93081066= HTTP/1.1" 200 5844 "-" "Mozilla/5.0 (Linux; Android 6.0.1; Nexus 5X Build/MMB29P) AppleWebKit/537.36 (KHTML, like Gecko) Chrome/150.0.7871.186 Mobile Safari/537.36 (compatible; Googlebot/2.1; +http://www.google.com/bot.html)" 107 **0/107296**
66.249.73.131 - - [05/Aug/2026:08:35:17 -0700] "GET /ar?prizes%2F190778218= HTTP/1.1" 200 5852 "-" "Mozilla/5.0 (Linux; Android 6.0.1; Nexus 5X Build/MMB29P) AppleWebKit/537.36 (KHTML, like Gecko) Chrome/150.0.7871.186 Mobile Safari/537.36 (compatible; Googlebot/2.1; +http://www.google.com/bot.html)" 89 **0/89361**
66.249.73.130 - - [05/Aug/2026:08:41:21 -0700] "GET /en?prizes%2F253419884%20%20%20%20%20%20%20%20%20%20%20%20%20%20%20%20%20%20%20%20%20%20%20%20%20%20%20%20%20%20%20%20class= HTTP/1.1" 200 5853 "-" "Mozilla/5.0 (Linux; Android 6.0.1; Nexus 5X Build/MMB29P) AppleWebKit/537.36 (KHTML, like Gecko) Chrome/150.0.7871.186 Mobile Safari/537.36 (compatible; Googlebot/2.1; +http://www.google.com/bot.html)" 114 **0/114224**
66.249.73.130 - - [05/Aug/2026:08:41:23 -0700] "GET /?prizes/103230147 HTTP/1.1" 302 466 "-" "Mozilla/5.0 (Linux; Android 6.0.1; Nexus 5X Build/MMB29P) AppleWebKit/537.36 (KHTML, like Gecko) Chrome/150.0.7871.186 Mobile Safari/537.36 (compatible; Googlebot/2.1; +http://www.google.com/bot.html)" 62 **0/62332**
66.249.73.132 - - [05/Aug/2026:08:41:23 -0700] "GET /en?prizes%2F103230147= HTTP/1.1" 200 5843 "-" "Mozilla/5.0 (Linux; Android 6.0.1; Nexus 5X Build/MMB29P) AppleWebKit/537.36 (KHTML, like Gecko) Chrome/150.0.7871.186 Mobile Safari/537.36 (compatible; Googlebot/2.1; +http://www.google.com/bot.html)" 93 **0/93359**
66.249.73.132 - - [05/Aug/2026:08:44:40 -0700] "GET /?prizes/285224763 HTTP/1.1" 302 466 "-" "Mozilla/5.0 (Linux; Android 6.0.1; Nexus 5X Build/MMB29P) AppleWebKit/537.36 (KHTML, like Gecko) Chrome/150.0.7871.186 Mobile Safari/537.36 (compatible; Googlebot/2.1; +http://www.google.com/bot.html)" 66 **0/66829**
66.249.73.132 - - [05/Aug/2026:08:44:41 -0700] "GET /en?prizes%2F285224763= HTTP/1.1" 200 5844 "-" "Mozilla/5.0 (Linux; Android 6.0.1; Nexus 5X Build/MMB29P) AppleWebKit/537.36 (KHTML, like Gecko) Chrome/150.0.7871.186 Mobile Safari/537.36 (compatible; Googlebot/2.1; +http://www.google.com/bot.html)" 75 **0/75342**
66.249.73.132 - - [05/Aug/2026:08:45:49 -0700] "GET /?prizes/212932268 HTTP/1.1" 302 466 "-" "Mozilla/5.0 (Linux; Android 6.0.1; Nexus 5X Build/MMB29P) AppleWebKit/537.36 (KHTML, like Gecko) Chrome/150.0.7871.186 Mobile Safari/537.36 (compatible; Googlebot/2.1; +http://www.google.com/bot.html)" 68 **0/68291**
66.249.73.130 - - [05/Aug/2026:08:45:50 -0700] "GET /en?prizes%2F212932268= HTTP/1.1" 200 5843 "-" "Mozilla/5.0 (Linux; Android 6.0.1; Nexus 5X Build/MMB29P) AppleWebKit/537.36 (KHTML, like Gecko) Chrome/150.0.7871.186 Mobile Safari/537.36 (compatible; Googlebot/2.1; +http://www.google.com/bot.html)" 73 **0/73271**
66.249.73.132 - - [05/Aug/2026:08:50:49 -0700] "GET /?prizes/271238985 HTTP/1.1" 302 466 "-" "Mozilla/5.0 (Linux; Android 6.0.1; Nexus 5X Build/MMB29P) AppleWebKit/537.36 (KHTML, like Gecko) Chrome/150.0.7871.186 Mobile Safari/537.36 (compatible; Googlebot/2.1; +http://www.google.com/bot.html)" 66 **0/66600**
66.249.73.132 - - [05/Aug/2026:08:50:50 -0700] "GET /en?prizes%2F271238985= HTTP/1.1" 200 5842 "-" "Mozilla/5.0 (Linux; Android 6.0.1; Nexus 5X Build/MMB29P) AppleWebKit/537.36 (KHTML, like Gecko) Chrome/150.0.7871.186 Mobile Safari/537.36 (compatible; Googlebot/2.1; +http://www.google.com/bot.html)" 75 **0/75791**
95.108.213.240 - - [05/Aug/2026:08:55:07 -0700] "GET /en?network=interwin365 HTTP/1.1" 200 5838 "-" "Mozilla/5.0 (compatible; YandexBot/3.0; +http://yandex.com/bots) AppleWebKit/537.36 (KHTML, like Gecko) Chrome/108.0.0.0" 88 **0/88158**
213.180.203.186 - - [05/Aug/2026:08:56:57 -0700] "GET /en?network=tga1412 HTTP/1.1" 200 5832 "-" "Mozilla/5.0 (compatible; YandexBot/3.0; +http://yandex.com/bots) AppleWebKit/537.36 (KHTML, like Gecko) Chrome/108.0.0.0" 79 **0/79984**
66.249.73.130 - - [05/Aug/2026:08:57:22 -0700] "GET /?prizes/123067046 HTTP/1.1" 302 466 "-" "Mozilla/5.0 (Linux; Android 6.0.1; Nexus 5X Build/MMB29P) AppleWebKit/537.36 (KHTML, like Gecko) Chrome/150.0.7871.186 Mobile Safari/537.36 (compatible; Googlebot/2.1; +http://www.google.com/bot.html)" 73 **0/73800**
66.249.73.132 - - [05/Aug/2026:08:57:23 -0700] "GET /en?prizes%2F123067046= HTTP/1.1" 200 5843 "-" "Mozilla/5.0 (Linux; Android 6.0.1; Nexus 5X Build/MMB29P) AppleWebKit/537.36 (KHTML, like Gecko) Chrome/150.0.7871.186 Mobile Safari/537.36 (compatible; Googlebot/2.1; +http://www.google.com/bot.html)" 83 **0/83084**
213.180.203.121 - - [05/Aug/2026:09:06:00 -0700] "GET /tafsir-mimpi-ketemu-mantan-istri+tafsir-mimpi-jangkrik+2d-bergambar-tafsir-mimpi-berkelahi.html HTTP/1.1" 404 6603 "-" "Mozilla/5.0 (compatible; YandexBot/3.0; +http://yandex.com/bots) AppleWebKit/537.36 (KHTML, like Gecko) Chrome/108.0.0.0" 62 **0/62122**
213.180.203.14 - - [05/Aug/2026:09:06:00 -0700] "GET /tafsir-mimpi-ketemu-mantan-istri+tafsir-mimpi-jangkrik+2d-bergambar-tafsir-mimpi-berkelahi.html HTTP/1.1" 404 6603 "-" "Mozilla/5.0 (compatible; YandexBot/3.0; +http://yandex.com/bots) AppleWebKit/537.36 (KHTML, like Gecko) Chrome/108.0.0.0" 51 **0/51517**
5.255.231.23 - - [05/Aug/2026:09:06:00 -0700] "GET /tafsir-mimpi-ketemu-mantan-istri+tafsir-mimpi-jangkrik+2d-bergambar-tafsir-mimpi-berkelahi.html HTTP/1.1" 404 6603 "-" "Mozilla/5.0 (iPhone; CPU iPhone OS 18_7 like Mac OS X) AppleWebKit/605.1.15 (KHTML, like Gecko) Version/26.2 Mobile/15E148 Safari/604.1 (compatible; YandexBot/3.0; +http://yandex.com/bots)" 48 **0/48892**
213.180.203.17 - - [05/Aug/2026:09:13:53 -0700] "GET /en?network=fin88 HTTP/1.1" 200 5835 "-" "Mozilla/5.0 (compatible; YandexBot/3.0; +http://yandex.com/bots) AppleWebKit/537.36 (KHTML, like Gecko) Chrome/108.0.0.0" 90 **0/90256**
66.249.73.131 - - [05/Aug/2026:09:14:06 -0700] "GET /?prizes/221115309 HTTP/1.1" 302 466 "-" "Mozilla/5.0 (Linux; Android 6.0.1; Nexus 5X Build/MMB29P) AppleWebKit/537.36 (KHTML, like Gecko) Chrome/150.0.7871.186 Mobile Safari/537.36 (compatible; Googlebot/2.1; +http://www.google.com/bot.html)" 67 **0/67955**
66.249.73.130 - - [05/Aug/2026:09:14:07 -0700] "GET /en?prizes%2F221115309= HTTP/1.1" 200 5841 "-" "Mozilla/5.0 (Linux; Android 6.0.1; Nexus 5X Build/MMB29P) AppleWebKit/537.36 (KHTML, like Gecko) Chrome/150.0.7871.186 Mobile Safari/537.36 (compatible; Googlebot/2.1; +http://www.google.com/bot.html)" 61 **0/61139**
66.249.65.37 - - [05/Aug/2026:09:16:01 -0700] "GET /?prizes/187928460 HTTP/1.1" 302 450 "-" "Mozilla/5.0 (Linux; Android 6.0.1; Nexus 5X Build/MMB29P) AppleWebKit/537.36 (KHTML, like Gecko) Chrome/150.0.7871.186 Mobile Safari/537.36 (compatible; Googlebot/2.1; +http://www.google.com/bot.html)" 80 **0/80426**
66.249.65.37 - - [05/Aug/2026:09:16:02 -0700] "GET /en?prizes%2F187928460= HTTP/1.1" 200 5841 "-" "Mozilla/5.0 (Linux; Android 6.0.1; Nexus 5X Build/MMB29P) AppleWebKit/537.36 (KHTML, like Gecko) Chrome/150.0.7871.186 Mobile Safari/537.36 (compatible; Googlebot/2.1; +http://www.google.com/bot.html)" 93 **0/93799**
87.250.224.219 - - [05/Aug/2026:09:22:38 -0700] "GET /en?network=RAFI78 HTTP/1.1" 200 5837 "-" "Mozilla/5.0 (compatible; YandexBot/3.0; +http://yandex.com/bots) AppleWebKit/537.36 (KHTML, like Gecko) Chrome/108.0.0.0" 82 **0/82738**
87.250.224.219 - - [05/Aug/2026:09:23:46 -0700] "GET /en?network=rabutoto HTTP/1.1" 200 5838 "-" "Mozilla/5.0 (compatible; YandexBot/3.0; +http://yandex.com/bots) AppleWebKit/537.36 (KHTML, like Gecko) Chrome/108.0.0.0" 89 **0/89470**
66.249.73.130 - - [05/Aug/2026:09:24:01 -0700] "GET /?prizes/175097733 HTTP/1.1" 302 466 "-" "Mozilla/5.0 (Linux; Android 6.0.1; Nexus 5X Build/MMB29P) AppleWebKit/537.36 (KHTML, like Gecko) Chrome/150.0.7871.186 Mobile Safari/537.36 (compatible; Googlebot/2.1; +http://www.google.com/bot.html)" 73 **0/73034**
66.249.73.132 - - [05/Aug/2026:09:24:01 -0700] "GET /en?prizes%2F175097733= HTTP/1.1" 200 5844 "-" "Mozilla/5.0 (Linux; Android 6.0.1; Nexus 5X Build/MMB29P) AppleWebKit/537.36 (KHTML, like Gecko) Chrome/150.0.7871.186 Mobile Safari/537.36 (compatible; Googlebot/2.1; +http://www.google.com/bot.html)" 90 **0/90791**
203.188.171.53 - - [05/Aug/2026:09:24:13 -0700] "GET /.env HTTP/1.1" 403 10881 "-" "Mozilla/5.0 (Linux; U; Android 4.4.2; en-US; HM NOTE 1W Build/KOT49H) AppleWebKit/534.30 (KHTML, like Gecko) Version/4.0 UCBrowser/11.0.5.850 U3/0.8.0 Mobile Safari/534.30" 3 **0/3380**
203.188.171.53 - - [05/Aug/2026:09:24:13 -0700] "POST / HTTP/1.1" 200 7020 "-" "Mozilla/5.0 (Linux; U; Android 4.4.2; en-US; HM NOTE 1W Build/KOT49H) AppleWebKit/534.30 (KHTML, like Gecko) Version/4.0 UCBrowser/11.0.5.850 U3/0.8.0 Mobile Safari/534.30" 3 **0/3370**
213.180.203.121 - - [05/Aug/2026:09:28:06 -0700] "GET /en?network=KIOS88 HTTP/1.1" 200 5838 "-" "Mozilla/5.0 (compatible; YandexBot/3.0; +http://yandex.com/bots) AppleWebKit/537.36 (KHTML, like Gecko) Chrome/108.0.0.0" 90 **0/90953**
140.213.13.235 - - [05/Aug/2026:09:34:14 -0700] "POST /xmlrpc.php HTTP/1.1" 404 6603 "-" "Mozilla/5.0 (Macintosh; Intel Mac OS X 10_15_7; arm64) AppleWebKit/537.36 (KHTML, like Gecko) Edge/85.0.0.0 Safari/537.36" 71 **0/71413**
157.100.104.19 - - [05/Aug/2026:09:43:28 -0700] "GET / HTTP/1.1" 302 370 "https://semalt.com/" "Mozilla/5.0 (Windows NT 6.1; Win64; x64) AppleWebKit/537.36 (KHTML, like Gecko) Chrome/97.0.4692.71 Safari/537.36" 67 **0/67374**
157.100.104.19 - - [05/Aug/2026:09:43:28 -0700] "GET /en HTTP/1.1" 200 5826 "https://semalt.com/" "Mozilla/5.0 (Windows NT 6.1; Win64; x64) AppleWebKit/537.36 (KHTML, like Gecko) Chrome/97.0.4692.71 Safari/537.36" 73 **0/73245**
157.100.104.19 - - [05/Aug/2026:09:43:28 -0700] "GET /admin/plugins/material/css/materialdesignicons.min.css HTTP/1.1" 200 25784 "https://alsheikh-company.com/en" "Mozilla/5.0 (Windows NT 6.1; Win64; x64) AppleWebKit/537.36 (KHTML, like Gecko) Chrome/97.0.4692.71 Safari/537.36" 13 **0/13761**
157.100.104.19 - - [05/Aug/2026:09:43:29 -0700] "GET /assets/css/style.css HTTP/1.1" 200 1122 "https://alsheikh-company.com/en" "Mozilla/5.0 (Windows NT 6.1; Win64; x64) AppleWebKit/537.36 (KHTML, like Gecko) Chrome/97.0.4692.71 Safari/537.36" 9 **0/9025**
157.100.104.19 - - [05/Aug/2026:09:43:29 -0700] "GET /assets/images/logobg.png HTTP/1.1" 200 25657 "https://alsheikh-company.com/en" "Mozilla/5.0 (Windows NT 6.1; Win64; x64) AppleWebKit/537.36 (KHTML, like Gecko) Chrome/97.0.4692.71 Safari/537.36" 9 **0/9694**
157.100.104.19 - - [05/Aug/2026:09:43:29 -0700] "GET /fonts/Avenir%20Regular.ttf HTTP/1.1" 200 52492 "https://alsheikh-company.com/en" "Mozilla/5.0 (Windows NT 6.1; Win64; x64) AppleWebKit/537.36 (KHTML, like Gecko) Chrome/97.0.4692.71 Safari/537.36" 9 **0/9764**
157.100.104.19 - - [05/Aug/2026:09:43:30 -0700] "GET /uploads/category/image/1729956802.jpg HTTP/1.1" 404 6603 "https://alsheikh-company.com/en" "Mozilla/5.0 (Windows NT 6.1; Win64; x64) AppleWebKit/537.36 (KHTML, like Gecko) Chrome/97.0.4692.71 Safari/537.36" 48 **0/48703**
157.100.104.19 - - [05/Aug/2026:09:43:30 -0700] "GET /uploads/product/image/1729957295.jpg HTTP/1.1" 404 6603 "https://alsheikh-company.com/en" "Mozilla/5.0 (Windows NT 6.1; Win64; x64) AppleWebKit/537.36 (KHTML, like Gecko) Chrome/97.0.4692.71 Safari/537.36" 50 **0/50189**
157.100.104.19 - - [05/Aug/2026:09:43:30 -0700] "GET / HTTP/1.1" 302 370 "https://alsheikh-company.com/en" "Mozilla/5.0 (Windows NT 6.1; Win64; x64) AppleWebKit/537.36 (KHTML, like Gecko) Chrome/97.0.4692.71 Safari/537.36" 53 **0/53888**
157.100.104.19 - - [05/Aug/2026:09:43:30 -0700] "GET /uploads/product/image/1760873586.jpg HTTP/1.1" 200 181378 "https://alsheikh-company.com/en" "Mozilla/5.0 (Windows NT 6.1; Win64; x64) AppleWebKit/537.36 (KHTML, like Gecko) Chrome/97.0.4692.71 Safari/537.36" 264 **0/264008**
157.100.104.19 - - [05/Aug/2026:09:43:30 -0700] "GET /en HTTP/1.1" 200 5826 "https://alsheikh-company.com/en" "Mozilla/5.0 (Windows NT 6.1; Win64; x64) AppleWebKit/537.36 (KHTML, like Gecko) Chrome/97.0.4692.71 Safari/537.36" 61 **0/61505**
157.100.104.19 - - [05/Aug/2026:09:43:30 -0700] "GET /uploads/category/image/1766487327.webp HTTP/1.1" 200 172294 "https://alsheikh-company.com/en" "Mozilla/5.0 (Windows NT 6.1; Win64; x64) AppleWebKit/537.36 (KHTML, like Gecko) Chrome/97.0.4692.71 Safari/537.36" 267 **0/267840**
157.100.104.19 - - [05/Aug/2026:09:43:29 -0700] "GET /uploads/product/image/1760876987.jpg HTTP/1.1" 200 7228770 "https://alsheikh-company.com/en" "Mozilla/5.0 (Windows NT 6.1; Win64; x64) AppleWebKit/537.36 (KHTML, like Gecko) Chrome/97.0.4692.71 Safari/537.36" 795 **0/795286**
157.100.104.19 - - [05/Aug/2026:09:43:30 -0700] "GET /uploads/product/image/1760876925.jpg HTTP/1.1" 200 8403525 "https://alsheikh-company.com/en" "Mozilla/5.0 (Windows NT 6.1; Win64; x64) AppleWebKit/537.36 (KHTML, like Gecko) Chrome/97.0.4692.71 Safari/537.36" 704 **0/704847**
157.100.104.19 - - [05/Aug/2026:09:43:30 -0700] "GET /uploads/product/image/1760876648.jpg HTTP/1.1" 200 10267867 "https://alsheikh-company.com/en" "Mozilla/5.0 (Windows NT 6.1; Win64; x64) AppleWebKit/537.36 (KHTML, like Gecko) Chrome/97.0.4692.71 Safari/537.36" 1138 **1/1138790**
66.249.65.37 - - [05/Aug/2026:09:55:34 -0700] "GET /?prizes/109454874 HTTP/1.1" 302 450 "-" "Mozilla/5.0 (Linux; Android 6.0.1; Nexus 5X Build/MMB29P) AppleWebKit/537.36 (KHTML, like Gecko) Chrome/150.0.7871.186 Mobile Safari/537.36 (compatible; Googlebot/2.1; +http://www.google.com/bot.html)" 862 **0/862373**
66.249.65.39 - - [05/Aug/2026:09:55:35 -0700] "GET /en?prizes%2F109454874= HTTP/1.1" 200 5839 "-" "Mozilla/5.0 (Linux; Android 6.0.1; Nexus 5X Build/MMB29P) AppleWebKit/537.36 (KHTML, like Gecko) Chrome/150.0.7871.186 Mobile Safari/537.36 (compatible; Googlebot/2.1; +http://www.google.com/bot.html)" 83 **0/83756**
87.250.224.246 - - [05/Aug/2026:09:57:03 -0700] "GET /en?network=uplive HTTP/1.1" 200 5834 "-" "Mozilla/5.0 (compatible; YandexBot/3.0; +http://yandex.com/bots) AppleWebKit/537.36 (KHTML, like Gecko) Chrome/108.0.0.0" 79 **0/79472**
213.180.203.13 - - [05/Aug/2026:10:02:28 -0700] "GET /robots.txt HTTP/1.1" 404 6603 "-" "Mozilla/5.0 (compatible; YandexBot/3.0; +http://yandex.com/bots)" 62 **0/62021**
66.249.73.131 - - [05/Aug/2026:10:07:24 -0700] "GET /?prizes/235906783%20%20%20%20%20%20%20%20%20%20%20%20%20%20%20%20%20%20%20%20%20%20%20%20%20%20%20%20%20%20%20%20class= HTTP/1.1" 302 870 "-" "Mozilla/5.0 (Linux; Android 6.0.1; Nexus 5X Build/MMB29P) AppleWebKit/537.36 (KHTML, like Gecko) Chrome/150.0.7871.186 Mobile Safari/537.36 (compatible; Googlebot/2.1; +http://www.google.com/bot.html)" 64 **0/64972**
66.249.73.131 - - [05/Aug/2026:10:07:24 -0700] "GET /en?prizes%2F235906783%20%20%20%20%20%20%20%20%20%20%20%20%20%20%20%20%20%20%20%20%20%20%20%20%20%20%20%20%20%20%20%20class= HTTP/1.1" 200 5853 "-" "Mozilla/5.0 (Linux; Android 6.0.1; Nexus 5X Build/MMB29P) AppleWebKit/537.36 (KHTML, like Gecko) Chrome/150.0.7871.186 Mobile Safari/537.36 (compatible; Googlebot/2.1; +http://www.google.com/bot.html)" 71 **0/71971**
52.167.144.25 - - [05/Aug/2026:10:13:36 -0700] "GET /shop/goods/search?search=x&keyword=2027 HTTP/2.0" 404 6603 "-" "Mozilla/5.0 AppleWebKit/537.36 (KHTML, like Gecko; compatible; bingbot/2.0; +http://www.bing.com/bingbot.htm) Chrome/116.0.1938.76 Safari/537.36" 62 **0/62787**
66.249.65.39 - - [05/Aug/2026:10:17:35 -0700] "GET /?prizes/38064632 HTTP/1.1" 302 446 "-" "Mozilla/5.0 (Linux; Android 6.0.1; Nexus 5X Build/MMB29P) AppleWebKit/537.36 (KHTML, like Gecko) Chrome/150.0.7871.186 Mobile Safari/537.36 (compatible; Googlebot/2.1; +http://www.google.com/bot.html)" 82 **0/82565**
66.249.65.37 - - [05/Aug/2026:10:17:36 -0700] "GET /en?prizes%2F38064632= HTTP/1.1" 200 5842 "-" "Mozilla/5.0 (Linux; Android 6.0.1; Nexus 5X Build/MMB29P) AppleWebKit/537.36 (KHTML, like Gecko) Chrome/150.0.7871.186 Mobile Safari/537.36 (compatible; Googlebot/2.1; +http://www.google.com/bot.html)" 85 **0/85711**
66.249.73.132 - - [05/Aug/2026:10:17:46 -0700] "GET /?prizes/194065238 HTTP/1.1" 302 466 "-" "Mozilla/5.0 (Linux; Android 6.0.1; Nexus 5X Build/MMB29P) AppleWebKit/537.36 (KHTML, like Gecko) Chrome/150.0.7871.186 Mobile Safari/537.36 (compatible; Googlebot/2.1; +http://www.google.com/bot.html)" 68 **0/68038**
66.249.73.131 - - [05/Aug/2026:10:17:46 -0700] "GET /en?prizes%2F194065238= HTTP/1.1" 200 5843 "-" "Mozilla/5.0 (Linux; Android 6.0.1; Nexus 5X Build/MMB29P) AppleWebKit/537.36 (KHTML, like Gecko) Chrome/150.0.7871.186 Mobile Safari/537.36 (compatible; Googlebot/2.1; +http://www.google.com/bot.html)" 79 **0/79308**
213.180.203.27 - - [05/Aug/2026:10:23:17 -0700] "GET /en?network=INTER33 HTTP/1.1" 200 5838 "-" "Mozilla/5.0 (compatible; YandexBot/3.0; +http://yandex.com/bots) AppleWebKit/537.36 (KHTML, like Gecko) Chrome/108.0.0.0" 83 **0/83361**
87.250.224.202 - - [05/Aug/2026:10:29:44 -0700] "GET /?network=CGK77 HTTP/1.1" 302 426 "-" "Mozilla/5.0 (compatible; YandexBot/3.0; +http://yandex.com/bots) AppleWebKit/537.36 (KHTML, like Gecko) Chrome/108.0.0.0" 76 **0/76555**
5.255.231.130 - - [05/Aug/2026:10:29:46 -0700] "GET /en?network=CGK77 HTTP/1.1" 200 5835 "-" "Mozilla/5.0 (compatible; YandexBot/3.0; +http://yandex.com/bots) AppleWebKit/537.36 (KHTML, like Gecko) Chrome/108.0.0.0" 74 **0/74718**
66.249.65.37 - - [05/Aug/2026:10:31:40 -0700] "GET /?prizes/125387460 HTTP/1.1" 302 450 "-" "Mozilla/5.0 (Linux; Android 6.0.1; Nexus 5X Build/MMB29P) AppleWebKit/537.36 (KHTML, like Gecko) Chrome/150.0.7871.186 Mobile Safari/537.36 (compatible; Googlebot/2.1; +http://www.google.com/bot.html)" 72 **0/72194**
66.249.65.37 - - [05/Aug/2026:10:31:40 -0700] "GET /en?prizes%2F125387460= HTTP/1.1" 200 5842 "-" "Mozilla/5.0 (Linux; Android 6.0.1; Nexus 5X Build/MMB29P) AppleWebKit/537.36 (KHTML, like Gecko) Chrome/150.0.7871.186 Mobile Safari/537.36 (compatible; Googlebot/2.1; +http://www.google.com/bot.html)" 73 **0/73172**
66.249.65.37 - - [05/Aug/2026:10:32:45 -0700] "GET /ar/checkout HTTP/1.1" 200 3550 "-" "Mozilla/5.0 (Linux; Android 6.0.1; Nexus 5X Build/MMB29P) AppleWebKit/537.36 (KHTML, like Gecko) Chrome/150.0.7871.186 Mobile Safari/537.36 (compatible; Googlebot/2.1; +http://www.google.com/bot.html)" 75 **0/75976**
185.191.171.4 - - [05/Aug/2026:10:47:50 -0700] "GET /robots.txt HTTP/1.1" 404 6603 "-" "Mozilla/5.0 (compatible; SemrushBot/7~bl; +http://www.semrush.com/bot.html)" 843 **0/843734**
85.208.96.212 - - [05/Aug/2026:10:47:51 -0700] "GET /en/activities HTTP/1.1" 200 3222 "-" "Mozilla/5.0 (compatible; SemrushBot/7~bl; +http://www.semrush.com/bot.html)" 74 **0/74605**
87.250.224.224 - - [05/Aug/2026:10:49:53 -0700] "GET /en?network=CGK77 HTTP/1.1" 200 5834 "-" "Mozilla/5.0 (compatible; YandexBot/3.0; +http://yandex.com/bots) AppleWebKit/537.36 (KHTML, like Gecko) Chrome/108.0.0.0" 78 **0/78662**
213.180.203.121 - - [05/Aug/2026:10:50:15 -0700] "GET /en?network=banten88 HTTP/1.1" 200 5835 "-" "Mozilla/5.0 (compatible; YandexBot/3.0; +http://yandex.com/bots) AppleWebKit/537.36 (KHTML, like Gecko) Chrome/108.0.0.0" 99 **0/99087**
66.249.73.131 - - [05/Aug/2026:10:52:29 -0700] "GET /?prizes/301275713 HTTP/1.1" 302 466 "-" "Mozilla/5.0 (Linux; Android 6.0.1; Nexus 5X Build/MMB29P) AppleWebKit/537.36 (KHTML, like Gecko) Chrome/150.0.7871.186 Mobile Safari/537.36 (compatible; Googlebot/2.1; +http://www.google.com/bot.html)" 66 **0/66430**
66.249.73.130 - - [05/Aug/2026:10:52:29 -0700] "GET /en?prizes%2F301275713= HTTP/1.1" 200 5838 "-" "Mozilla/5.0 (Linux; Android 6.0.1; Nexus 5X Build/MMB29P) AppleWebKit/537.36 (KHTML, like Gecko) Chrome/150.0.7871.186 Mobile Safari/537.36 (compatible; Googlebot/2.1; +http://www.google.com/bot.html)" 69 **0/69332**
144.76.32.241 - - [05/Aug/2026:10:54:02 -0700] "GET /robots.txt HTTP/1.1" 200 7074 "-" "Mozilla/5.0 (compatible; SERankingBacklinksBot/1.0; +https://seranking.com/backlinks-crawler)" 3 **0/3848**
144.76.32.241 - - [05/Aug/2026:10:54:03 -0700] "GET /sitemap.xml HTTP/1.1" 200 7050 "-" "Mozilla/5.0 (compatible; SERankingBacklinksBot/1.0; +https://seranking.com/backlinks-crawler)" 7 **0/7059**
66.249.73.131 - - [05/Aug/2026:10:54:30 -0700] "GET /?prizes/154434177 HTTP/1.1" 302 466 "-" "Mozilla/5.0 (Linux; Android 6.0.1; Nexus 5X Build/MMB29P) AppleWebKit/537.36 (KHTML, like Gecko) Chrome/150.0.7871.186 Mobile Safari/537.36 (compatible; Googlebot/2.1; +http://www.google.com/bot.html)" 66 **0/66163**
66.249.73.132 - - [05/Aug/2026:10:54:30 -0700] "GET /en?prizes%2F154434177= HTTP/1.1" 200 5845 "-" "Mozilla/5.0 (Linux; Android 6.0.1; Nexus 5X Build/MMB29P) AppleWebKit/537.36 (KHTML, like Gecko) Chrome/150.0.7871.186 Mobile Safari/537.36 (compatible; Googlebot/2.1; +http://www.google.com/bot.html)" 77 **0/77104**
66.249.73.131 - - [05/Aug/2026:10:54:35 -0700] "GET /?prizes/209485046%20%20%20%20%20%20%20%20%20%20%20%20%20%20%20%20%20%20%20%20%20%20%20%20%20%20%20%20%20%20%20%20class= HTTP/1.1" 302 870 "-" "Mozilla/5.0 (Linux; Android 6.0.1; Nexus 5X Build/MMB29P) AppleWebKit/537.36 (KHTML, like Gecko) Chrome/150.0.7871.186 Mobile Safari/537.36 (compatible; Googlebot/2.1; +http://www.google.com/bot.html)" 69 **0/69701**
66.249.73.131 - - [05/Aug/2026:10:54:35 -0700] "GET /en?prizes%2F209485046%20%20%20%20%20%20%20%20%20%20%20%20%20%20%20%20%20%20%20%20%20%20%20%20%20%20%20%20%20%20%20%20class= HTTP/1.1" 200 5853 "-" "Mozilla/5.0 (Linux; Android 6.0.1; Nexus 5X Build/MMB29P) AppleWebKit/537.36 (KHTML, like Gecko) Chrome/150.0.7871.186 Mobile Safari/537.36 (compatible; Googlebot/2.1; +http://www.google.com/bot.html)" 66 **0/66206**
5.255.231.107 - - [05/Aug/2026:10:59:25 -0700] "GET /en?network=ego888 HTTP/1.1" 200 5838 "-" "Mozilla/5.0 (compatible; YandexBot/3.0; +http://yandex.com/bots) AppleWebKit/537.36 (KHTML, like Gecko) Chrome/108.0.0.0" 77 **0/77073**
147.135.213.170 - - [05/Aug/2026:11:00:46 -0700] "GET /robots.txt HTTP/1.1" 200 7085 "-" "Mozilla/5.0 (compatible; MJ12bot/v1.4.8; http://mj12bot.com/)" 2 **0/2797**
147.135.213.170 - - [05/Aug/2026:11:00:48 -0700] "GET /?network=voxy89 HTTP/1.1" 200 7144 "-" "Mozilla/5.0 (compatible; MJ12bot/v1.4.8; http://mj12bot.com/)" 3 **0/3136**
66.249.65.38 - - [05/Aug/2026:11:00:51 -0700] "GET /en?prizes%2F53570167= HTTP/1.1" 200 5840 "-" "Mozilla/5.0 (Linux; Android 6.0.1; Nexus 5X Build/MMB29P) AppleWebKit/537.36 (KHTML, like Gecko) Chrome/150.0.7871.186 Mobile Safari/537.36 (compatible; Googlebot/2.1; +http://www.google.com/bot.html)" 80 **0/80746**
66.249.73.131 - - [05/Aug/2026:11:03:01 -0700] "GET /?prizes/317775521 HTTP/1.1" 302 466 "-" "Mozilla/5.0 (Linux; Android 6.0.1; Nexus 5X Build/MMB29P) AppleWebKit/537.36 (KHTML, like Gecko) Chrome/150.0.7871.186 Mobile Safari/537.36 (compatible; Googlebot/2.1; +http://www.google.com/bot.html)" 75 **0/75320**
66.249.73.132 - - [05/Aug/2026:11:03:01 -0700] "GET /en?prizes%2F317775521= HTTP/1.1" 200 5844 "-" "Mozilla/5.0 (Linux; Android 6.0.1; Nexus 5X Build/MMB29P) AppleWebKit/537.36 (KHTML, like Gecko) Chrome/150.0.7871.186 Mobile Safari/537.36 (compatible; Googlebot/2.1; +http://www.google.com/bot.html)" 103 **0/103407**
66.249.73.132 - - [05/Aug/2026:11:20:03 -0700] "GET /?prizes/88604925 HTTP/1.1" 302 462 "-" "Mozilla/5.0 (Linux; Android 6.0.1; Nexus 5X Build/MMB29P) AppleWebKit/537.36 (KHTML, like Gecko) Chrome/150.0.7871.186 Mobile Safari/537.36 (compatible; Googlebot/2.1; +http://www.google.com/bot.html)" 87 **0/87786**
66.249.73.130 - - [05/Aug/2026:11:20:03 -0700] "GET /en?prizes%2F88604925= HTTP/1.1" 200 5843 "-" "Mozilla/5.0 (Linux; Android 6.0.1; Nexus 5X Build/MMB29P) AppleWebKit/537.36 (KHTML, like Gecko) Chrome/150.0.7871.186 Mobile Safari/537.36 (compatible; Googlebot/2.1; +http://www.google.com/bot.html)" 115 **0/115293**
104.210.140.128 - - [05/Aug/2026:11:25:46 -0700] "GET /robots.txt HTTP/2.0" 404 6603 "-" "Mozilla/5.0 (Macintosh; Intel Mac OS X 10_15_7) AppleWebKit/537.36 (KHTML, like Gecko) Chrome/131.0.0.0 Safari/537.36; compatible; OAI-SearchBot/1.0; +https://openai.com/searchbot" 68 **0/68772**
66.249.73.130 - - [05/Aug/2026:11:26:24 -0700] "GET /?prizes/207086985 HTTP/1.1" 302 466 "-" "Mozilla/5.0 (Linux; Android 6.0.1; Nexus 5X Build/MMB29P) AppleWebKit/537.36 (KHTML, like Gecko) Chrome/150.0.7871.186 Mobile Safari/537.36 (compatible; Googlebot/2.1; +http://www.google.com/bot.html)" 72 **0/72312**
66.249.73.132 - - [05/Aug/2026:11:26:25 -0700] "GET /en?prizes%2F207086985= HTTP/1.1" 200 5840 "-" "Mozilla/5.0 (Linux; Android 6.0.1; Nexus 5X Build/MMB29P) AppleWebKit/537.36 (KHTML, like Gecko) Chrome/150.0.7871.186 Mobile Safari/537.36 (compatible; Googlebot/2.1; +http://www.google.com/bot.html)" 68 **0/68634**
95.108.213.110 - - [05/Aug/2026:11:26:45 -0700] "GET /en?network=togel111 HTTP/1.1" 200 5838 "-" "Mozilla/5.0 (compatible; YandexBot/3.0; +http://yandex.com/bots) AppleWebKit/537.36 (KHTML, like Gecko) Chrome/108.0.0.0" 78 **0/78166**
95.108.213.131 - - [05/Aug/2026:11:31:23 -0700] "GET /en?network=masbet HTTP/1.1" 200 5834 "-" "Mozilla/5.0 (compatible; YandexBot/3.0; +http://yandex.com/bots) AppleWebKit/537.36 (KHTML, like Gecko) Chrome/108.0.0.0" 89 **0/89833**
57.141.18.6 - - [05/Aug/2026:11:37:13 -0700] "GET /sitemap.txt HTTP/2.0" 404 6603 "-" "Mozilla/5.0 (Windows NT 10.0; Win64; x64) AppleWebKit/537.36 (KHTML, like Gecko) Chrome/145.0.0.0 Safari/537.36 (compatible; meta-externalagent/1.1 (+https://developers.facebook.com/docs/sharing/webmasters/crawler))" 61 **0/61714**
66.249.73.131 - - [05/Aug/2026:11:39:46 -0700] "GET /?prizes/152502228 HTTP/1.1" 302 466 "-" "Mozilla/5.0 (Linux; Android 6.0.1; Nexus 5X Build/MMB29P) AppleWebKit/537.36 (KHTML, like Gecko) Chrome/150.0.7871.186 Mobile Safari/537.36 (compatible; Googlebot/2.1; +http://www.google.com/bot.html)" 65 **0/65487**
66.249.73.130 - - [05/Aug/2026:11:39:46 -0700] "GET /en?prizes%2F152502228= HTTP/1.1" 200 5843 "-" "Mozilla/5.0 (Linux; Android 6.0.1; Nexus 5X Build/MMB29P) AppleWebKit/537.36 (KHTML, like Gecko) Chrome/150.0.7871.186 Mobile Safari/537.36 (compatible; Googlebot/2.1; +http://www.google.com/bot.html)" 66 **0/66467**
66.249.65.37 - - [05/Aug/2026:11:41:38 -0700] "GET /?prizes/104901228 HTTP/1.1" 302 450 "-" "Mozilla/5.0 (Linux; Android 6.0.1; Nexus 5X Build/MMB29P) AppleWebKit/537.36 (KHTML, like Gecko) Chrome/150.0.7871.186 Mobile Safari/537.36 (compatible; Googlebot/2.1; +http://www.google.com/bot.html)" 66 **0/66828**
66.249.65.39 - - [05/Aug/2026:11:41:39 -0700] "GET /en?prizes%2F104901228= HTTP/1.1" 200 5843 "-" "Mozilla/5.0 (Linux; Android 6.0.1; Nexus 5X Build/MMB29P) AppleWebKit/537.36 (KHTML, like Gecko) Chrome/150.0.7871.186 Mobile Safari/537.36 (compatible; Googlebot/2.1; +http://www.google.com/bot.html)" 70 **0/70764**
66.249.65.39 - - [05/Aug/2026:11:43:32 -0700] "GET /ar?prizes%2F88390379= HTTP/1.1" 200 5840 "-" "Mozilla/5.0 (Linux; Android 6.0.1; Nexus 5X Build/MMB29P) AppleWebKit/537.36 (KHTML, like Gecko) Chrome/150.0.7871.186 Mobile Safari/537.36 (compatible; Googlebot/2.1; +http://www.google.com/bot.html)" 74 **0/74108**
66.249.73.132 - - [05/Aug/2026:11:48:03 -0700] "GET /?prizes/181691359 HTTP/1.1" 302 466 "-" "Mozilla/5.0 (Linux; Android 6.0.1; Nexus 5X Build/MMB29P) AppleWebKit/537.36 (KHTML, like Gecko) Chrome/150.0.7871.186 Mobile Safari/537.36 (compatible; Googlebot/2.1; +http://www.google.com/bot.html)" 70 **0/70860**
66.249.73.131 - - [05/Aug/2026:11:48:03 -0700] "GET /en?prizes%2F181691359= HTTP/1.1" 200 5845 "-" "Mozilla/5.0 (Linux; Android 6.0.1; Nexus 5X Build/MMB29P) AppleWebKit/537.36 (KHTML, like Gecko) Chrome/150.0.7871.186 Mobile Safari/537.36 (compatible; Googlebot/2.1; +http://www.google.com/bot.html)" 80 **0/80362**
